20.171.207.148 - - [17/Sep/2025:05:24:59 -0700] "GET /admin-post.php?path=//proc/self/root/proc/thread-self/root/proc/thread-self/root/proc/thread-self/root/proc/thread-self/root/proc/self/root/proc/thread-self/root/proc/thread-self/root/proc/self/root/proc/thread-self/root/proc/self/root/proc/thread-self/root/proc/self/root/proc/thread-self/cwd/admin/vendor/league/flysystem HTTP/2.0" 200 3272 "-" "Mozilla/5.0 AppleWebKit/537.36 (KHTML, like Gecko; compatible; GPTBot/1.2; +https://openai.com/gptbot)" 44 **0/44161**
20.171.207.148 - - [17/Sep/2025:05:25:01 -0700] "GET /admin-post.php?path=//proc/self/root/proc/thread-self/root/proc/thread-self/root/proc/thread-self/root/proc/thread-self/root/proc/self/root/proc/thread-self/root/proc/thread-self/root/proc/self/root/proc/thread-self/root/proc/self/root/proc/thread-self/root/proc/self/root/proc/thread-self/cwd/admin/vendor/league/config HTTP/2.0" 200 3204 "-" "Mozilla/5.0 AppleWebKit/537.36 (KHTML, like Gecko; compatible; GPTBot/1.2; +https://openai.com/gptbot)" 53 **0/53455**
20.171.207.148 - - [17/Sep/2025:05:25:02 -0700] "GET /admin-post.php?path=//proc/self/root/proc/thread-self/root/proc/thread-self/root/proc/thread-self/root/proc/thread-self/root/proc/self/root/proc/thread-self/root/proc/thread-self/root/proc/self/root/proc/thread-self/root/proc/self/root/proc/thread-self/root/proc/self/root/proc/self/cwd/admin/vendor/myclabs/deep-copy HTTP/2.0" 200 3194 "-" "Mozilla/5.0 AppleWebKit/537.36 (KHTML, like Gecko; compatible; GPTBot/1.2; +https://openai.com/gptbot)" 123 **0/123978**
20.171.207.148 - - [17/Sep/2025:05:25:03 -0700] "GET /admin-post.php?path=//proc/self/root/proc/thread-self/root/proc/thread-self/root/proc/thread-self/root/proc/thread-self/root/proc/self/root/proc/thread-self/root/proc/thread-self/root/proc/self/root/proc/thread-self/root/proc/self/root/proc/thread-self/root/proc/self/root/proc/thread-self/cwd/admin/vendor/laravel/tinker/src HTTP/2.0" 200 3172 "-" "Mozilla/5.0 AppleWebKit/537.36 (KHTML, like Gecko; compatible; GPTBot/1.2; +https://openai.com/gptbot)" 132 **0/132677**
57.141.2.33 - - [17/Sep/2025:05:25:04 -0700] "GET /shopdetail/9060497329?path=/home/o5t6x7pgljbm/public_html/vendor/nesbot HTTP/2.0" 200 11752 "-" "meta-externalagent/1.1 (+https://developers.facebook.com/docs/sharing/webmasters/crawler)" 90 **0/90474**
20.171.207.148 - - [17/Sep/2025:05:25:04 -0700] "GET /admin-post.php?path=//proc/self/root/proc/thread-self/root/proc/thread-self/root/proc/thread-self/root/proc/thread-self/root/proc/self/root/proc/thread-self/root/proc/thread-self/root/proc/self/root/proc/thread-self/root/proc/self/root/proc/thread-self/root/proc/self/root/proc/self/cwd/admin/vendor/doctrine/inflector/lib HTTP/2.0" 200 2872 "-" "Mozilla/5.0 AppleWebKit/537.36 (KHTML, like Gecko; compatible; GPTBot/1.2; +https://openai.com/gptbot)" 53 **0/53566**
148.113.128.2 - - [17/Sep/2025:05:25:05 -0700] "GET /shopdetail/9060487908 HTTP/2.0" 200 6233 "-" "Mozilla/5.0 (compatible; AhrefsBot/7.0; +http://ahrefs.com/robot/)" 54 **0/54816**
57.141.2.80 - - [17/Sep/2025:05:25:05 -0700] "GET /products/28302380?viewfile=/home/o5t6x7pgljbm/public_html/readme.html&path=/home/o5t6x7pgljbm/public_html HTTP/2.0" 200 18675 "-" "meta-externalagent/1.1 (+https://developers.facebook.com/docs/sharing/webmasters/crawler)" 62 **0/62670**
20.171.207.148 - - [17/Sep/2025:05:25:05 -0700] "GET /admin-post.php?path=//proc/self/root/proc/thread-self/root/proc/thread-self/root/proc/thread-self/root/proc/thread-self/root/proc/self/root/proc/thread-self/root/proc/thread-self/root/proc/self/root/proc/thread-self/root/proc/self/root/proc/thread-self/root/proc/self/root/proc/self/cwd/admin/storage/app/uploaded_files HTTP/2.0" 200 3549 "-" "Mozilla/5.0 AppleWebKit/537.36 (KHTML, like Gecko; compatible; GPTBot/1.2; +https://openai.com/gptbot)" 62 **0/62676**
66.249.73.131 - - [17/Sep/2025:05:25:05 -0700] "GET /products/23022024?path=//proc/self/root/lib/tuned/powersave HTTP/1.1" 200 2674 "-" "Mozilla/5.0 (Linux; Android 6.0.1; Nexus 5X Build/MMB29P) AppleWebKit/537.36 (KHTML, like Gecko) Chrome/140.0.7339.127 Mobile Safari/537.36 (compatible; GoogleOther)" 48 **0/48243**
57.141.2.9 - - [17/Sep/2025:05:25:06 -0700] "GET /shopdetail/20817111282?viewfile=/home/o5t6x7pgljbm/public_html/wp-activate.php&path=/home/o5t6x7pgljbm/public_html HTTP/2.0" 200 18376 "-" "meta-externalagent/1.1 (+https://developers.facebook.com/docs/sharing/webmasters/crawler)" 39 **0/39204**
66.249.73.131 - - [17/Sep/2025:05:25:06 -0700] "GET /products/28748457?viewfile=/home/o5t6x7pgljbm/public_html/php.ini&path=/home/o5t6x7pgljbm/public_html HTTP/1.1" 200 2503 "-" "Mozilla/5.0 (Linux; Android 6.0.1; Nexus 5X Build/MMB29P) AppleWebKit/537.36 (KHTML, like Gecko) Chrome/140.0.7339.127 Mobile Safari/537.36 (compatible; GoogleOther)" 43 **0/43763**
20.171.207.148 - - [17/Sep/2025:05:25:07 -0700] "GET /admin-post.php?path=//proc/self/root/proc/thread-self/root/proc/thread-self/root/proc/thread-self/root/proc/thread-self/root/proc/self/root/proc/thread-self/root/proc/thread-self/root/proc/self/root/proc/thread-self/root/proc/self/root/proc/thread-self/root/proc/self/root/proc/self/cwd/admin/vendor/phar-io/version/src/exceptions HTTP/2.0" 200 3129 "-" "Mozilla/5.0 AppleWebKit/537.36 (KHTML, like Gecko; compatible; GPTBot/1.2; +https://openai.com/gptbot)" 59 **0/59135**
20.171.207.148 - - [17/Sep/2025:05:25:08 -0700] "GET /admin-post.php?path=//proc/self/root/proc/thread-self/root/proc/thread-self/root/proc/thread-self/root/proc/thread-self/root/proc/self/root/proc/thread-self/root/proc/thread-self/root/proc/self/root/proc/thread-self/root/proc/self/root/proc/thread-self/root/proc/self/root/proc/thread-self/cwd/admin/vendor/phar-io/manifest/src/exceptions HTTP/2.0" 200 3229 "-" "Mozilla/5.0 AppleWebKit/537.36 (KHTML, like Gecko; compatible; GPTBot/1.2; +https://openai.com/gptbot)" 61 **0/61188**
20.171.207.148 - - [17/Sep/2025:05:25:09 -0700] "GET /admin-post.php?path=//proc/self/root/proc/thread-self/root/proc/thread-self/root/proc/thread-self/root/proc/thread-self/root/proc/self/root/proc/thread-self/root/proc/thread-self/root/proc/self/root/proc/thread-self/root/proc/self/root/proc/thread-self/root/proc/self/root/proc/self/cwd/admin/vendor/brick/math/src HTTP/2.0" 200 3245 "-" "Mozilla/5.0 AppleWebKit/537.36 (KHTML, like Gecko; compatible; GPTBot/1.2; +https://openai.com/gptbot)" 52 **0/52097**
20.171.207.148 - - [17/Sep/2025:05:25:10 -0700] "GET /admin-post.php?path=//proc/self/root/proc/thread-self/root/proc/thread-self/root/proc/thread-self/root/proc/thread-self/root/proc/self/root/proc/thread-self/root/proc/thread-self/root/proc/self/root/proc/thread-self/root/proc/self/root/proc/thread-self/root/proc/self/root/proc/thread-self/cwd/admin/vendor/ralouphie/getallheaders/src HTTP/2.0" 200 2934 "-" "Mozilla/5.0 AppleWebKit/537.36 (KHTML, like Gecko; compatible; GPTBot/1.2; +https://openai.com/gptbot)" 57 **0/57187**
66.249.73.129 - - [17/Sep/2025:05:25:10 -0700] "GET /products/24758457 HTTP/1.1" 200 6233 "-" "Mozilla/5.0 (Linux; Android 6.0.1; Nexus 5X Build/MMB29P) AppleWebKit/537.36 (KHTML, like Gecko) Chrome/140.0.7339.127 Mobile Safari/537.36 (compatible; Googlebot/2.1; +http://www.google.com/bot.html)" 51 **0/51415**
20.171.207.148 - - [17/Sep/2025:05:25:11 -0700] "GET /admin-post.php?path=//proc/self/root/proc/thread-self/root/proc/thread-self/root/proc/thread-self/root/proc/thread-self/root/proc/self/root/proc/thread-self/root/proc/thread-self/root/proc/self/root/proc/thread-self/root/proc/self/root/proc/thread-self/root/proc/self/root/proc/thread-self/cwd/admin/vendor/phar-io/manifest/src/values HTTP/2.0" 200 3528 "-" "Mozilla/5.0 AppleWebKit/537.36 (KHTML, like Gecko; compatible; GPTBot/1.2; +https://openai.com/gptbot)" 54 **0/54784**
66.249.73.130 - - [17/Sep/2025:05:25:12 -0700] "GET /products/23022024?viewfile=//opt/alt/tests/alt-php83-pecl-memcached_3.2.0-1.el8/tests/options.phpt&path=//opt/alt/tests/alt-php83-pecl-memcached_3.2.0-1.el8/tests HTTP/1.1" 200 2837 "-" "Mozilla/5.0 (Linux; Android 6.0.1; Nexus 5X Build/MMB29P) AppleWebKit/537.36 (KHTML, like Gecko) Chrome/140.0.7339.127 Mobile Safari/537.36 (compatible; GoogleOther)" 87 **0/87672**
20.171.207.148 - - [17/Sep/2025:05:25:12 -0700] "GET /admin-post.php?path=//proc/self/root/proc/thread-self/root/proc/thread-self/root/proc/thread-self/root/proc/thread-self/root/proc/self/root/proc/thread-self/root/proc/thread-self/root/proc/self/root/proc/thread-self/root/proc/self/root/proc/thread-self/root/proc/self/root/proc/self/cwd/admin/vendor/santigarcor/laratrust/resources/views/panel HTTP/2.0" 200 3287 "-" "Mozilla/5.0 AppleWebKit/537.36 (KHTML, like Gecko; compatible; GPTBot/1.2; +https://openai.com/gptbot)" 52 **0/52469**
20.171.207.148 - - [17/Sep/2025:05:25:13 -0700] "GET /admin-post.php?path=//proc/self/root/proc/thread-self/root/proc/thread-self/root/proc/thread-self/root/proc/thread-self/root/proc/self/root/proc/thread-self/root/proc/thread-self/root/proc/self/root/proc/thread-self/root/proc/self/root/proc/thread-self/root/proc/self/root/proc/thread-self/cwd/admin/vendor/league/config/src HTTP/2.0" 200 3350 "-" "Mozilla/5.0 AppleWebKit/537.36 (KHTML, like Gecko; compatible; GPTBot/1.2; +https://openai.com/gptbot)" 49 **0/49973**
20.171.207.148 - - [17/Sep/2025:05:25:15 -0700] "GET /admin-post.php?path=//proc/self/root/proc/thread-self/root/proc/thread-self/root/proc/thread-self/root/proc/thread-self/root/proc/self/root/proc/thread-self/root/proc/thread-self/root/proc/self/root/proc/thread-self/root/proc/self/root/proc/thread-self/root/proc/self/root/proc/self/cwd/admin/vendor/myclabs/deep-copy/src HTTP/2.0" 200 2880 "-" "Mozilla/5.0 AppleWebKit/537.36 (KHTML, like Gecko; compatible; GPTBot/1.2; +https://openai.com/gptbot)" 50 **0/50172**
20.171.207.148 - - [17/Sep/2025:05:25:16 -0700] "GET /admin-post.php?path=//proc/self/root/proc/thread-self/root/proc/thread-self/root/proc/thread-self/root/proc/thread-self/root/proc/self/root/proc/thread-self/root/proc/thread-self/root/proc/self/root/proc/thread-self/root/proc/self/root/proc/thread-self/root/proc/self/root/proc/thread-self/cwd/admin/vendor/sebastian HTTP/2.0" 200 3389 "-" "Mozilla/5.0 AppleWebKit/537.36 (KHTML, like Gecko; compatible; GPTBot/1.2; +https://openai.com/gptbot)" 66 **0/66534**
20.171.207.148 - - [17/Sep/2025:05:25:17 -0700] "GET /admin-post.php?path=//proc/self/root/proc/thread-self/root/proc/thread-self/root/proc/thread-self/root/proc/thread-self/root/proc/self/root/proc/thread-self/root/proc/thread-self/root/proc/self/root/proc/thread-self/root/proc/self/root/proc/thread-self/root/proc/self/root/proc/thread-self/cwd/admin/vendor/nunomaduro/collision HTTP/2.0" 200 3178 "-" "Mozilla/5.0 AppleWebKit/537.36 (KHTML, like Gecko; compatible; GPTBot/1.2; +https://openai.com/gptbot)" 54 **0/54817**
57.141.2.78 - - [17/Sep/2025:05:25:17 -0700] "GET /shopdetail/6949287488?viewfile=/home/o5t6x7pgljbm/public_html/tuitioncoin.org/deleteme.wp8f77a182a66a443093995182f82bbcb8.php&path=/home/o5t6x7pgljbm/public_html/tuitioncoin.org HTTP/2.0" 200 33361 "-" "meta-externalagent/1.1 (+https://developers.facebook.com/docs/sharing/webmasters/crawler)" 48 **0/48385**
66.249.73.129 - - [17/Sep/2025:05:25:18 -0700] "GET /products/29997324?viewfile=/home/o5t6x7pgljbm/public_html/install.php&path=/home/o5t6x7pgljbm/public_html HTTP/1.1" 200 4606 "-" "Mozilla/5.0 (Linux; Android 6.0.1; Nexus 5X Build/MMB29P) AppleWebKit/537.36 (KHTML, like Gecko) Chrome/140.0.7339.127 Mobile Safari/537.36 (compatible; GoogleOther)" 50 **0/50781**
20.171.207.148 - - [17/Sep/2025:05:25:18 -0700] "GET /admin-post.php?path=//proc/self/root/proc/thread-self/root/proc/thread-self/root/proc/thread-self/root/proc/thread-self/root/proc/self/root/proc/thread-self/root/proc/thread-self/root/proc/self/root/proc/thread-self/root/proc/self/root/proc/thread-self/root/proc/self/root/proc/thread-self/cwd/admin/vendor/doctrine/instantiator/src HTTP/2.0" 200 2875 "-" "Mozilla/5.0 AppleWebKit/537.36 (KHTML, like Gecko; compatible; GPTBot/1.2; +https://openai.com/gptbot)" 52 **0/52350**
57.141.2.86 - - [17/Sep/2025:05:25:19 -0700] "GET /shopdetail/6256318504?viewfile=/home/o5t6x7pgljbm/public_html/tuitioncoin.org/deleteme.wpebe0283e0657465fa49415021c6e45d0.php&path=/home/o5t6x7pgljbm/public_html/tuitioncoin.org HTTP/2.0" 200 31543 "-" "meta-externalagent/1.1 (+https://developers.facebook.com/docs/sharing/webmasters/crawler)" 47 **0/47506**
20.171.207.148 - - [17/Sep/2025:05:25:19 -0700] "GET /admin-post.php?path=//proc/self/root/proc/thread-self/root/proc/thread-self/root/proc/thread-self/root/proc/thread-self/root/proc/self/root/proc/thread-self/root/proc/thread-self/root/proc/self/root/proc/thread-self/root/proc/self/root/proc/thread-self/root/proc/self/root/proc/self/cwd/admin/vendor/laravel/tinker/config HTTP/2.0" 200 2927 "-" "Mozilla/5.0 AppleWebKit/537.36 (KHTML, like Gecko; compatible; GPTBot/1.2; +https://openai.com/gptbot)" 46 **0/46585**
57.141.2.17 - - [17/Sep/2025:05:25:20 -0700] "GET /shopdetail/62563212062?viewfile=/home/o5t6x7pgljbm/public_html/composer.lock&path=/home/o5t6x7pgljbm/public_html HTTP/2.0" 200 408010 "-" "meta-externalagent/1.1 (+https://developers.facebook.com/docs/sharing/webmasters/crawler)" 59 **0/59868**
20.171.207.148 - - [17/Sep/2025:05:25:20 -0700] "GET /admin-post.php?path=//proc/self/root/proc/thread-self/root/proc/thread-self/root/proc/thread-self/root/proc/thread-self/root/proc/self/root/proc/thread-self/root/proc/thread-self/root/proc/self/root/proc/thread-self/root/proc/self/root/proc/thread-self/root/proc/self/root/proc/thread-self/cwd/admin/storage/framework/cache/data/ab HTTP/2.0" 200 2909 "-" "Mozilla/5.0 AppleWebKit/537.36 (KHTML, like Gecko; compatible; GPTBot/1.2; +https://openai.com/gptbot)" 42 **0/42653**
20.171.207.148 - - [17/Sep/2025:05:25:22 -0700] "GET /admin-post.php?path=//proc/self/root/proc/thread-self/root/proc/thread-self/root/proc/thread-self/root/proc/thread-self/root/proc/self/root/proc/thread-self/root/proc/thread-self/root/proc/self/root/proc/thread-self/root/proc/self/root/proc/thread-self/root/proc/self/root/proc/self/cwd/admin/vendor/ralouphie/getallheaders HTTP/2.0" 200 3148 "-" "Mozilla/5.0 AppleWebKit/537.36 (KHTML, like Gecko; compatible; GPTBot/1.2; +https://openai.com/gptbot)" 57 **0/57873**
20.171.207.148 - - [17/Sep/2025:05:25:23 -0700] "GET /admin-post.php?path=//proc/self/root/proc/thread-self/root/proc/thread-self/root/proc/thread-self/root/proc/thread-self/root/proc/self/root/proc/thread-self/root/proc/thread-self/root/proc/self/root/proc/thread-self/root/proc/self/root/proc/thread-self/root/proc/self/root/proc/thread-self/cwd/admin/vendor/laravel/sail/runtimes HTTP/2.0" 200 2925 "-" "Mozilla/5.0 AppleWebKit/537.36 (KHTML, like Gecko; compatible; GPTBot/1.2; +https://openai.com/gptbot)" 52 **0/52799**
57.141.2.35 - - [17/Sep/2025:05:25:23 -0700] "GET /shopdetail/54171230806?viewfile=/home/o5t6x7pgljbm/public_html/dmd.txt&path=/home/o5t6x7pgljbm/public_html HTTP/2.0" 200 9329 "-" "meta-externalagent/1.1 (+https://developers.facebook.com/docs/sharing/webmasters/crawler)" 40 **0/40359**
20.171.207.148 - - [17/Sep/2025:05:25:24 -0700] "GET /admin-post.php?path=//proc/self/root/proc/thread-self/root/proc/thread-self/root/proc/thread-self/root/proc/thread-self/root/proc/self/root/proc/thread-self/root/proc/thread-self/root/proc/self/root/proc/thread-self/root/proc/self/root/proc/thread-self/root/proc/self/root/proc/self/cwd/admin/storage/framework/cache/data/ea/be HTTP/2.0" 200 2983 "-" "Mozilla/5.0 AppleWebKit/537.36 (KHTML, like Gecko; compatible; GPTBot/1.2; +https://openai.com/gptbot)" 55 **0/55645**
20.171.207.148 - - [17/Sep/2025:05:25:25 -0700] "GET /admin-post.php?path=//proc/self/root/proc/thread-self/root/proc/thread-self/root/proc/thread-self/root/proc/thread-self/root/proc/self/root/proc/thread-self/root/proc/thread-self/root/proc/self/root/proc/thread-self/root/proc/self/root/proc/thread-self/root/proc/self/root/proc/thread-self/cwd/admin/vendor/league/csv HTTP/2.0" 200 3150 "-" "Mozilla/5.0 AppleWebKit/537.36 (KHTML, like Gecko; compatible; GPTBot/1.2; +https://openai.com/gptbot)" 58 **0/58468**
20.171.207.148 - - [17/Sep/2025:05:25:26 -0700] "GET /admin-post.php?path=//proc/self/root/proc/thread-self/root/proc/thread-self/root/proc/thread-self/root/proc/thread-self/root/proc/self/root/proc/thread-self/root/proc/thread-self/root/proc/self/root/proc/thread-self/root/proc/self/root/proc/thread-self/root/proc/self/root/proc/thread-self/cwd/admin/vendor/santigarcor HTTP/2.0" 200 2853 "-" "Mozilla/5.0 AppleWebKit/537.36 (KHTML, like Gecko; compatible; GPTBot/1.2; +https://openai.com/gptbot)" 43 **0/43732**
20.171.207.148 - - [17/Sep/2025:05:25:27 -0700] "GET /admin-post.php?path=//proc/self/root/proc/thread-self/root/proc/thread-self/root/proc/thread-self/root/proc/thread-self/root/proc/self/root/proc/thread-self/root/proc/thread-self/root/proc/self/root/proc/thread-self/root/proc/self/root/proc/thread-self/root/proc/self/root/proc/thread-self/cwd/admin/storage/framework/cache/data/be HTTP/2.0" 200 2942 "-" "Mozilla/5.0 AppleWebKit/537.36 (KHTML, like Gecko; compatible; GPTBot/1.2; +https://openai.com/gptbot)" 44 **0/44546**
20.171.207.148 - - [17/Sep/2025:05:25:28 -0700] "GET /admin-post.php?path=//proc/self/root/proc/thread-self/root/proc/thread-self/root/proc/thread-self/root/proc/thread-self/root/proc/self/root/proc/thread-self/root/proc/thread-self/root/proc/self/root/proc/thread-self/root/proc/self/root/proc/thread-self/root/proc/self/root/proc/thread-self/cwd/admin/vendor/sebastian/lines-of-code HTTP/2.0" 200 3213 "-" "Mozilla/5.0 AppleWebKit/537.36 (KHTML, like Gecko; compatible; GPTBot/1.2; +https://openai.com/gptbot)" 49 **0/49993**
57.141.2.21 - - [17/Sep/2025:05:25:29 -0700] "GET /shopdetail/62563181043?path=/home/o5t6x7pgljbm/public_html/bootstrap HTTP/2.0" 200 14577 "-" "meta-externalagent/1.1 (+https://developers.facebook.com/docs/sharing/webmasters/crawler)" 41 **0/41707**
20.171.207.148 - - [17/Sep/2025:05:25:30 -0700] "GET /admin-post.php?path=//proc/self/root/proc/thread-self/root/proc/thread-self/root/proc/thread-self/root/proc/thread-self/root/proc/self/root/proc/thread-self/root/proc/thread-self/root/proc/self/root/proc/thread-self/root/proc/self/root/proc/thread-self/root/proc/self/root/proc/thread-self/cwd/admin/vendor/sebastian/comparator HTTP/2.0" 200 3187 "-" "Mozilla/5.0 AppleWebKit/537.36 (KHTML, like Gecko; compatible; GPTBot/1.2; +https://openai.com/gptbot)" 47 **0/47504**
57.141.2.55 - - [17/Sep/2025:05:25:31 -0700] "GET /shopdetail/65276280088?path=/home/o5t6x7pgljbm/public_html/.tmb HTTP/2.0" 200 8618 "-" "meta-externalagent/1.1 (+https://developers.facebook.com/docs/sharing/webmasters/crawler)" 48 **0/48330**
20.171.207.148 - - [17/Sep/2025:05:25:31 -0700] "GET /admin-post.php?path=//proc/self/root/proc/thread-self/root/proc/thread-self/root/proc/thread-self/root/proc/thread-self/root/proc/self/root/proc/thread-self/root/proc/thread-self/root/proc/self/root/proc/thread-self/root/proc/self/root/proc/thread-self/root/proc/self/root/proc/thread-self/cwd/admin/vendor/sebastian/version HTTP/2.0" 200 3243 "-" "Mozilla/5.0 AppleWebKit/537.36 (KHTML, like Gecko; compatible; GPTBot/1.2; +https://openai.com/gptbot)" 54 **0/54744**
57.141.2.72 - - [17/Sep/2025:05:25:31 -0700] "GET /shopdetail/6949229001?viewfile=/home/o5t6x7pgljbm/public_html/e.zip&path=/home/o5t6x7pgljbm/public_html HTTP/2.0" 200 17414 "-" "meta-externalagent/1.1 (+https://developers.facebook.com/docs/sharing/webmasters/crawler)" 46 **0/46417**
20.171.207.148 - - [17/Sep/2025:05:25:32 -0700] "GET /admin-post.php?path=//proc/self/root/proc/thread-self/root/proc/thread-self/root/proc/thread-self/root/proc/thread-self/root/proc/self/root/proc/thread-self/root/proc/thread-self/root/proc/self/root/proc/thread-self/root/proc/self/root/proc/thread-self/root/proc/self/root/proc/thread-self/cwd/admin/vendor/sebastian/exporter HTTP/2.0" 200 3182 "-" "Mozilla/5.0 AppleWebKit/537.36 (KHTML, like Gecko; compatible; GPTBot/1.2; +https://openai.com/gptbot)" 41 **0/41567**
57.141.2.16 - - [17/Sep/2025:05:25:32 -0700] "GET /shopdetail/90604164131?path=/home/o5t6x7pgljbm/public_html/tuitioncoin.org HTTP/2.0" 200 1436538 "-" "meta-externalagent/1.1 (+https://developers.facebook.com/docs/sharing/webmasters/crawler)" 110 **0/110177**
20.171.207.148 - - [17/Sep/2025:05:25:33 -0700] "GET /admin-post.php?path=//proc/self/root/proc/thread-self/root/proc/thread-self/root/proc/thread-self/root/proc/thread-self/root/proc/self/root/proc/thread-self/root/proc/thread-self/root/proc/self/root/proc/thread-self/root/proc/self/root/proc/thread-self/root/proc/self/root/proc/self/cwd/admin/vendor/ralouphie/getallheaders/src HTTP/2.0" 200 2934 "-" "Mozilla/5.0 AppleWebKit/537.36 (KHTML, like Gecko; compatible; GPTBot/1.2; +https://openai.com/gptbot)" 39 **0/39609**
20.171.207.148 - - [17/Sep/2025:05:25:34 -0700] "GET /admin-post.php?path=//proc/self/root/proc/thread-self/root/proc/thread-self/root/proc/thread-self/root/proc/thread-self/root/proc/self/root/proc/thread-self/root/proc/thread-self/root/proc/self/root/proc/thread-self/root/proc/self/root/proc/thread-self/root/proc/self/root/proc/thread-self/cwd/admin/vendor/sebastian/cli-parser HTTP/2.0" 200 3211 "-" "Mozilla/5.0 AppleWebKit/537.36 (KHTML, like Gecko; compatible; GPTBot/1.2; +https://openai.com/gptbot)" 56 **0/56153**
66.249.73.129 - - [17/Sep/2025:05:25:35 -0700] "GET /products/23022024?viewfile=//lib/python2.7/site-packages/pkg_resources/extern/__init__.pyc&path=//lib/python2.7/site-packages/pkg_resources/extern HTTP/1.1" 200 3731 "-" "Mozilla/5.0 (Linux; Android 6.0.1; Nexus 5X Build/MMB29P) AppleWebKit/537.36 (KHTML, like Gecko) Chrome/140.0.7339.127 Mobile Safari/537.36 (compatible; GoogleOther)" 50 **0/50868**
20.171.207.148 - - [17/Sep/2025:05:25:35 -0700] "GET /admin-post.php?path=//proc/self/root/proc/thread-self/root/proc/thread-self/root/proc/thread-self/root/proc/thread-self/root/proc/self/root/proc/thread-self/root/proc/thread-self/root/proc/self/root/proc/thread-self/root/proc/self/root/proc/thread-self/root/proc/self/root/proc/thread-self/cwd/admin/vendor/sebastian/object-reflector HTTP/2.0" 200 3217 "-" "Mozilla/5.0 AppleWebKit/537.36 (KHTML, like Gecko; compatible; GPTBot/1.2; +https://openai.com/gptbot)" 45 **0/45170**
66.249.73.129 - - [17/Sep/2025:05:25:36 -0700] "GET /products/16894935?viewfile=/home/o5t6x7pgljbm/public_html/gettest.php&path=/home/o5t6x7pgljbm/public_html HTTP/1.1" 200 2431 "-" "Mozilla/5.0 (Linux; Android 6.0.1; Nexus 5X Build/MMB29P) AppleWebKit/537.36 (KHTML, like Gecko) Chrome/140.0.7339.127 Mobile Safari/537.36 (compatible; GoogleOther)" 45 **0/45184**
20.171.207.148 - - [17/Sep/2025:05:25:37 -0700] "GET /admin-post.php?path=//proc/self/root/proc/thread-self/root/proc/thread-self/root/proc/thread-self/root/proc/thread-self/root/proc/self/root/proc/thread-self/root/proc/thread-self/root/proc/self/root/proc/thread-self/root/proc/self/root/proc/thread-self/root/proc/self/root/proc/thread-self/cwd/admin/vendor/sebastian/global-state HTTP/2.0" 200 3188 "-" "Mozilla/5.0 AppleWebKit/537.36 (KHTML, like Gecko; compatible; GPTBot/1.2; +https://openai.com/gptbot)" 45 **0/45173**
57.141.2.77 - - [17/Sep/2025:05:25:37 -0700] "GET /shopdetail/9153585626?path=/home/o5t6x7pgljbm/www HTTP/2.0" 200 154303 "-" "meta-externalagent/1.1 (+https://developers.facebook.com/docs/sharing/webmasters/crawler)" 41 **0/41244**
57.141.2.74 - - [17/Sep/2025:05:25:37 -0700] "GET /shopdetail/54171169218?viewfile=/home/o5t6x7pgljbm/public_html/123.php&path=/home/o5t6x7pgljbm/public_html HTTP/2.0" 200 9396 "-" "meta-externalagent/1.1 (+https://developers.facebook.com/docs/sharing/webmasters/crawler)" 38 **0/38206**
20.171.207.148 - - [17/Sep/2025:05:25:38 -0700] "GET /admin-post.php?path=//proc/self/root/proc/thread-self/root/proc/thread-self/root/proc/thread-self/root/proc/thread-self/root/proc/self/root/proc/thread-self/root/proc/thread-self/root/proc/self/root/proc/thread-self/root/proc/self/root/proc/thread-self/root/proc/self/root/proc/self/cwd/admin/storage/framework/cache/data/eb/fa HTTP/2.0" 200 2984 "-" "Mozilla/5.0 AppleWebKit/537.36 (KHTML, like Gecko; compatible; GPTBot/1.2; +https://openai.com/gptbot)" 48 **0/48216**
20.171.207.148 - - [17/Sep/2025:05:25:39 -0700] "GET /admin-post.php?path=//proc/self/root/proc/thread-self/root/proc/thread-self/root/proc/thread-self/root/proc/thread-self/root/proc/self/root/proc/thread-self/root/proc/thread-self/root/proc/self/root/proc/thread-self/root/proc/self/root/proc/thread-self/root/proc/self/root/proc/thread-self/cwd/admin/vendor/myclabs/deep-copy HTTP/2.0" 200 3191 "-" "Mozilla/5.0 AppleWebKit/537.36 (KHTML, like Gecko; compatible; GPTBot/1.2; +https://openai.com/gptbot)" 48 **0/48692**
57.141.2.94 - - [17/Sep/2025:05:25:40 -0700] "GET /shopdetail/28752134450?viewfile=/home/o5t6x7pgljbm/public_html/conceptionss.php&path=/home/o5t6x7pgljbm/public_html HTTP/2.0" 200 9546 "-" "meta-externalagent/1.1 (+https://developers.facebook.com/docs/sharing/webmasters/crawler)" 46 **0/46484**
20.171.207.148 - - [17/Sep/2025:05:25:40 -0700] "GET /admin-post.php?path=//proc/self/root/proc/thread-self/root/proc/thread-self/root/proc/thread-self/root/proc/thread-self/root/proc/self/root/proc/thread-self/root/proc/thread-self/root/proc/self/root/proc/thread-self/root/proc/self/root/proc/thread-self/root/proc/self/root/proc/self/cwd/admin/resources/views/common HTTP/2.0" 200 2854 "-" "Mozilla/5.0 AppleWebKit/537.36 (KHTML, like Gecko; compatible; GPTBot/1.2; +https://openai.com/gptbot)" 50 **0/50860**
20.171.207.148 - - [17/Sep/2025:05:25:41 -0700] "GET /admin-post.php?path=//proc/self/root/proc/thread-self/root/proc/thread-self/root/proc/thread-self/root/proc/thread-self/root/proc/self/root/proc/thread-self/root/proc/thread-self/root/proc/self/root/proc/thread-self/root/proc/self/root/proc/thread-self/root/proc/self/root/proc/thread-self/cwd/admin/vendor/sebastian/lines-of-code/src HTTP/2.0" 200 3177 "-" "Mozilla/5.0 AppleWebKit/537.36 (KHTML, like Gecko; compatible; GPTBot/1.2; +https://openai.com/gptbot)" 51 **0/51592**
57.141.2.63 - - [17/Sep/2025:05:25:42 -0700] "GET /shopdetail/62563201607?path=/home/o5t6x7pgljbm/public_html HTTP/2.0" 200 157335 "-" "meta-externalagent/1.1 (+https://developers.facebook.com/docs/sharing/webmasters/crawler)" 46 **0/46318**
20.171.207.148 - - [17/Sep/2025:05:25:42 -0700] "GET /admin-post.php?path=//proc/self/root/proc/thread-self/root/proc/thread-self/root/proc/thread-self/root/proc/thread-self/root/proc/self/root/proc/thread-self/root/proc/thread-self/root/proc/self/root/proc/thread-self/root/proc/self/root/proc/thread-self/root/proc/self/root/proc/thread-self/cwd/admin/vendor/sebastian/comparator/src HTTP/2.0" 200 3513 "-" "Mozilla/5.0 AppleWebKit/537.36 (KHTML, like Gecko; compatible; GPTBot/1.2; +https://openai.com/gptbot)" 44 **0/44450**
57.141.2.95 - - [17/Sep/2025:05:25:43 -0700] "GET /shopdetail/54171130882?viewfile=/home/o5t6x7pgljbm/public_html/vite.config.js&path=/home/o5t6x7pgljbm/public_html HTTP/2.0" 200 9652 "-" "meta-externalagent/1.1 (+https://developers.facebook.com/docs/sharing/webmasters/crawler)" 35 **0/35709**
20.171.207.148 - - [17/Sep/2025:05:25:44 -0700] "GET /admin-post.php?path=//proc/self/root/proc/thread-self/root/proc/thread-self/root/proc/thread-self/root/proc/thread-self/root/proc/self/root/proc/thread-self/root/proc/thread-self/root/proc/self/root/proc/thread-self/root/proc/self/root/proc/thread-self/root/proc/self/root/proc/thread-self/cwd/admin/vendor/sebastian/environment HTTP/2.0" 200 3183 "-" "Mozilla/5.0 AppleWebKit/537.36 (KHTML, like Gecko; compatible; GPTBot/1.2; +https://openai.com/gptbot)" 46 **0/46589**
57.141.2.23 - - [17/Sep/2025:05:25:44 -0700] "GET /shopdetail/90604179260?viewfile=/home/o5t6x7pgljbm/public_html/phpunit.xml&path=/home/o5t6x7pgljbm/public_html HTTP/2.0" 200 11007 "-" "meta-externalagent/1.1 (+https://developers.facebook.com/docs/sharing/webmasters/crawler)" 41 **0/41609**
20.171.207.148 - - [17/Sep/2025:05:25:45 -0700] "GET /admin-post.php?path=//proc/self/root/proc/thread-self/root/proc/thread-self/root/proc/thread-self/root/proc/thread-self/root/proc/self/root/proc/thread-self/root/proc/thread-self/root/proc/self/root/proc/thread-self/root/proc/self/root/proc/thread-self/root/proc/self/root/proc/self/cwd/admin/vendor/laravel/sail/database HTTP/2.0" 200 2890 "-" "Mozilla/5.0 AppleWebKit/537.36 (KHTML, like Gecko; compatible; GPTBot/1.2; +https://openai.com/gptbot)" 38 **0/38086**
57.141.2.61 - - [17/Sep/2025:05:25:45 -0700] "GET /shopdetail/40157112952?viewfile=/home/o5t6x7pgljbm/public_html/sias-uganda.com/deleteme.wp4774a04b342f4e719ead2baccb438148.php&path=/home/o5t6x7pgljbm/public_html/sias-uganda.com HTTP/2.0" 200 39514 "-" "meta-externalagent/1.1 (+https://developers.facebook.com/docs/sharing/webmasters/crawler)" 54 **0/54344**
20.171.207.148 - - [17/Sep/2025:05:25:46 -0700] "GET /admin-post.php?path=//proc/self/root/proc/thread-self/root/proc/thread-self/root/proc/thread-self/root/proc/thread-self/root/proc/self/root/proc/thread-self/root/proc/thread-self/root/proc/self/root/proc/thread-self/root/proc/self/root/proc/thread-self/root/proc/self/root/proc/thread-self/cwd/admin/vendor/ramsey/uuid HTTP/2.0" 200 3142 "-" "Mozilla/5.0 AppleWebKit/537.36 (KHTML, like Gecko; compatible; GPTBot/1.2; +https://openai.com/gptbot)" 48 **0/48743**
57.141.2.71 - - [17/Sep/2025:05:25:47 -0700] "GET /shopdetail/287529978?viewfile=/home/o5t6x7pgljbm/public_html/wp-signup.php&path=/home/o5t6x7pgljbm/public_html HTTP/2.0" 200 50874 "-" "meta-externalagent/1.1 (+https://developers.facebook.com/docs/sharing/webmasters/crawler)" 37 **0/37085**
66.249.73.129 - - [17/Sep/2025:05:25:47 -0700] "GET /products/2819980?viewfile=/home/o5t6x7pgljbm/public_html/.editorconfig&path=/home/o5t6x7pgljbm/public_html HTTP/1.1" 200 2563 "-" "Mozilla/5.0 (Linux; Android 6.0.1; Nexus 5X Build/MMB29P) AppleWebKit/537.36 (KHTML, like Gecko) Chrome/140.0.7339.127 Mobile Safari/537.36 (compatible; GoogleOther)" 41 **0/41880**
20.171.207.148 - - [17/Sep/2025:05:25:47 -0700] "GET /admin-post.php?path=//proc/self/root/proc/thread-self/root/proc/thread-self/root/proc/thread-self/root/proc/thread-self/root/proc/self/root/proc/thread-self/root/proc/thread-self/root/proc/self/root/proc/thread-self/root/proc/self/root/proc/thread-self/root/proc/self/root/proc/thread-self/cwd/admin/vendor/theseer/tokenizer HTTP/2.0" 200 3250 "-" "Mozilla/5.0 AppleWebKit/537.36 (KHTML, like Gecko; compatible; GPTBot/1.2; +https://openai.com/gptbot)" 41 **0/41886**
20.171.207.148 - - [17/Sep/2025:05:25:48 -0700] "GET /admin-post.php?path=//proc/self/root/proc/thread-self/root/proc/thread-self/root/proc/thread-self/root/proc/thread-self/root/proc/self/root/proc/thread-self/root/proc/thread-self/root/proc/self/root/proc/thread-self/root/proc/self/root/proc/thread-self/root/proc/self/root/proc/thread-self/cwd/admin/vendor/voku HTTP/2.0" 200 2845 "-" "Mozilla/5.0 AppleWebKit/537.36 (KHTML, like Gecko; compatible; GPTBot/1.2; +https://openai.com/gptbot)" 43 **0/43390**
20.171.207.148 - - [17/Sep/2025:05:25:49 -0700] "GET /admin-post.php?path=//proc/self/root/proc/thread-self/root/proc/thread-self/root/proc/thread-self/root/proc/thread-self/root/proc/self/root/proc/thread-self/root/proc/thread-self/root/proc/self/root/proc/thread-self/root/proc/self/root/proc/thread-self/root/proc/self/root/proc/self/cwd/admin/storage/framework/cache/data/bb/bf HTTP/2.0" 200 2983 "-" "Mozilla/5.0 AppleWebKit/537.36 (KHTML, like Gecko; compatible; GPTBot/1.2; +https://openai.com/gptbot)" 56 **0/56819**
66.249.73.129 - - [17/Sep/2025:05:25:50 -0700] "GET /products/23022024?path=//proc/self/root/proc/self/cwd/lang HTTP/1.1" 200 2821 "-" "Mozilla/5.0 (Linux; Android 6.0.1; Nexus 5X Build/MMB29P) AppleWebKit/537.36 (KHTML, like Gecko) Chrome/140.0.7339.127 Mobile Safari/537.36 (compatible; GoogleOther)" 42 **0/42447**
20.171.207.148 - - [17/Sep/2025:05:25:51 -0700] "GET /admin-post.php?path=//proc/self/root/proc/thread-self/root/proc/thread-self/root/proc/thread-self/root/proc/thread-self/root/proc/self/root/proc/thread-self/root/proc/thread-self/root/proc/self/root/proc/thread-self/root/proc/self/root/proc/thread-self/root/proc/self/root/proc/thread-self/cwd/admin/vendor/sebastian/cli-parser/src HTTP/2.0" 200 3091 "-" "Mozilla/5.0 AppleWebKit/537.36 (KHTML, like Gecko; compatible; GPTBot/1.2; +https://openai.com/gptbot)" 47 **0/47115**
57.141.2.68 - - [17/Sep/2025:05:25:51 -0700] "GET /shopdetail/54171221163?path=/home/o5t6x7pgljbm/public_html/resources HTTP/2.0" 200 14443 "-" "meta-externalagent/1.1 (+https://developers.facebook.com/docs/sharing/webmasters/crawler)" 50 **0/50837**
57.141.2.55 - - [17/Sep/2025:05:25:52 -0700] "GET /shopdetail/28752286652?viewfile=/home/o5t6x7pgljbm/public_html/robots.txt&path=/home/o5t6x7pgljbm/public_html HTTP/2.0" 200 9410 "-" "meta-externalagent/1.1 (+https://developers.facebook.com/docs/sharing/webmasters/crawler)" 48 **0/48783**
20.171.207.148 - - [17/Sep/2025:05:25:52 -0700] "GET /admin-post.php?path=//proc/self/root/proc/thread-self/root/proc/thread-self/root/proc/thread-self/root/proc/thread-self/root/proc/self/root/proc/thread-self/root/proc/thread-self/root/proc/self/root/proc/thread-self/root/proc/self/root/proc/thread-self/root/proc/self/root/proc/thread-self/cwd/admin/vendor/sebastian/object-reflector/src HTTP/2.0" 200 3022 "-" "Mozilla/5.0 AppleWebKit/537.36 (KHTML, like Gecko; compatible; GPTBot/1.2; +https://openai.com/gptbot)" 44 **0/44727**
57.141.2.73 - - [17/Sep/2025:05:25:52 -0700] "GET /shopdetail/91535122935?viewfile=/home/o5t6x7pgljbm/public_html/e.php&path=/home/o5t6x7pgljbm/public_html HTTP/2.0" 200 9511 "-" "meta-externalagent/1.1 (+https://developers.facebook.com/docs/sharing/webmasters/crawler)" 43 **0/43241**
20.171.207.148 - - [17/Sep/2025:05:25:53 -0700] "GET /admin-post.php?path=//proc/self/root/proc/thread-self/root/proc/thread-self/root/proc/thread-self/root/proc/thread-self/root/proc/self/root/proc/thread-self/root/proc/thread-self/root/proc/self/root/proc/thread-self/root/proc/self/root/proc/thread-self/root/proc/self/root/proc/thread-self/cwd/admin/vendor/laravel/pint/builds HTTP/2.0" 200 2911 "-" "Mozilla/5.0 AppleWebKit/537.36 (KHTML, like Gecko; compatible; GPTBot/1.2; +https://openai.com/gptbot)" 54 **0/54738**
57.141.2.86 - - [17/Sep/2025:05:25:54 -0700] "GET /shopdetail/64854271574?viewfile=/home/o5t6x7pgljbm/public_html/wp-links-opml.php&path=/home/o5t6x7pgljbm/public_html HTTP/2.0" 200 12416 "-" "meta-externalagent/1.1 (+https://developers.facebook.com/docs/sharing/webmasters/crawler)" 38 **0/38529**
20.171.207.148 - - [17/Sep/2025:05:25:54 -0700] "GET /admin-post.php?path=//proc/self/root/proc/thread-self/root/proc/thread-self/root/proc/thread-self/root/proc/thread-self/root/proc/self/root/proc/thread-self/root/proc/thread-self/root/proc/self/root/proc/thread-self/root/proc/self/root/proc/thread-self/root/proc/self/root/proc/self/cwd/admin/resources/views/common/partials HTTP/2.0" 200 2936 "-" "Mozilla/5.0 AppleWebKit/537.36 (KHTML, like Gecko; compatible; GPTBot/1.2; +https://openai.com/gptbot)" 55 **0/55376**
57.141.2.11 - - [17/Sep/2025:05:25:55 -0700] "GET /products/25202180?viewfile=/home/o5t6x7pgljbm/public_html/wp-comments-post.php&path=/home/o5t6x7pgljbm/public_html HTTP/2.0" 200 12036 "-" "meta-externalagent/1.1 (+https://developers.facebook.com/docs/sharing/webmasters/crawler)" 52 **0/52904**
20.171.207.148 - - [17/Sep/2025:05:25:55 -0700] "GET /admin-post.php?path=//proc/self/root/proc/thread-self/root/proc/thread-self/root/proc/thread-self/root/proc/thread-self/root/proc/self/root/proc/thread-self/root/proc/thread-self/root/proc/self/root/proc/thread-self/root/proc/self/root/proc/thread-self/root/proc/self/root/proc/thread-self/cwd/admin/vendor/myclabs/deep-copy/src HTTP/2.0" 200 2875 "-" "Mozilla/5.0 AppleWebKit/537.36 (KHTML, like Gecko; compatible; GPTBot/1.2; +https://openai.com/gptbot)" 45 **0/45490**
57.141.2.71 - - [17/Sep/2025:05:25:55 -0700] "GET /products/5800268?viewfile=/home/o5t6x7pgljbm/public_html/wp-includes/class-phpmailer.php&path=/home/o5t6x7pgljbm/public_html/wp-includes HTTP/2.0" 200 10318 "-" "meta-externalagent/1.1 (+https://developers.facebook.com/docs/sharing/webmasters/crawler)" 49 **0/49211**
57.141.2.74 - - [17/Sep/2025:05:25:56 -0700] "GET /shopdetail/64854259881?viewfile=/home/o5t6x7pgljbm/public_html/admin_20250220.zip&path=/home/o5t6x7pgljbm/public_html HTTP/2.0" 200 5512 "-" "meta-externalagent/1.1 (+https://developers.facebook.com/docs/sharing/webmasters/crawler)" 54 **0/54441**
20.171.207.148 - - [17/Sep/2025:05:25:56 -0700] "GET /admin-post.php?path=//proc/self/root/proc/thread-self/root/proc/thread-self/root/proc/thread-self/root/proc/thread-self/root/proc/self/root/proc/thread-self/root/proc/thread-self/root/proc/self/root/proc/thread-self/root/proc/self/root/proc/thread-self/root/proc/self/root/proc/thread-self/cwd/admin/storage/framework/cache/data/bc/ff HTTP/2.0" 200 2985 "-" "Mozilla/5.0 AppleWebKit/537.36 (KHTML, like Gecko; compatible; GPTBot/1.2; +https://openai.com/gptbot)" 55 **0/55940**
57.141.2.54 - - [17/Sep/2025:05:25:57 -0700] "GET /products/2201380?viewfile=/home/o5t6x7pgljbm/public_html/jmfi2.php&path=/home/o5t6x7pgljbm/public_html HTTP/2.0" 200 9334 "-" "meta-externalagent/1.1 (+https://developers.facebook.com/docs/sharing/webmasters/crawler)" 49 **0/49386**
20.171.207.148 - - [17/Sep/2025:05:25:58 -0700] "GET /admin-post.php?path=//proc/self/root/proc/thread-self/root/proc/thread-self/root/proc/thread-self/root/proc/thread-self/root/proc/self/root/proc/thread-self/root/proc/thread-self/root/proc/self/root/proc/thread-self/root/proc/self/root/proc/thread-self/root/proc/self/root/proc/thread-self/cwd/admin/vendor/sebastian/code-unit HTTP/2.0" 200 3209 "-" "Mozilla/5.0 AppleWebKit/537.36 (KHTML, like Gecko; compatible; GPTBot/1.2; +https://openai.com/gptbot)" 68 **0/68091**
66.249.73.129 - - [17/Sep/2025:05:25:59 -0700] "GET /products/23022024?viewfile=//opt/python38/lib/python3.8/site-packages/pip/_vendor/tomli/__init__.py&path=//opt/python38/lib/python3.8/site-packages/pip/_vendor/tomli HTTP/1.1" 200 2763 "-" "Mozilla/5.0 (Linux; Android 6.0.1; Nexus 5X Build/MMB29P) AppleWebKit/537.36 (KHTML, like Gecko) Chrome/140.0.7339.127 Mobile Safari/537.36 (compatible; GoogleOther)" 54 **0/54289**
20.171.207.148 - - [17/Sep/2025:05:25:59 -0700] "GET /admin-post.php?path=//proc/self/root/proc/thread-self/root/proc/thread-self/root/proc/thread-self/root/proc/thread-self/root/proc/self/root/proc/thread-self/root/proc/thread-self/root/proc/self/root/proc/thread-self/root/proc/self/root/proc/thread-self/root/proc/self/root/proc/thread-self/cwd/admin/resources/views/vendor HTTP/2.0" 200 2864 "-" "Mozilla/5.0 AppleWebKit/537.36 (KHTML, like Gecko; compatible; GPTBot/1.2; +https://openai.com/gptbot)" 44 **0/44419**
57.141.2.84 - - [17/Sep/2025:05:26:00 -0700] "GET /shopdetail/40157295946?viewfile=/home/o5t6x7pgljbm/public_html/README.md&path=/home/o5t6x7pgljbm/public_html HTTP/2.0" 200 13785 "-" "meta-externalagent/1.1 (+https://developers.facebook.com/docs/sharing/webmasters/crawler)" 55 **0/55754**
20.171.207.148 - - [17/Sep/2025:05:26:00 -0700] "GET /admin-post.php?path=//proc/self/root/proc/thread-self/root/proc/thread-self/root/proc/thread-self/root/proc/thread-self/root/proc/self/root/proc/thread-self/root/proc/thread-self/root/proc/self/root/proc/thread-self/root/proc/self/root/proc/thread-self/root/proc/self/root/proc/thread-self/cwd/admin/vendor/ramsey/uuid/src HTTP/2.0" 200 3690 "-" "Mozilla/5.0 AppleWebKit/537.36 (KHTML, like Gecko; compatible; GPTBot/1.2; +https://openai.com/gptbot)" 66 **0/66950**
20.171.207.148 - - [17/Sep/2025:05:26:01 -0700] "GET /admin-post.php?path=//proc/self/root/proc/thread-self/root/proc/thread-self/root/proc/thread-self/root/proc/thread-self/root/proc/self/root/proc/thread-self/root/proc/thread-self/root/proc/self/root/proc/thread-self/root/proc/self/root/proc/thread-self/root/proc/self/root/proc/thread-self/cwd/admin/vendor/sebastian/comparator/src/exceptions HTTP/2.0" 200 2991 "-" "Mozilla/5.0 AppleWebKit/537.36 (KHTML, like Gecko; compatible; GPTBot/1.2; +https://openai.com/gptbot)" 94 **0/94542**
20.171.207.148 - - [17/Sep/2025:05:26:02 -0700] "GET /admin-post.php?path=//proc/self/root/proc/thread-self/root/proc/thread-self/root/proc/thread-self/root/proc/thread-self/root/proc/self/root/proc/thread-self/root/proc/thread-self/root/proc/self/root/proc/thread-self/root/proc/self/root/proc/thread-self/root/proc/self/root/proc/thread-self/cwd/admin/vendor/theseer/tokenizer/src HTTP/2.0" 200 3154 "-" "Mozilla/5.0 AppleWebKit/537.36 (KHTML, like Gecko; compatible; GPTBot/1.2; +https://openai.com/gptbot)" 64 **0/64114**
20.171.207.148 - - [17/Sep/2025:05:26:03 -0700] "GET /admin-post.php?path=//proc/self/root/proc/thread-self/root/proc/thread-self/root/proc/thread-self/root/proc/thread-self/root/proc/self/root/proc/thread-self/root/proc/thread-self/root/proc/self/root/proc/thread-self/root/proc/self/root/proc/thread-self/root/proc/self/root/proc/self/cwd/admin/resources/views/vendor/laratrust HTTP/2.0" 200 2872 "-" "Mozilla/5.0 AppleWebKit/537.36 (KHTML, like Gecko; compatible; GPTBot/1.2; +https://openai.com/gptbot)" 51 **0/51693**
57.141.2.54 - - [17/Sep/2025:05:26:03 -0700] "GET /shopdetail/2081750108?path=/home/o5t6x7pgljbm/public_html/rewardsforeducation.com HTTP/2.0" 200 91835 "-" "meta-externalagent/1.1 (+https://developers.facebook.com/docs/sharing/webmasters/crawler)" 41 **0/41995**
66.249.73.129 - - [17/Sep/2025:05:26:04 -0700] "GET /products/16894935?viewfile=/home/o5t6x7pgljbm/public_html/.editorconfig&path=/home/o5t6x7pgljbm/public_html HTTP/1.1" 200 2563 "-" "Mozilla/5.0 (Linux; Android 6.0.1; Nexus 5X Build/MMB29P) AppleWebKit/537.36 (KHTML, like Gecko) Chrome/140.0.7339.127 Mobile Safari/537.36 (compatible; GoogleOther)" 68 **0/68277**
20.171.207.148 - - [17/Sep/2025:05:26:04 -0700] "GET /admin-post.php?path=//proc/self/root/proc/thread-self/root/proc/thread-self/root/proc/thread-self/root/proc/thread-self/root/proc/self/root/proc/thread-self/root/proc/thread-self/root/proc/self/root/proc/thread-self/root/proc/self/root/proc/thread-self/root/proc/self/root/proc/self/cwd/admin/vendor/laravel/tinker/src HTTP/2.0" 200 3171 "-" "Mozilla/5.0 AppleWebKit/537.36 (KHTML, like Gecko; compatible; GPTBot/1.2; +https://openai.com/gptbot)" 49 **0/49783**
57.141.2.32 - - [17/Sep/2025:05:26:05 -0700] "GET /shopdetail/40157231225?path=/home/o5t6x7pgljbm/public_html/privacy-policy HTTP/2.0" 200 13276 "-" "meta-externalagent/1.1 (+https://developers.facebook.com/docs/sharing/webmasters/crawler)" 52 **0/52922**
20.171.207.148 - - [17/Sep/2025:05:26:06 -0700] "GET /admin-post.php?path=//proc/self/root/proc/thread-self/root/proc/thread-self/root/proc/thread-self/root/proc/thread-self/root/proc/self/root/proc/thread-self/root/proc/thread-self/root/proc/self/root/proc/thread-self/root/proc/self/root/proc/thread-self/root/proc/self/root/proc/self/cwd/admin/vendor/dflydev/dot-access-data HTTP/2.0" 200 3200 "-" "Mozilla/5.0 AppleWebKit/537.36 (KHTML, like Gecko; compatible; GPTBot/1.2; +https://openai.com/gptbot)" 46 **0/46275**
57.141.2.64 - - [17/Sep/2025:05:26:06 -0700] "GET /shopdetail/9060444367?viewfile=/home/o5t6x7pgljbm/public_html/install.php&path=/home/o5t6x7pgljbm/public_html HTTP/2.0" 200 16284 "-" "meta-externalagent/1.1 (+https://developers.facebook.com/docs/sharing/webmasters/crawler)" 44 **0/44990**
20.171.207.148 - - [17/Sep/2025:05:26:07 -0700] "GET /admin-post.php?path=//proc/self/root/proc/thread-self/root/proc/thread-self/root/proc/thread-self/root/proc/thread-self/root/proc/self/root/proc/thread-self/root/proc/thread-self/root/proc/self/root/proc/thread-self/root/proc/self/root/proc/thread-self/root/proc/self/root/proc/self/cwd/admin/storage/framework/cache/data/ba HTTP/2.0" 200 2947 "-" "Mozilla/5.0 AppleWebKit/537.36 (KHTML, like Gecko; compatible; GPTBot/1.2; +https://openai.com/gptbot)" 66 **0/66260**
20.171.207.148 - - [17/Sep/2025:05:26:08 -0700] "GET /admin-post.php?path=//proc/self/root/proc/thread-self/root/proc/thread-self/root/proc/thread-self/root/proc/thread-self/root/proc/self/root/proc/thread-self/root/proc/thread-self/root/proc/self/root/proc/thread-self/root/proc/self/root/proc/thread-self/root/proc/self/root/proc/thread-self/cwd/admin/vendor/psy/psysh/bin HTTP/2.0" 200 2918 "-" "Mozilla/5.0 AppleWebKit/537.36 (KHTML, like Gecko; compatible; GPTBot/1.2; +https://openai.com/gptbot)" 45 **0/45404**
20.171.207.148 - - [17/Sep/2025:05:26:09 -0700] "GET /admin-post.php?path=//proc/self/root/proc/thread-self/root/proc/thread-self/root/proc/thread-self/root/proc/thread-self/root/proc/self/root/proc/thread-self/root/proc/thread-self/root/proc/self/root/proc/thread-self/root/proc/self/root/proc/thread-self/root/proc/self/root/proc/thread-self/cwd/admin/vendor/sebastian/cli-parser/src/exceptions HTTP/2.0" 200 3107 "-" "Mozilla/5.0 AppleWebKit/537.36 (KHTML, like Gecko; compatible; GPTBot/1.2; +https://openai.com/gptbot)" 56 **0/56385**
20.171.207.148 - - [17/Sep/2025:05:26:10 -0700] "GET /admin-post.php?path=//proc/self/root/proc/thread-self/root/proc/thread-self/root/proc/thread-self/root/proc/thread-self/root/proc/self/root/proc/thread-self/root/proc/thread-self/root/proc/self/root/proc/thread-self/root/proc/self/root/proc/thread-self/root/proc/self/root/proc/self/cwd/admin/vendor/santigarcor/laratrust/config HTTP/2.0" 200 2985 "-" "Mozilla/5.0 AppleWebKit/537.36 (KHTML, like Gecko; compatible; GPTBot/1.2; +https://openai.com/gptbot)" 59 **0/59001**
57.141.2.30 - - [17/Sep/2025:05:26:09 -0700] "GET /shopdetail/4015795777?viewfile=/home/o5t6x7pgljbm/public_html/error_log&path=/home/o5t6x7pgljbm/public_html HTTP/2.0" 200 47602659 "-" "meta-externalagent/1.1 (+https://developers.facebook.com/docs/sharing/webmasters/crawler)" 1542 **1/1542343**
20.171.207.148 - - [17/Sep/2025:05:26:11 -0700] "GET /admin-post.php?path=//proc/self/root/proc/thread-self/root/proc/thread-self/root/proc/thread-self/root/proc/thread-self/root/proc/self/root/proc/thread-self/root/proc/thread-self/root/proc/self/root/proc/thread-self/root/proc/self/root/proc/thread-self/root/proc/self/root/proc/thread-self/cwd/admin/vendor/phpunit HTTP/2.0" 200 3040 "-" "Mozilla/5.0 AppleWebKit/537.36 (KHTML, like Gecko; compatible; GPTBot/1.2; +https://openai.com/gptbot)" 63 **0/63614**
20.171.207.148 - - [17/Sep/2025:05:26:12 -0700] "GET /admin-post.php?path=//proc/self/root/proc/thread-self/root/proc/thread-self/root/proc/thread-self/root/proc/thread-self/root/proc/self/root/proc/thread-self/root/proc/thread-self/root/proc/self/root/proc/thread-self/root/proc/self/root/proc/thread-self/root/proc/self/root/proc/thread-self/cwd/admin/vendor/league/commonmark HTTP/2.0" 200 3259 "-" "Mozilla/5.0 AppleWebKit/537.36 (KHTML, like Gecko; compatible; GPTBot/1.2; +https://openai.com/gptbot)" 59 **0/59405**
20.171.207.148 - - [17/Sep/2025:05:26:13 -0700] "GET /admin-post.php?path=//proc/self/root/proc/thread-self/root/proc/thread-self/root/proc/thread-self/root/proc/thread-self/root/proc/self/root/proc/thread-self/root/proc/thread-self/root/proc/self/root/proc/thread-self/root/proc/self/root/proc/thread-self/root/proc/self/root/proc/self/cwd/admin/vendor/laravel/framework HTTP/2.0" 200 3186 "-" "Mozilla/5.0 AppleWebKit/537.36 (KHTML, like Gecko; compatible; GPTBot/1.2; +https://openai.com/gptbot)" 61 **0/61379**
57.141.2.16 - - [17/Sep/2025:05:26:13 -0700] "GET /products/4387079?path=/home/o5t6x7pgljbm/public_html/bootstrap HTTP/2.0" 200 14577 "-" "meta-externalagent/1.1 (+https://developers.facebook.com/docs/sharing/webmasters/crawler)" 100 **0/100787**
57.141.2.14 - - [17/Sep/2025:05:26:14 -0700] "GET /shopdetail/69492225000?viewfile=/home/o5t6x7pgljbm/public_html/install.php&path=/home/o5t6x7pgljbm/public_html HTTP/2.0" 200 16284 "-" "meta-externalagent/1.1 (+https://developers.facebook.com/docs/sharing/webmasters/crawler)" 67 **0/67817**
20.171.207.148 - - [17/Sep/2025:05:26:15 -0700] "GET /admin-post.php?path=//proc/self/root/proc/thread-self/root/proc/thread-self/root/proc/thread-self/root/proc/thread-self/root/proc/self/root/proc/thread-self/root/proc/thread-self/root/proc/self/root/proc/thread-self/root/proc/self/root/proc/thread-self/root/proc/self/root/proc/self/cwd/admin/storage/framework/cache/data/cb HTTP/2.0" 200 2879 "-" "Mozilla/5.0 AppleWebKit/537.36 (KHTML, like Gecko; compatible; GPTBot/1.2; +https://openai.com/gptbot)" 61 **0/61464**
66.249.73.129 - - [17/Sep/2025:05:26:16 -0700] "GET /products/22860724?viewfile=/home/o5t6x7pgljbm/public_html/.editorconfig&path=/home/o5t6x7pgljbm/public_html HTTP/1.1" 200 2563 "-" "Mozilla/5.0 (Linux; Android 6.0.1; Nexus 5X Build/MMB29P) AppleWebKit/537.36 (KHTML, like Gecko) Chrome/140.0.7339.127 Mobile Safari/537.36 (compatible; GoogleOther)" 62 **0/62683**
20.171.207.148 - - [17/Sep/2025:05:26:16 -0700] "GET /admin-post.php?path=//proc/self/root/proc/thread-self/root/proc/thread-self/root/proc/thread-self/root/proc/thread-self/root/proc/self/root/proc/thread-self/root/proc/thread-self/root/proc/self/root/proc/thread-self/root/proc/self/root/proc/thread-self/root/proc/self/root/proc/thread-self/cwd/admin/vendor/ramsey/collection HTTP/2.0" 200 3219 "-" "Mozilla/5.0 AppleWebKit/537.36 (KHTML, like Gecko; compatible; GPTBot/1.2; +https://openai.com/gptbot)" 58 **0/58240**
213.180.203.2 - - [17/Sep/2025:05:26:16 -0700] "GET /robots.txt HTTP/1.1" 200 73 "-" "Mozilla/5.0 (compatible; YandexBot/3.0; +http://yandex.com/bots)" 7 **0/7988**
213.180.203.239 - - [17/Sep/2025:05:26:17 -0700] "GET /team-scypion/ HTTP/1.1" 200 7555 "-" "Mozilla/5.0 (compatible; YandexBot/3.0; +http://yandex.com/bots)" 50 **0/50122**
