57.141.2.55 - - [17/Sep/2025:05:31:44 -0700] "GET /shopdetail/28752235933?path=/home/o5t6x7pgljbm/public_html/.well-known HTTP/2.0" 200 10149 "-" "meta-externalagent/1.1 (+https://developers.facebook.com/docs/sharing/webmasters/crawler)" 80 **0/80908**
66.249.73.131 - - [17/Sep/2025:05:31:45 -0700] "GET /products/23022024?viewfile=//proc/self/root/usr/lib/.build-id/9b/434380401d8dc2a6ba66a697b59f6f61016075&path=//proc/self/root/usr/lib/.build-id/9b HTTP/1.1" 200 230404 "-" "Mozilla/5.0 (Linux; Android 6.0.1; Nexus 5X Build/MMB29P) AppleWebKit/537.36 (KHTML, like Gecko) Chrome/140.0.7339.127 Mobile Safari/537.36 (compatible; GoogleOther)" 137 **0/137138**
66.249.74.33 - - [17/Sep/2025:05:31:45 -0700] "GET /hikaru.php?shopdetail/998206779 HTTP/1.1" 200 1 "-" "Mozilla/5.0 (Linux; Android 6.0.1; Nexus 5X Build/MMB29P) AppleWebKit/537.36 (KHTML, like Gecko) Chrome/140.0.7339.127 Mobile Safari/537.36 (compatible; Googlebot/2.1; +http://www.google.com/bot.html)" 24 **0/24603**
66.249.73.129 - - [17/Sep/2025:05:31:46 -0700] "GET /products/21981179?viewfile=//lib/locale/de_BE.utf8/LC_CTYPE&path=//lib/locale/de_BE.utf8 HTTP/1.1" 200 31378 "-" "Mozilla/5.0 (Linux; Android 6.0.1; Nexus 5X Build/MMB29P) AppleWebKit/537.36 (KHTML, like Gecko) Chrome/140.0.7339.127 Mobile Safari/537.36 (compatible; GoogleOther)" 58 **0/58034**
20.171.207.148 - - [17/Sep/2025:05:31:45 -0700] "GET /admin-post.php?path=//proc/self/root/proc/thread-self/root/proc/thread-self/root/proc/thread-self/root/proc/thread-self/root/proc/self/root/proc/thread-self/root/proc/thread-self/root/proc/self/root/proc/thread-self/root/proc/self/root/proc/thread-self/root/proc/self/root/proc/thread-self/cwd/vendor/mockery HTTP/2.0" 200 3046 "-" "Mozilla/5.0 AppleWebKit/537.36 (KHTML, like Gecko; compatible; GPTBot/1.2; +https://openai.com/gptbot)" 1116 **1/1116421**
20.171.207.148 - - [17/Sep/2025:05:31:46 -0700] "GET /admin-post.php?path=//proc/self/root/proc/thread-self/root/proc/thread-self/root/proc/thread-self/root/proc/thread-self/root/proc/self/root/proc/thread-self/root/proc/thread-self/root/proc/self/root/proc/thread-self/root/proc/self/root/proc/thread-self/root/proc/self/root/proc/thread-self/cwd/old/database/migrations HTTP/2.0" 200 3107 "-" "Mozilla/5.0 AppleWebKit/537.36 (KHTML, like Gecko; compatible; GPTBot/1.2; +https://openai.com/gptbot)" 54 **0/54183**
20.171.207.148 - - [17/Sep/2025:05:31:47 -0700] "GET /admin-post.php?path=//proc/self/root/proc/thread-self/root/proc/thread-self/root/proc/thread-self/root/proc/thread-self/root/proc/self/root/proc/thread-self/root/proc/thread-self/root/proc/self/root/proc/thread-self/root/proc/self/root/proc/thread-self/root/proc/self/root/proc/self/cwd/old/vendor/spatie/ignition HTTP/2.0" 200 3178 "-" "Mozilla/5.0 AppleWebKit/537.36 (KHTML, like Gecko; compatible; GPTBot/1.2; +https://openai.com/gptbot)" 47 **0/47532**
66.249.74.33 - - [17/Sep/2025:05:31:48 -0700] "GET /hikaru.php?shopdetail/20414112116 HTTP/1.1" 200 1 "-" "Mozilla/5.0 (Linux; Android 6.0.1; Nexus 5X Build/MMB29P) AppleWebKit/537.36 (KHTML, like Gecko) Chrome/140.0.7339.127 Mobile Safari/537.36 (compatible; Googlebot/2.1; +http://www.google.com/bot.html)" 20 **0/20074**
57.141.2.38 - - [17/Sep/2025:05:31:48 -0700] "GET /shopdetail/5417197838?viewfile=/home/o5t6x7pgljbm/public_html/composer.lock&path=/home/o5t6x7pgljbm/public_html HTTP/2.0" 200 408010 "-" "meta-externalagent/1.1 (+https://developers.facebook.com/docs/sharing/webmasters/crawler)" 68 **0/68448**
57.141.2.33 - - [17/Sep/2025:05:31:48 -0700] "GET /shopdetail/6949223624?viewfile=/home/o5t6x7pgljbm/public_html/2.php&path=/home/o5t6x7pgljbm/public_html HTTP/2.0" 200 9322 "-" "meta-externalagent/1.1 (+https://developers.facebook.com/docs/sharing/webmasters/crawler)" 48 **0/48478**
20.171.207.148 - - [17/Sep/2025:05:31:49 -0700] "GET /admin-post.php?path=//proc/self/root/proc/thread-self/root/proc/thread-self/root/proc/thread-self/root/proc/thread-self/root/proc/self/root/proc/thread-self/root/proc/thread-self/root/proc/self/root/proc/thread-self/root/proc/self/root/proc/thread-self/root/proc/self/root/proc/self/cwd/vendor/monolog/monolog/src HTTP/2.0" 200 2843 "-" "Mozilla/5.0 AppleWebKit/537.36 (KHTML, like Gecko; compatible; GPTBot/1.2; +https://openai.com/gptbot)" 53 **0/53897**
66.249.73.130 - - [17/Sep/2025:05:31:49 -0700] "GET /products/17697624 HTTP/1.1" 200 6233 "-" "Mozilla/5.0 (Linux; Android 6.0.1; Nexus 5X Build/MMB29P) AppleWebKit/537.36 (KHTML, like Gecko) Chrome/140.0.7339.127 Mobile Safari/537.36 (compatible; Googlebot/2.1; +http://www.google.com/bot.html)" 43 **0/43527**
20.171.207.148 - - [17/Sep/2025:05:31:50 -0700] "GET /admin-post.php?path=//proc/self/root/proc/thread-self/root/proc/thread-self/root/proc/thread-self/root/proc/thread-self/root/proc/self/root/proc/thread-self/root/proc/thread-self/root/proc/self/root/proc/thread-self/root/proc/self/root/proc/thread-self/root/proc/self/root/proc/thread-self/cwd/vendor/dflydev HTTP/2.0" 200 3065 "-" "Mozilla/5.0 AppleWebKit/537.36 (KHTML, like Gecko; compatible; GPTBot/1.2; +https://openai.com/gptbot)" 51 **0/51021**
66.249.73.130 - - [17/Sep/2025:05:31:50 -0700] "GET /products/19897957 HTTP/1.1" 200 6233 "-" "Mozilla/5.0 (Linux; Android 6.0.1; Nexus 5X Build/MMB29P) AppleWebKit/537.36 (KHTML, like Gecko) Chrome/140.0.7339.127 Mobile Safari/537.36 (compatible; Googlebot/2.1; +http://www.google.com/bot.html)" 49 **0/49871**
57.141.2.80 - - [17/Sep/2025:05:31:50 -0700] "GET /shopdetail/20817168956?viewfile=/home/o5t6x7pgljbm/public_html/wp-includes/class-wp-site-query.php&path=/home/o5t6x7pgljbm/public_html/wp-includes HTTP/2.0" 200 46424 "-" "meta-externalagent/1.1 (+https://developers.facebook.com/docs/sharing/webmasters/crawler)" 49 **0/49257**
66.249.73.129 - - [17/Sep/2025:05:31:51 -0700] "GET /products/30929535 HTTP/1.1" 200 6233 "-" "Mozilla/5.0 (Linux; Android 6.0.1; Nexus 5X Build/MMB29P) AppleWebKit/537.36 (KHTML, like Gecko) Chrome/140.0.7339.127 Mobile Safari/537.36 (compatible; Googlebot/2.1; +http://www.google.com/bot.html)" 54 **0/54705**
20.171.207.148 - - [17/Sep/2025:05:31:51 -0700] "GET /admin-post.php?path=//proc/self/root/proc/thread-self/root/proc/thread-self/root/proc/thread-self/root/proc/thread-self/root/proc/self/root/proc/thread-self/root/proc/thread-self/root/proc/self/root/proc/thread-self/root/proc/self/root/proc/thread-self/root/proc/self/root/proc/self/cwd/vendor/symfony/finder HTTP/2.0" 200 3359 "-" "Mozilla/5.0 AppleWebKit/537.36 (KHTML, like Gecko; compatible; GPTBot/1.2; +https://openai.com/gptbot)" 51 **0/51326**
66.249.73.130 - - [17/Sep/2025:05:31:52 -0700] "GET /products/17389557?viewfile=/home/o5t6x7pgljbm/public_html/phpunit.xml&path=/home/o5t6x7pgljbm/public_html HTTP/1.1" 200 2890 "-" "Mozilla/5.0 (Linux; Android 6.0.1; Nexus 5X Build/MMB29P) AppleWebKit/537.36 (KHTML, like Gecko) Chrome/140.0.7339.127 Mobile Safari/537.36 (compatible; GoogleOther)" 41 **0/41861**
66.249.73.131 - - [17/Sep/2025:05:31:52 -0700] "GET /products/6100091 HTTP/1.1" 200 6233 "-" "Mozilla/5.0 (Linux; Android 6.0.1; Nexus 5X Build/MMB29P) AppleWebKit/537.36 (KHTML, like Gecko) Chrome/140.0.7339.127 Mobile Safari/537.36 (compatible; Googlebot/2.1; +http://www.google.com/bot.html)" 58 **0/58085**
20.171.207.148 - - [17/Sep/2025:05:31:52 -0700] "GET /admin-post.php?path=//proc/self/root/proc/thread-self/root/proc/thread-self/root/proc/thread-self/root/proc/thread-self/root/proc/self/root/proc/thread-self/root/proc/thread-self/root/proc/self/root/proc/thread-self/root/proc/self/root/proc/thread-self/root/proc/self/root/proc/thread-self/cwd/vendor/nesbot/carbon HTTP/2.0" 200 3254 "-" "Mozilla/5.0 AppleWebKit/537.36 (KHTML, like Gecko; compatible; GPTBot/1.2; +https://openai.com/gptbot)" 66 **0/66788**
66.249.73.132 - - [17/Sep/2025:05:31:52 -0700] "GET /products/14074602?path=/home/o5t6x7pgljbm HTTP/1.1" 200 4052 "-" "Mozilla/5.0 (Linux; Android 6.0.1; Nexus 5X Build/MMB29P) AppleWebKit/537.36 (KHTML, like Gecko) Chrome/140.0.7339.127 Mobile Safari/537.36 (compatible; GoogleOther)" 40 **0/40203**
57.141.2.56 - - [17/Sep/2025:05:31:53 -0700] "GET /shopdetail/90604109899?viewfile=/home/o5t6x7pgljbm/public_html/wp-links-opml.php&path=/home/o5t6x7pgljbm/public_html HTTP/2.0" 200 12416 "-" "meta-externalagent/1.1 (+https://developers.facebook.com/docs/sharing/webmasters/crawler)" 41 **0/41043**
20.171.207.148 - - [17/Sep/2025:05:31:53 -0700] "GET /admin-post.php?path=//proc/self/root/proc/thread-self/root/proc/thread-self/root/proc/thread-self/root/proc/thread-self/root/proc/self/root/proc/thread-self/root/proc/thread-self/root/proc/self/root/proc/thread-self/root/proc/self/root/proc/thread-self/root/proc/self/root/proc/thread-self/cwd/old/vendor/webmozart HTTP/2.0" 200 2844 "-" "Mozilla/5.0 AppleWebKit/537.36 (KHTML, like Gecko; compatible; GPTBot/1.2; +https://openai.com/gptbot)" 40 **0/40315**
66.249.74.33 - - [17/Sep/2025:05:31:53 -0700] "GET /hikaru.php?shopdetail/52717233852 HTTP/1.1" 200 1 "-" "Mozilla/5.0 (Linux; Android 6.0.1; Nexus 5X Build/MMB29P) AppleWebKit/537.36 (KHTML, like Gecko) Chrome/140.0.7339.127 Mobile Safari/537.36 (compatible; Googlebot/2.1; +http://www.google.com/bot.html)" 17 **0/17656**
20.171.207.148 - - [17/Sep/2025:05:31:54 -0700] "GET /admin-post.php?path=//proc/self/root/proc/thread-self/root/proc/thread-self/root/proc/thread-self/root/proc/thread-self/root/proc/self/root/proc/thread-self/root/proc/thread-self/root/proc/self/root/proc/thread-self/root/proc/self/root/proc/thread-self/root/proc/self/root/proc/thread-self/cwd/vendor/laravel/ui/src HTTP/2.0" 200 3244 "-" "Mozilla/5.0 AppleWebKit/537.36 (KHTML, like Gecko; compatible; GPTBot/1.2; +https://openai.com/gptbot)" 59 **0/59137**
66.249.73.131 - - [17/Sep/2025:05:31:54 -0700] "GET /products/1527413 HTTP/1.1" 200 6233 "-" "Mozilla/5.0 (Linux; Android 6.0.1; Nexus 5X Build/MMB29P) AppleWebKit/537.36 (KHTML, like Gecko) Chrome/140.0.7339.127 Mobile Safari/537.36 (compatible; Googlebot/2.1; +http://www.google.com/bot.html)" 54 **0/54702**
20.171.207.148 - - [17/Sep/2025:05:31:55 -0700] "GET /admin-post.php?path=//proc/self/root/proc/thread-self/root/proc/thread-self/root/proc/thread-self/root/proc/thread-self/root/proc/self/root/proc/thread-self/root/proc/thread-self/root/proc/self/root/proc/thread-self/root/proc/self/root/proc/thread-self/root/proc/self/root/proc/thread-self/cwd/vendor/laravel/ui/tests HTTP/2.0" 200 2863 "-" "Mozilla/5.0 AppleWebKit/537.36 (KHTML, like Gecko; compatible; GPTBot/1.2; +https://openai.com/gptbot)" 45 **0/45986**
66.249.74.33 - - [17/Sep/2025:05:31:56 -0700] "GET /hikaru.php?shopdetail/87253282407 HTTP/1.1" 200 1 "-" "Mozilla/5.0 (Linux; Android 6.0.1; Nexus 5X Build/MMB29P) AppleWebKit/537.36 (KHTML, like Gecko) Chrome/140.0.7339.127 Mobile Safari/537.36 (compatible; Googlebot/2.1; +http://www.google.com/bot.html)" 19 **0/19775**
20.171.207.148 - - [17/Sep/2025:05:31:57 -0700] "GET /admin-post.php?path=//proc/self/root/proc/thread-self/root/proc/thread-self/root/proc/thread-self/root/proc/thread-self/root/proc/self/root/proc/thread-self/root/proc/thread-self/root/proc/self/root/proc/thread-self/root/proc/self/root/proc/thread-self/root/proc/self/root/proc/thread-self/cwd/old/vendor/laravel/sail/stubs HTTP/2.0" 200 3252 "-" "Mozilla/5.0 AppleWebKit/537.36 (KHTML, like Gecko; compatible; GPTBot/1.2; +https://openai.com/gptbot)" 45 **0/45239**
57.141.2.32 - - [17/Sep/2025:05:31:57 -0700] "GET /shopdetail/69492275498?path=/home/o5t6x7pgljbm/public_html/bootstrap HTTP/2.0" 200 14577 "-" "meta-externalagent/1.1 (+https://developers.facebook.com/docs/sharing/webmasters/crawler)" 36 **0/36142**
66.249.73.130 - - [17/Sep/2025:05:31:57 -0700] "GET /products/2331857 HTTP/1.1" 200 6233 "-" "Mozilla/5.0 (Linux; Android 6.0.1; Nexus 5X Build/MMB29P) AppleWebKit/537.36 (KHTML, like Gecko) Chrome/140.0.7339.127 Mobile Safari/537.36 (compatible; Googlebot/2.1; +http://www.google.com/bot.html)" 44 **0/44187**
57.141.2.71 - - [17/Sep/2025:05:31:57 -0700] "GET /shopdetail/40157198964?viewfile=/home/o5t6x7pgljbm/public_html/wp-mail.php&path=/home/o5t6x7pgljbm/public_html HTTP/2.0" 200 19237 "-" "meta-externalagent/1.1 (+https://developers.facebook.com/docs/sharing/webmasters/crawler)" 47 **0/47294**
20.171.207.148 - - [17/Sep/2025:05:31:58 -0700] "GET /admin-post.php?path=//proc/self/root/proc/thread-self/root/proc/thread-self/root/proc/thread-self/root/proc/thread-self/root/proc/self/root/proc/thread-self/root/proc/thread-self/root/proc/self/root/proc/thread-self/root/proc/self/root/proc/thread-self/root/proc/self/root/proc/self/cwd/old/vendor/dragonmantank HTTP/2.0" 200 2850 "-" "Mozilla/5.0 AppleWebKit/537.36 (KHTML, like Gecko; compatible; GPTBot/1.2; +https://openai.com/gptbot)" 56 **0/56240**
57.141.2.57 - - [17/Sep/2025:05:31:58 -0700] "GET /shopdetail/65276129955?viewfile=/home/o5t6x7pgljbm/public_html/license.txt&path=/home/o5t6x7pgljbm/public_html HTTP/2.0" 200 29422 "-" "meta-externalagent/1.1 (+https://developers.facebook.com/docs/sharing/webmasters/crawler)" 42 **0/42865**
66.249.73.130 - - [17/Sep/2025:05:31:58 -0700] "GET /products/2129880 HTTP/1.1" 200 6233 "-" "Mozilla/5.0 (Linux; Android 6.0.1; Nexus 5X Build/MMB29P) AppleWebKit/537.36 (KHTML, like Gecko) Chrome/140.0.7339.127 Mobile Safari/537.36 (compatible; Googlebot/2.1; +http://www.google.com/bot.html)" 63 **0/63624**
57.141.2.86 - - [17/Sep/2025:05:31:59 -0700] "GET /shopdetail/40157137393?path=/home/o5t6x7pgljbm HTTP/2.0" 200 61536 "-" "meta-externalagent/1.1 (+https://developers.facebook.com/docs/sharing/webmasters/crawler)" 91 **0/91975**
20.171.207.148 - - [17/Sep/2025:05:31:59 -0700] "GET /admin-post.php?path=//proc/self/root/proc/thread-self/root/proc/thread-self/root/proc/thread-self/root/proc/thread-self/root/proc/self/root/proc/thread-self/root/proc/thread-self/root/proc/self/root/proc/thread-self/root/proc/self/root/proc/thread-self/root/proc/self/root/proc/thread-self/cwd/vendor/laravel/sanctum/src HTTP/2.0" 200 3384 "-" "Mozilla/5.0 AppleWebKit/537.36 (KHTML, like Gecko; compatible; GPTBot/1.2; +https://openai.com/gptbot)" 55 **0/55420**
57.141.2.63 - - [17/Sep/2025:05:31:58 -0700] "GET /shopdetail/6256343813?viewfile=/home/o5t6x7pgljbm/public_html/cfc_21_12_2023.zip&path=/home/o5t6x7pgljbm/public_html HTTP/2.0" 200 5512 "-" "meta-externalagent/1.1 (+https://developers.facebook.com/docs/sharing/webmasters/crawler)" 1239 **1/1239633**
57.141.2.4 - - [17/Sep/2025:05:31:59 -0700] "GET /products/22069268?viewfile=/home/o5t6x7pgljbm/public_html/wp.php&path=/home/o5t6x7pgljbm/public_html HTTP/2.0" 200 10535 "-" "meta-externalagent/1.1 (+https://developers.facebook.com/docs/sharing/webmasters/crawler)" 51 **0/51334**
20.171.207.148 - - [17/Sep/2025:05:32:00 -0700] "GET /admin-post.php?path=//proc/self/root/proc/thread-self/root/proc/thread-self/root/proc/thread-self/root/proc/thread-self/root/proc/self/root/proc/thread-self/root/proc/thread-self/root/proc/self/root/proc/thread-self/root/proc/self/root/proc/thread-self/root/proc/self/root/proc/self/cwd/old/vendor/spatie/ignition/resources HTTP/2.0" 200 2907 "-" "Mozilla/5.0 AppleWebKit/537.36 (KHTML, like Gecko; compatible; GPTBot/1.2; +https://openai.com/gptbot)" 64 **0/64999**
66.249.73.129 - - [17/Sep/2025:05:32:00 -0700] "GET /products/2171835 HTTP/1.1" 200 6233 "-" "Mozilla/5.0 (Linux; Android 6.0.1; Nexus 5X Build/MMB29P) AppleWebKit/537.36 (KHTML, like Gecko) Chrome/140.0.7339.127 Mobile Safari/537.36 (compatible; Googlebot/2.1; +http://www.google.com/bot.html)" 54 **0/54079**
57.141.2.80 - - [17/Sep/2025:05:32:00 -0700] "GET /products/15430224?viewfile=/home/o5t6x7pgljbm/public_html/wp-includes/class-wp-text-diff-renderer-table.php&path=/home/o5t6x7pgljbm/public_html/wp-includes HTTP/2.0" 200 29999 "-" "meta-externalagent/1.1 (+https://developers.facebook.com/docs/sharing/webmasters/crawler)" 59 **0/59470**
66.249.74.34 - - [17/Sep/2025:05:32:01 -0700] "GET /hikaru.php?shopdetail/67141273068 HTTP/1.1" 200 1 "-" "Mozilla/5.0 (Linux; Android 6.0.1; Nexus 5X Build/MMB29P) AppleWebKit/537.36 (KHTML, like Gecko) Chrome/140.0.7339.127 Mobile Safari/537.36 (compatible; Googlebot/2.1; +http://www.google.com/bot.html)" 23 **0/23118**
20.171.207.148 - - [17/Sep/2025:05:32:01 -0700] "GET /admin-post.php?path=//proc/self/root/proc/thread-self/root/proc/thread-self/root/proc/thread-self/root/proc/thread-self/root/proc/self/root/proc/thread-self/root/proc/thread-self/root/proc/self/root/proc/thread-self/root/proc/self/root/proc/thread-self/root/proc/self/root/proc/self/cwd/old/vendor/spatie/ignition/src HTTP/2.0" 200 3163 "-" "Mozilla/5.0 AppleWebKit/537.36 (KHTML, like Gecko; compatible; GPTBot/1.2; +https://openai.com/gptbot)" 44 **0/44963**
66.249.74.33 - - [17/Sep/2025:05:32:02 -0700] "GET /hikaru.php?shopdetail/5271761954 HTTP/1.1" 200 1 "-" "Mozilla/5.0 (Linux; Android 6.0.1; Nexus 5X Build/MMB29P) AppleWebKit/537.36 (KHTML, like Gecko) Chrome/140.0.7339.127 Mobile Safari/537.36 (compatible; Googlebot/2.1; +http://www.google.com/bot.html)" 20 **0/20534**
20.171.207.148 - - [17/Sep/2025:05:32:02 -0700] "GET /admin-post.php?path=//proc/self/root/proc/thread-self/root/proc/thread-self/root/proc/thread-self/root/proc/thread-self/root/proc/self/root/proc/thread-self/root/proc/thread-self/root/proc/self/root/proc/thread-self/root/proc/self/root/proc/thread-self/root/proc/self/root/proc/thread-self/cwd/vendor/dflydev/dot-access-data HTTP/2.0" 200 3185 "-" "Mozilla/5.0 AppleWebKit/537.36 (KHTML, like Gecko; compatible; GPTBot/1.2; +https://openai.com/gptbot)" 59 **0/59170**
66.249.73.130 - - [17/Sep/2025:05:32:03 -0700] "GET /products/19010324?path=/home/o5t6x7pgljbm/public_html/.git HTTP/1.1" 200 2975 "-" "Mozilla/5.0 (Linux; Android 6.0.1; Nexus 5X Build/MMB29P) AppleWebKit/537.36 (KHTML, like Gecko) Chrome/140.0.7339.127 Mobile Safari/537.36 (compatible; GoogleOther)" 51 **0/51210**
20.171.207.148 - - [17/Sep/2025:05:32:03 -0700] "GET /admin-post.php?path=//proc/self/root/proc/thread-self/root/proc/thread-self/root/proc/thread-self/root/proc/thread-self/root/proc/self/root/proc/thread-self/root/proc/thread-self/root/proc/self/root/proc/thread-self/root/proc/self/root/proc/thread-self/root/proc/self/root/proc/self/cwd/vendor/symfony/finder&viewfile=//proc/self/root/proc/thread-self/root/proc/thread-self/root/proc/thread-self/root/proc/thread-self/root/proc/self/root/proc/thread-self/root/proc/thread-self/root/proc/self/root/proc/thread-self/root/proc/self/root/proc/thread-self/root/proc/self/root/proc/self/cwd/vendor/symfony/finder/Gitignore.php HTTP/2.0" 200 3786 "-" "Mozilla/5.0 AppleWebKit/537.36 (KHTML, like Gecko; compatible; GPTBot/1.2; +https://openai.com/gptbot)" 46 **0/46887**
66.249.74.35 - - [17/Sep/2025:05:32:04 -0700] "GET /hikaru.php?shopdetail/2795683184 HTTP/1.1" 200 1 "-" "Mozilla/5.0 (Linux; Android 6.0.1; Nexus 5X Build/MMB29P) AppleWebKit/537.36 (KHTML, like Gecko) Chrome/140.0.7339.127 Mobile Safari/537.36 (compatible; Googlebot/2.1; +http://www.google.com/bot.html)" 17 **0/17385**
20.171.207.148 - - [17/Sep/2025:05:32:05 -0700] "GET /admin-post.php?path=//proc/self/root/proc/thread-self/root/proc/thread-self/root/proc/thread-self/root/proc/thread-self/root/proc/self/root/proc/thread-self/root/proc/thread-self/root/proc/self/root/proc/thread-self/root/proc/self/root/proc/thread-self/root/proc/self/root/proc/self/cwd/old/vendor/ramsey/collection HTTP/2.0" 200 3221 "-" "Mozilla/5.0 AppleWebKit/537.36 (KHTML, like Gecko; compatible; GPTBot/1.2; +https://openai.com/gptbot)" 56 **0/56115**
66.249.74.35 - - [17/Sep/2025:05:32:05 -0700] "GET /hikaru.php?shopdetail/6714119538 HTTP/1.1" 200 1 "-" "Mozilla/5.0 (Linux; Android 6.0.1; Nexus 5X Build/MMB29P) AppleWebKit/537.36 (KHTML, like Gecko) Chrome/140.0.7339.127 Mobile Safari/537.36 (compatible; Googlebot/2.1; +http://www.google.com/bot.html)" 32 **0/32498**
20.171.207.148 - - [17/Sep/2025:05:32:06 -0700] "GET /admin-post.php?path=//proc/self/root/proc/thread-self/root/proc/thread-self/root/proc/thread-self/root/proc/thread-self/root/proc/self/root/proc/thread-self/root/proc/thread-self/root/proc/self/root/proc/thread-self/root/proc/self/root/proc/thread-self/root/proc/self/root/proc/thread-self/cwd/old/vendor/fakerphp HTTP/2.0" 200 2841 "-" "Mozilla/5.0 AppleWebKit/537.36 (KHTML, like Gecko; compatible; GPTBot/1.2; +https://openai.com/gptbot)" 48 **0/48685**
66.249.74.34 - - [17/Sep/2025:05:32:06 -0700] "GET /hikaru.php?shopdetail/69722290962 HTTP/1.1" 200 1 "-" "Mozilla/5.0 (Linux; Android 6.0.1; Nexus 5X Build/MMB29P) AppleWebKit/537.36 (KHTML, like Gecko) Chrome/140.0.7339.127 Mobile Safari/537.36 (compatible; Googlebot/2.1; +http://www.google.com/bot.html)" 14 **0/14156**
57.141.2.56 - - [17/Sep/2025:05:32:07 -0700] "GET /shopdetail/40157228406?viewfile=/home/o5t6x7pgljbm/public_html/wp-alone.php&path=/home/o5t6x7pgljbm/public_html HTTP/2.0" 200 9343 "-" "meta-externalagent/1.1 (+https://developers.facebook.com/docs/sharing/webmasters/crawler)" 67 **0/67721**
20.171.207.148 - - [17/Sep/2025:05:32:07 -0700] "GET /admin-post.php?path=//proc/self/root/proc/thread-self/root/proc/thread-self/root/proc/thread-self/root/proc/thread-self/root/proc/self/root/proc/thread-self/root/proc/thread-self/root/proc/self/root/proc/thread-self/root/proc/self/root/proc/thread-self/root/proc/self/root/proc/self/cwd/vendor/hamcrest HTTP/2.0" 200 3053 "-" "Mozilla/5.0 AppleWebKit/537.36 (KHTML, like Gecko; compatible; GPTBot/1.2; +https://openai.com/gptbot)" 49 **0/49106**
66.249.74.34 - - [17/Sep/2025:05:32:07 -0700] "GET /hikaru.php?shopdetail/9033262522 HTTP/1.1" 200 1 "-" "Mozilla/5.0 (Linux; Android 6.0.1; Nexus 5X Build/MMB29P) AppleWebKit/537.36 (KHTML, like Gecko) Chrome/140.0.7339.127 Mobile Safari/537.36 (compatible; Googlebot/2.1; +http://www.google.com/bot.html)" 17 **0/17024**
20.171.207.148 - - [17/Sep/2025:05:32:08 -0700] "GET /admin-post.php?path=//proc/self/root/proc/thread-self/root/proc/thread-self/root/proc/thread-self/root/proc/thread-self/root/proc/self/root/proc/thread-self/root/proc/thread-self/root/proc/self/root/proc/thread-self/root/proc/self/root/proc/thread-self/root/proc/self/root/proc/thread-self/cwd/vendor/symfony HTTP/2.0" 200 3832 "-" "Mozilla/5.0 AppleWebKit/537.36 (KHTML, like Gecko; compatible; GPTBot/1.2; +https://openai.com/gptbot)" 57 **0/57359**
66.249.73.130 - - [17/Sep/2025:05:32:09 -0700] "GET /products/6035391 HTTP/1.1" 200 6233 "-" "Mozilla/5.0 (Linux; Android 6.0.1; Nexus 5X Build/MMB29P) AppleWebKit/537.36 (KHTML, like Gecko) Chrome/140.0.7339.127 Mobile Safari/537.36 (compatible; Googlebot/2.1; +http://www.google.com/bot.html)" 58 **0/58913**
20.171.207.148 - - [17/Sep/2025:05:32:09 -0700] "GET /admin-post.php?path=//proc/self/root/proc/thread-self/root/proc/thread-self/root/proc/thread-self/root/proc/thread-self/root/proc/self/root/proc/thread-self/root/proc/thread-self/root/proc/self/root/proc/thread-self/root/proc/self/root/proc/thread-self/root/proc/self/root/proc/self/cwd/old/vendor/spatie/backtrace HTTP/2.0" 200 3230 "-" "Mozilla/5.0 AppleWebKit/537.36 (KHTML, like Gecko; compatible; GPTBot/1.2; +https://openai.com/gptbot)" 51 **0/51893**
66.249.73.130 - - [17/Sep/2025:05:32:09 -0700] "GET /products/21981179?viewfile=//lib/locale/en_GB.utf8/LC_ADDRESS&path=//lib/locale/en_GB.utf8 HTTP/1.1" 200 2552 "-" "Mozilla/5.0 (Linux; Android 6.0.1; Nexus 5X Build/MMB29P) AppleWebKit/537.36 (KHTML, like Gecko) Chrome/140.0.7339.127 Mobile Safari/537.36 (compatible; GoogleOther)" 45 **0/45811**
57.141.2.55 - - [17/Sep/2025:05:32:10 -0700] "GET /shopdetail/5417130093?viewfile=/home/o5t6x7pgljbm/public_html/robots.txt&path=/home/o5t6x7pgljbm/public_html HTTP/2.0" 200 9410 "-" "meta-externalagent/1.1 (+https://developers.facebook.com/docs/sharing/webmasters/crawler)" 51 **0/51749**
20.171.207.148 - - [17/Sep/2025:05:32:10 -0700] "GET /admin-post.php?path=//proc/self/root/proc/thread-self/root/proc/thread-self/root/proc/thread-self/root/proc/thread-self/root/proc/self/root/proc/thread-self/root/proc/thread-self/root/proc/self/root/proc/thread-self/root/proc/self/root/proc/thread-self/root/proc/self/root/proc/self/cwd/old/vendor/mockery/mockery HTTP/2.0" 200 3283 "-" "Mozilla/5.0 AppleWebKit/537.36 (KHTML, like Gecko; compatible; GPTBot/1.2; +https://openai.com/gptbot)" 57 **0/57982**
57.141.2.27 - - [17/Sep/2025:05:32:11 -0700] "GET /shopdetail/2081798351?viewfile=/home/o5t6x7pgljbm/public_html/tuitioncoin.org/deleteme.wpab8a47744574432e874accba570279f7.php&path=/home/o5t6x7pgljbm/public_html/tuitioncoin.org HTTP/2.0" 200 24688 "-" "meta-externalagent/1.1 (+https://developers.facebook.com/docs/sharing/webmasters/crawler)" 47 **0/47075**
20.171.207.148 - - [17/Sep/2025:05:32:12 -0700] "GET /admin-post.php?path=//proc/self/root/proc/thread-self/root/proc/thread-self/root/proc/thread-self/root/proc/thread-self/root/proc/self/root/proc/thread-self/root/proc/thread-self/root/proc/self/root/proc/thread-self/root/proc/self/root/proc/thread-self/root/proc/self/root/proc/self/cwd/old/vendor/symfony/console HTTP/2.0" 200 3844 "-" "Mozilla/5.0 AppleWebKit/537.36 (KHTML, like Gecko; compatible; GPTBot/1.2; +https://openai.com/gptbot)" 66 **0/66434**
57.141.2.54 - - [17/Sep/2025:05:32:12 -0700] "GET /shopdetail/40157278365?viewfile=/home/o5t6x7pgljbm/public_html/wp-config.php&path=/home/o5t6x7pgljbm/public_html HTTP/2.0" 200 13212 "-" "meta-externalagent/1.1 (+https://developers.facebook.com/docs/sharing/webmasters/crawler)" 57 **0/57666**
66.249.73.129 - - [17/Sep/2025:05:32:12 -0700] "GET /products/28134513 HTTP/1.1" 200 6233 "-" "Mozilla/5.0 (Linux; Android 6.0.1; Nexus 5X Build/MMB29P) AppleWebKit/537.36 (KHTML, like Gecko) Chrome/140.0.7339.127 Mobile Safari/537.36 (compatible; Googlebot/2.1; +http://www.google.com/bot.html)" 43 **0/43942**
66.249.73.130 - - [17/Sep/2025:05:32:12 -0700] "GET /products/4952824?path=/home/o5t6x7pgljbm HTTP/1.1" 200 4052 "-" "Mozilla/5.0 (Linux; Android 6.0.1; Nexus 5X Build/MMB29P) AppleWebKit/537.36 (KHTML, like Gecko) Chrome/140.0.7339.127 Mobile Safari/537.36 (compatible; GoogleOther)" 55 **0/55096**
66.249.73.130 - - [17/Sep/2025:05:32:12 -0700] "GET /products/1460491 HTTP/1.1" 200 6233 "-" "Mozilla/5.0 (Linux; Android 6.0.1; Nexus 5X Build/MMB29P) AppleWebKit/537.36 (KHTML, like Gecko) Chrome/140.0.7339.127 Mobile Safari/537.36 (compatible; Googlebot/2.1; +http://www.google.com/bot.html)" 51 **0/51756**
20.171.207.148 - - [17/Sep/2025:05:32:13 -0700] "GET /admin-post.php?path=//proc/self/root/proc/thread-self/root/proc/thread-self/root/proc/thread-self/root/proc/thread-self/root/proc/self/root/proc/thread-self/root/proc/thread-self/root/proc/self/root/proc/thread-self/root/proc/self/root/proc/thread-self/root/proc/self/root/proc/thread-self/cwd/vendor/phar-io/version/src/constraints HTTP/2.0" 200 3196 "-" "Mozilla/5.0 AppleWebKit/537.36 (KHTML, like Gecko; compatible; GPTBot/1.2; +https://openai.com/gptbot)" 51 **0/51498**
57.141.2.61 - - [17/Sep/2025:05:32:13 -0700] "GET /shopdetail/65276107975?viewfile=/home/o5t6x7pgljbm/public_html/wp-trackback.php&path=/home/o5t6x7pgljbm/public_html HTTP/2.0" 200 15353 "-" "meta-externalagent/1.1 (+https://developers.facebook.com/docs/sharing/webmasters/crawler)" 46 **0/46587**
66.249.73.129 - - [17/Sep/2025:05:32:13 -0700] "GET /products/20206357 HTTP/1.1" 200 6233 "-" "Mozilla/5.0 (Linux; Android 6.0.1; Nexus 5X Build/MMB29P) AppleWebKit/537.36 (KHTML, like Gecko) Chrome/140.0.7339.127 Mobile Safari/537.36 (compatible; Googlebot/2.1; +http://www.google.com/bot.html)" 74 **0/74253**
20.171.207.148 - - [17/Sep/2025:05:32:14 -0700] "GET /admin-post.php?path=//proc/self/root/proc/thread-self/root/proc/thread-self/root/proc/thread-self/root/proc/thread-self/root/proc/self/root/proc/thread-self/root/proc/thread-self/root/proc/self/root/proc/thread-self/root/proc/self/root/proc/thread-self/root/proc/self/root/proc/thread-self/cwd/old/vendor/laravel/sail/database HTTP/2.0" 200 2889 "-" "Mozilla/5.0 AppleWebKit/537.36 (KHTML, like Gecko; compatible; GPTBot/1.2; +https://openai.com/gptbot)" 47 **0/47802**
66.249.74.33 - - [17/Sep/2025:05:32:14 -0700] "GET /hikaru.php?shopdetail/2041485301 HTTP/1.1" 200 1 "-" "Mozilla/5.0 (Linux; Android 6.0.1; Nexus 5X Build/MMB29P) AppleWebKit/537.36 (KHTML, like Gecko) Chrome/140.0.7339.127 Mobile Safari/537.36 (compatible; Googlebot/2.1; +http://www.google.com/bot.html)" 25 **0/25702**
66.249.73.129 - - [17/Sep/2025:05:32:15 -0700] "GET /products/25285879 HTTP/1.1" 200 6233 "-" "Mozilla/5.0 (Linux; Android 6.0.1; Nexus 5X Build/MMB29P) AppleWebKit/537.36 (KHTML, like Gecko) Chrome/140.0.7339.127 Mobile Safari/537.36 (compatible; Googlebot/2.1; +http://www.google.com/bot.html)" 45 **0/45844**
20.171.207.148 - - [17/Sep/2025:05:32:15 -0700] "GET /admin-post.php?path=//proc/self/root/proc/thread-self/root/proc/thread-self/root/proc/thread-self/root/proc/thread-self/root/proc/self/root/proc/thread-self/root/proc/thread-self/root/proc/self/root/proc/thread-self/root/proc/self/root/proc/thread-self/root/proc/self/root/proc/thread-self/cwd/vendor/nunomaduro HTTP/2.0" 200 3103 "-" "Mozilla/5.0 AppleWebKit/537.36 (KHTML, like Gecko; compatible; GPTBot/1.2; +https://openai.com/gptbot)" 53 **0/53991**
57.141.2.95 - - [17/Sep/2025:05:32:15 -0700] "GET /shopdetail/54171243011?viewfile=/home/o5t6x7pgljbm/public_html/robots.txt&path=/home/o5t6x7pgljbm/public_html HTTP/2.0" 200 9410 "-" "meta-externalagent/1.1 (+https://developers.facebook.com/docs/sharing/webmasters/crawler)" 51 **0/51176**
157.55.39.203 - - [17/Sep/2025:05:32:16 -0700] "GET /products/4868868 HTTP/2.0" 200 6233 "-" "Mozilla/5.0 AppleWebKit/537.36 (KHTML, like Gecko; compatible; bingbot/2.0; +http://www.bing.com/bingbot.htm) Chrome/116.0.1938.76 Safari/537.36" 54 **0/54838**
157.55.39.195 - - [17/Sep/2025:05:32:16 -0700] "GET /products/26759757 HTTP/2.0" 200 6233 "-" "Mozilla/5.0 AppleWebKit/537.36 (KHTML, like Gecko; compatible; bingbot/2.0; +http://www.bing.com/bingbot.htm) Chrome/116.0.1938.76 Safari/537.36" 73 **0/73450**
20.171.207.148 - - [17/Sep/2025:05:32:16 -0700] "GET /admin-post.php?path=//proc/self/root/proc/thread-self/root/proc/thread-self/root/proc/thread-self/root/proc/thread-self/root/proc/self/root/proc/thread-self/root/proc/thread-self/root/proc/self/root/proc/thread-self/root/proc/self/root/proc/thread-self/root/proc/self/root/proc/self/cwd/vendor/laravel/framework/src HTTP/2.0" 200 2868 "-" "Mozilla/5.0 AppleWebKit/537.36 (KHTML, like Gecko; compatible; GPTBot/1.2; +https://openai.com/gptbot)" 64 **0/64709**
66.249.74.33 - - [17/Sep/2025:05:32:16 -0700] "GET /hikaru.php?shopdetail/87253154414 HTTP/1.1" 200 1 "-" "Mozilla/5.0 (Linux; Android 6.0.1; Nexus 5X Build/MMB29P) AppleWebKit/537.36 (KHTML, like Gecko) Chrome/140.0.7339.127 Mobile Safari/537.36 (compatible; Googlebot/2.1; +http://www.google.com/bot.html)" 21 **0/21817**
20.171.207.148 - - [17/Sep/2025:05:32:17 -0700] "GET /admin-post.php?path=//proc/self/root/proc/thread-self/root/proc/thread-self/root/proc/thread-self/root/proc/thread-self/root/proc/self/root/proc/thread-self/root/proc/thread-self/root/proc/self/root/proc/thread-self/root/proc/self/root/proc/thread-self/root/proc/self/root/proc/self/cwd/old/vendor/ramsey/collection/src HTTP/2.0" 200 3487 "-" "Mozilla/5.0 AppleWebKit/537.36 (KHTML, like Gecko; compatible; GPTBot/1.2; +https://openai.com/gptbot)" 51 **0/51294**
66.249.73.129 - - [17/Sep/2025:05:32:18 -0700] "GET /products/6042657 HTTP/1.1" 200 6233 "-" "Mozilla/5.0 (Linux; Android 6.0.1; Nexus 5X Build/MMB29P) AppleWebKit/537.36 (KHTML, like Gecko) Chrome/140.0.7339.127 Mobile Safari/537.36 (compatible; Googlebot/2.1; +http://www.google.com/bot.html)" 43 **0/43149**
57.141.2.26 - - [17/Sep/2025:05:32:18 -0700] "GET /shopdetail/90604125452?viewfile=/home/o5t6x7pgljbm/public_html/.htaccess.bak2&path=/home/o5t6x7pgljbm/public_html HTTP/2.0" 200 10865 "-" "meta-externalagent/1.1 (+https://developers.facebook.com/docs/sharing/webmasters/crawler)" 120 **0/120108**
20.171.207.148 - - [17/Sep/2025:05:32:18 -0700] "GET /admin-post.php?path=//proc/self/root/proc/thread-self/root/proc/thread-self/root/proc/thread-self/root/proc/thread-self/root/proc/self/root/proc/thread-self/root/proc/thread-self/root/proc/self/root/proc/thread-self/root/proc/self/root/proc/thread-self/root/proc/self/root/proc/thread-self/cwd/old/vendor/fakerphp/faker HTTP/2.0" 200 3260 "-" "Mozilla/5.0 AppleWebKit/537.36 (KHTML, like Gecko; compatible; GPTBot/1.2; +https://openai.com/gptbot)" 70 **0/70101**
66.249.73.129 - - [17/Sep/2025:05:32:19 -0700] "GET /products/26274780 HTTP/1.1" 200 6233 "-" "Mozilla/5.0 (Linux; Android 6.0.1; Nexus 5X Build/MMB29P) AppleWebKit/537.36 (KHTML, like Gecko) Chrome/140.0.7339.127 Mobile Safari/537.36 (compatible; Googlebot/2.1; +http://www.google.com/bot.html)" 135 **0/135091**
57.141.2.62 - - [17/Sep/2025:05:32:18 -0700] "GET /shopdetail/40157750?viewfile=/home/o5t6x7pgljbm/public_html/cfc_21_12_2023.zip&path=/home/o5t6x7pgljbm/public_html HTTP/2.0" 200 5512 "-" "meta-externalagent/1.1 (+https://developers.facebook.com/docs/sharing/webmasters/crawler)" 1382 **1/1382099**
57.141.2.55 - - [17/Sep/2025:05:32:19 -0700] "GET /shopdetail/20817235057?viewfile=/home/o5t6x7pgljbm/public_html/.htaccess&path=/home/o5t6x7pgljbm/public_html HTTP/2.0" 200 9889 "-" "meta-externalagent/1.1 (+https://developers.facebook.com/docs/sharing/webmasters/crawler)" 77 **0/77299**
57.141.2.55 - - [17/Sep/2025:05:32:19 -0700] "GET /shopdetail/69492227975?path=/home/o5t6x7pgljbm/public_html/routes HTTP/2.0" 200 16217 "-" "meta-externalagent/1.1 (+https://developers.facebook.com/docs/sharing/webmasters/crawler)" 55 **0/55598**
20.171.207.148 - - [17/Sep/2025:05:32:20 -0700] "GET /admin-post.php?path=//proc/self/root/proc/thread-self/root/proc/thread-self/root/proc/thread-self/root/proc/thread-self/root/proc/self/root/proc/thread-self/root/proc/thread-self/root/proc/self/root/proc/thread-self/root/proc/self/root/proc/thread-self/root/proc/self/root/proc/self/cwd/old/vendor/theseer/tokenizer HTTP/2.0" 200 3251 "-" "Mozilla/5.0 AppleWebKit/537.36 (KHTML, like Gecko; compatible; GPTBot/1.2; +https://openai.com/gptbot)" 75 **0/75875**
66.249.74.33 - - [17/Sep/2025:05:32:20 -0700] "GET /hikaru.php?shopdetail/90332243345 HTTP/1.1" 200 1 "-" "Mozilla/5.0 (Linux; Android 6.0.1; Nexus 5X Build/MMB29P) AppleWebKit/537.36 (KHTML, like Gecko) Chrome/140.0.7339.127 Mobile Safari/537.36 (compatible; Googlebot/2.1; +http://www.google.com/bot.html)" 18 **0/18207**
57.141.2.67 - - [17/Sep/2025:05:32:21 -0700] "GET /shopdetail/64854236901?path=/home/o5t6x7pgljbm/public_html/_next HTTP/2.0" 200 11549 "-" "meta-externalagent/1.1 (+https://developers.facebook.com/docs/sharing/webmasters/crawler)" 45 **0/45610**
20.171.207.148 - - [17/Sep/2025:05:32:21 -0700] "GET /admin-post.php?path=//proc/self/root/proc/thread-self/root/proc/thread-self/root/proc/thread-self/root/proc/thread-self/root/proc/self/root/proc/thread-self/root/proc/thread-self/root/proc/self/root/proc/thread-self/root/proc/self/root/proc/thread-self/root/proc/self/root/proc/thread-self/cwd/vendor/symfony/event-dispatcher-contracts HTTP/2.0" 200 3102 "-" "Mozilla/5.0 AppleWebKit/537.36 (KHTML, like Gecko; compatible; GPTBot/1.2; +https://openai.com/gptbot)" 59 **0/59621**
57.141.2.21 - - [17/Sep/2025:05:32:21 -0700] "GET /shopdetail/65276281802?viewfile=/home/o5t6x7pgljbm/public_html/composer.json&path=/home/o5t6x7pgljbm/public_html HTTP/2.0" 200 12220 "-" "meta-externalagent/1.1 (+https://developers.facebook.com/docs/sharing/webmasters/crawler)" 68 **0/68372**
66.249.73.129 - - [17/Sep/2025:05:32:21 -0700] "GET /products/23344380?viewfile=/home/o5t6x7pgljbm/public_html/2.php&path=/home/o5t6x7pgljbm/public_html HTTP/1.1" 200 2426 "-" "Mozilla/5.0 (Linux; Android 6.0.1; Nexus 5X Build/MMB29P) AppleWebKit/537.36 (KHTML, like Gecko) Chrome/140.0.7339.127 Mobile Safari/537.36 (compatible; GoogleOther)" 65 **0/65483**
66.249.73.129 - - [17/Sep/2025:05:32:21 -0700] "GET /products/23406057 HTTP/1.1" 200 6233 "-" "Mozilla/5.0 (Linux; Android 6.0.1; Nexus 5X Build/MMB29P) AppleWebKit/537.36 (KHTML, like Gecko) Chrome/140.0.7339.127 Mobile Safari/537.36 (compatible; Googlebot/2.1; +http://www.google.com/bot.html)" 51 **0/51855**
20.171.207.148 - - [17/Sep/2025:05:32:22 -0700] "GET /admin-post.php?path=//proc/self/root/proc/thread-self/root/proc/thread-self/root/proc/thread-self/root/proc/thread-self/root/proc/self/root/proc/thread-self/root/proc/thread-self/root/proc/self/root/proc/thread-self/root/proc/self/root/proc/thread-self/root/proc/self/root/proc/thread-self/cwd/vendor/symfony/error-handler HTTP/2.0" 200 3482 "-" "Mozilla/5.0 AppleWebKit/537.36 (KHTML, like Gecko; compatible; GPTBot/1.2; +https://openai.com/gptbot)" 63 **0/63253**
57.141.2.78 - - [17/Sep/2025:05:32:22 -0700] "GET /shopdetail/62563261539?viewfile=/home/o5t6x7pgljbm/public_html/wp-signup.php&path=/home/o5t6x7pgljbm/public_html HTTP/2.0" 200 50874 "-" "meta-externalagent/1.1 (+https://developers.facebook.com/docs/sharing/webmasters/crawler)" 63 **0/63245**
57.141.2.31 - - [17/Sep/2025:05:32:23 -0700] "GET /shopdetail/40157173374?viewfile=/home/o5t6x7pgljbm/public_html/tuitioncoin.org/deleteme.wp573da56c4d0e4cea84aa4831908270d1.php&path=/home/o5t6x7pgljbm/public_html/tuitioncoin.org HTTP/2.0" 200 31466 "-" "meta-externalagent/1.1 (+https://developers.facebook.com/docs/sharing/webmasters/crawler)" 63 **0/63445**
66.249.74.33 - - [17/Sep/2025:05:32:23 -0700] "GET /hikaru.php?shopdetail/27956167791 HTTP/1.1" 200 1 "-" "Mozilla/5.0 (Linux; Android 6.0.1; Nexus 5X Build/MMB29P) AppleWebKit/537.36 (KHTML, like Gecko) Chrome/140.0.7339.127 Mobile Safari/537.36 (compatible; Googlebot/2.1; +http://www.google.com/bot.html)" 28 **0/28431**
20.171.207.148 - - [17/Sep/2025:05:32:23 -0700] "GET /admin-post.php?path=//proc/self/root/proc/thread-self/root/proc/thread-self/root/proc/thread-self/root/proc/thread-self/root/proc/self/root/proc/thread-self/root/proc/thread-self/root/proc/self/root/proc/thread-self/root/proc/self/root/proc/thread-self/root/proc/self/root/proc/thread-self/cwd/vendor/symfony/event-dispatcher HTTP/2.0" 200 3419 "-" "Mozilla/5.0 AppleWebKit/537.36 (KHTML, like Gecko; compatible; GPTBot/1.2; +https://openai.com/gptbot)" 70 **0/70855**
57.141.2.20 - - [17/Sep/2025:05:32:23 -0700] "GET /shopdetail/9060471467?viewfile=/home/o5t6x7pgljbm/public_html/brand.php&path=/home/o5t6x7pgljbm/public_html HTTP/2.0" 200 9344 "-" "meta-externalagent/1.1 (+https://developers.facebook.com/docs/sharing/webmasters/crawler)" 91 **0/91499**
66.249.74.33 - - [17/Sep/2025:05:32:24 -0700] "GET /hikaru.php?shopdetail/67141264051 HTTP/1.1" 200 1 "-" "Mozilla/5.0 (Linux; Android 6.0.1; Nexus 5X Build/MMB29P) AppleWebKit/537.36 (KHTML, like Gecko) Chrome/140.0.7339.127 Mobile Safari/537.36 (compatible; Googlebot/2.1; +http://www.google.com/bot.html)" 26 **0/26132**
20.171.207.148 - - [17/Sep/2025:05:32:24 -0700] "GET /admin-post.php?path=//proc/self/root/proc/thread-self/root/proc/thread-self/root/proc/thread-self/root/proc/thread-self/root/proc/self/root/proc/thread-self/root/proc/thread-self/root/proc/self/root/proc/thread-self/root/proc/self/root/proc/thread-self/root/proc/self/root/proc/thread-self/cwd/vendor/symfony/console HTTP/2.0" 200 3832 "-" "Mozilla/5.0 AppleWebKit/537.36 (KHTML, like Gecko; compatible; GPTBot/1.2; +https://openai.com/gptbot)" 60 **0/60600**
66.249.73.129 - - [17/Sep/2025:05:32:25 -0700] "GET /products/14722579 HTTP/1.1" 200 6233 "-" "Mozilla/5.0 (Linux; Android 6.0.1; Nexus 5X Build/MMB29P) AppleWebKit/537.36 (KHTML, like Gecko) Chrome/140.0.7339.127 Mobile Safari/537.36 (compatible; Googlebot/2.1; +http://www.google.com/bot.html)" 53 **0/53044**
20.171.207.148 - - [17/Sep/2025:05:32:25 -0700] "GET /admin-post.php?path=//proc/self/root/proc/thread-self/root/proc/thread-self/root/proc/thread-self/root/proc/thread-self/root/proc/self/root/proc/thread-self/root/proc/thread-self/root/proc/self/root/proc/thread-self/root/proc/self/root/proc/thread-self/root/proc/self/root/proc/self/cwd/old/vendor/spatie/backtrace/src HTTP/2.0" 200 3030 "-" "Mozilla/5.0 AppleWebKit/537.36 (KHTML, like Gecko; compatible; GPTBot/1.2; +https://openai.com/gptbot)" 48 **0/48701**
66.249.74.33 - - [17/Sep/2025:05:32:26 -0700] "GET /hikaru.php?shopdetail/69722295462 HTTP/1.1" 200 1 "-" "Mozilla/5.0 (Linux; Android 6.0.1; Nexus 5X Build/MMB29P) AppleWebKit/537.36 (KHTML, like Gecko) Chrome/140.0.7339.127 Mobile Safari/537.36 (compatible; Googlebot/2.1; +http://www.google.com/bot.html)" 16 **0/16247**
20.171.207.148 - - [17/Sep/2025:05:32:27 -0700] "GET /admin-post.php?path=//proc/self/root/proc/thread-self/root/proc/thread-self/root/proc/thread-self/root/proc/thread-self/root/proc/self/root/proc/thread-self/root/proc/thread-self/root/proc/self/root/proc/thread-self/root/proc/self/root/proc/thread-self/root/proc/self/root/proc/thread-self/cwd/vendor/monolog HTTP/2.0" 200 3051 "-" "Mozilla/5.0 AppleWebKit/537.36 (KHTML, like Gecko; compatible; GPTBot/1.2; +https://openai.com/gptbot)" 53 **0/53028**
57.141.2.12 - - [17/Sep/2025:05:32:27 -0700] "GET /shopdetail/90604191967?viewfile=/home/o5t6x7pgljbm/public_html/wp-admin/options-permalink.php&path=/home/o5t6x7pgljbm/public_html/wp-admin HTTP/2.0" 200 37192 "-" "meta-externalagent/1.1 (+https://developers.facebook.com/docs/sharing/webmasters/crawler)" 45 **0/45155**
20.171.207.148 - - [17/Sep/2025:05:32:28 -0700] "GET /admin-post.php?path=//proc/self/root/proc/thread-self/root/proc/thread-self/root/proc/thread-self/root/proc/thread-self/root/proc/self/root/proc/thread-self/root/proc/thread-self/root/proc/self/root/proc/thread-self/root/proc/self/root/proc/thread-self/root/proc/self/root/proc/thread-self/cwd/old/vendor/spatie/ignition HTTP/2.0" 200 3176 "-" "Mozilla/5.0 AppleWebKit/537.36 (KHTML, like Gecko; compatible; GPTBot/1.2; +https://openai.com/gptbot)" 51 **0/51936**
66.249.74.33 - - [17/Sep/2025:05:32:28 -0700] "GET /hikaru.php?shopdetail/63667182567 HTTP/1.1" 200 1 "-" "Mozilla/5.0 (Linux; Android 6.0.1; Nexus 5X Build/MMB29P) AppleWebKit/537.36 (KHTML, like Gecko) Chrome/140.0.7339.127 Mobile Safari/537.36 (compatible; Googlebot/2.1; +http://www.google.com/bot.html)" 15 **0/15095**
20.171.207.148 - - [17/Sep/2025:05:32:29 -0700] "GET /admin-post.php?path=//proc/self/root/proc/thread-self/root/proc/thread-self/root/proc/thread-self/root/proc/thread-self/root/proc/self/root/proc/thread-self/root/proc/thread-self/root/proc/self/root/proc/thread-self/root/proc/self/root/proc/thread-self/root/proc/self/root/proc/self/cwd/vendor/mockery/mockery HTTP/2.0" 200 3270 "-" "Mozilla/5.0 AppleWebKit/537.36 (KHTML, like Gecko; compatible; GPTBot/1.2; +https://openai.com/gptbot)" 55 **0/55579**
66.249.74.33 - - [17/Sep/2025:05:32:29 -0700] "GET /hikaru.php?shopdetail/20414214567 HTTP/1.1" 200 1 "-" "Mozilla/5.0 (Linux; Android 6.0.1; Nexus 5X Build/MMB29P) AppleWebKit/537.36 (KHTML, like Gecko) Chrome/140.0.7339.127 Mobile Safari/537.36 (compatible; Googlebot/2.1; +http://www.google.com/bot.html)" 21 **0/21246**
66.249.73.129 - - [17/Sep/2025:05:32:30 -0700] "GET /products/23022024?viewfile=//proc/self/root/usr/lib/python2.7/site-packages/pycriu/images/core_ppc64_pb2.py&path=//proc/self/root/usr/lib/python2.7/site-packages/pycriu/images HTTP/1.1" 200 4419 "-" "Mozilla/5.0 (Linux; Android 6.0.1; Nexus 5X Build/MMB29P) AppleWebKit/537.36 (KHTML, like Gecko) Chrome/140.0.7339.127 Mobile Safari/537.36 (compatible; GoogleOther)" 51 **0/51345**
57.141.2.10 - - [17/Sep/2025:05:32:30 -0700] "GET /products/5569724?viewfile=/home/o5t6x7pgljbm/public_html/godfreys.php&path=/home/o5t6x7pgljbm/public_html HTTP/2.0" 200 9530 "-" "meta-externalagent/1.1 (+https://developers.facebook.com/docs/sharing/webmasters/crawler)" 55 **0/55099**
20.171.207.148 - - [17/Sep/2025:05:32:30 -0700] "GET /admin-post.php?path=//proc/self/root/proc/thread-self/root/proc/thread-self/root/proc/thread-self/root/proc/thread-self/root/proc/self/root/proc/thread-self/root/proc/thread-self/root/proc/self/root/proc/thread-self/root/proc/self/root/proc/thread-self/root/proc/self/root/proc/thread-self/cwd/old/vendor/fakerphp/faker/src HTTP/2.0" 200 3081 "-" "Mozilla/5.0 AppleWebKit/537.36 (KHTML, like Gecko; compatible; GPTBot/1.2; +https://openai.com/gptbot)" 49 **0/49574**
66.249.73.129 - - [17/Sep/2025:05:32:30 -0700] "GET /products/28279302 HTTP/1.1" 200 6233 "-" "Mozilla/5.0 (Linux; Android 6.0.1; Nexus 5X Build/MMB29P) AppleWebKit/537.36 (KHTML, like Gecko) Chrome/140.0.7339.127 Mobile Safari/537.36 (compatible; Googlebot/2.1; +http://www.google.com/bot.html)" 39 **0/39682**
57.141.2.26 - - [17/Sep/2025:05:32:30 -0700] "GET /shopdetail/69492253736?viewfile=/home/o5t6x7pgljbm/public_html/sias-uganda.com/deleteme.wp4774a04b342f4e719ead2baccb438148.php&path=/home/o5t6x7pgljbm/public_html/sias-uganda.com HTTP/2.0" 200 39514 "-" "meta-externalagent/1.1 (+https://developers.facebook.com/docs/sharing/webmasters/crawler)" 34 **0/34165**
20.171.207.148 - - [17/Sep/2025:05:32:31 -0700] "GET /admin-post.php?path=//proc/self/root/proc/thread-self/root/proc/thread-self/root/proc/thread-self/root/proc/thread-self/root/proc/self/root/proc/thread-self/root/proc/thread-self/root/proc/self/root/proc/thread-self/root/proc/self/root/proc/thread-self/root/proc/self/root/proc/self/cwd/database/seeders HTTP/2.0" 200 2944 "-" "Mozilla/5.0 AppleWebKit/537.36 (KHTML, like Gecko; compatible; GPTBot/1.2; +https://openai.com/gptbot)" 41 **0/41034**
66.249.73.129 - - [17/Sep/2025:05:32:32 -0700] "GET /products/16955280 HTTP/1.1" 200 6233 "-" "Mozilla/5.0 (Linux; Android 6.0.1; Nexus 5X Build/MMB29P) AppleWebKit/537.36 (KHTML, like Gecko) Chrome/140.0.7339.127 Mobile Safari/537.36 (compatible; Googlebot/2.1; +http://www.google.com/bot.html)" 70 **0/70338**
57.141.2.15 - - [17/Sep/2025:05:32:32 -0700] "GET /shopdetail/6256334788?viewfile=/home/o5t6x7pgljbm/public_html/e.zip&path=/home/o5t6x7pgljbm/public_html HTTP/2.0" 200 17414 "-" "meta-externalagent/1.1 (+https://developers.facebook.com/docs/sharing/webmasters/crawler)" 62 **0/62953**
66.249.73.129 - - [17/Sep/2025:05:32:32 -0700] "GET /products/23949091?viewfile=/home/o5t6x7pgljbm/public_html/gettest.php&path=/home/o5t6x7pgljbm/public_html HTTP/1.1" 200 2431 "-" "Mozilla/5.0 (Linux; Android 6.0.1; Nexus 5X Build/MMB29P) AppleWebKit/537.36 (KHTML, like Gecko) Chrome/140.0.7339.127 Mobile Safari/537.36 (compatible; GoogleOther)" 44 **0/44195**
20.171.207.148 - - [17/Sep/2025:05:32:32 -0700] "GET /admin-post.php?path=//proc/self/root/proc/thread-self/root/proc/thread-self/root/proc/thread-self/root/proc/thread-self/root/proc/self/root/proc/thread-self/root/proc/thread-self/root/proc/self/root/proc/thread-self/root/proc/self/root/proc/thread-self/root/proc/self/root/proc/self/cwd/old/vendor/theseer/tokenizer&viewfile=//proc/self/root/proc/thread-self/root/proc/thread-self/root/proc/thread-self/root/proc/thread-self/root/proc/self/root/proc/thread-self/root/proc/thread-self/root/proc/self/root/proc/thread-self/root/proc/self/root/proc/thread-self/root/proc/self/root/proc/self/cwd/old/vendor/theseer/tokenizer/README.md HTTP/2.0" 200 3459 "-" "Mozilla/5.0 AppleWebKit/537.36 (KHTML, like Gecko; compatible; GPTBot/1.2; +https://openai.com/gptbot)" 47 **0/47650**
66.249.73.129 - - [17/Sep/2025:05:32:33 -0700] "GET /products/25931479?path=/home/o5t6x7pgljbm HTTP/1.1" 200 4052 "-" "Mozilla/5.0 (Linux; Android 6.0.1; Nexus 5X Build/MMB29P) AppleWebKit/537.36 (KHTML, like Gecko) Chrome/140.0.7339.127 Mobile Safari/537.36 (compatible; GoogleOther)" 45 **0/45110**
66.249.74.33 - - [17/Sep/2025:05:32:33 -0700] "GET /hikaru.php?shopdetail/87253138999 HTTP/1.1" 200 1 "-" "Mozilla/5.0 (Linux; Android 6.0.1; Nexus 5X Build/MMB29P) AppleWebKit/537.36 (KHTML, like Gecko) Chrome/140.0.7339.127 Mobile Safari/537.36 (compatible; Googlebot/2.1; +http://www.google.com/bot.html)" 21 **0/21921**
66.249.73.129 - - [17/Sep/2025:05:32:33 -0700] "GET /products/21981179?viewfile=//lib/locale/en_PH.utf8/LC_MONETARY&path=//lib/locale/en_PH.utf8 HTTP/1.1" 200 2562 "-" "Mozilla/5.0 (Linux; Android 6.0.1; Nexus 5X Build/MMB29P) AppleWebKit/537.36 (KHTML, like Gecko) Chrome/140.0.7339.127 Mobile Safari/537.36 (compatible; GoogleOther)" 40 **0/40349**
20.171.207.148 - - [17/Sep/2025:05:32:33 -0700] "GET /admin-post.php?path=//proc/self/root/proc/thread-self/root/proc/thread-self/root/proc/thread-self/root/proc/thread-self/root/proc/self/root/proc/thread-self/root/proc/thread-self/root/proc/self/root/proc/thread-self/root/proc/self/root/proc/thread-self/root/proc/self/root/proc/thread-self/cwd/vendor/symfony/error-handler&viewfile=//proc/self/root/proc/thread-self/root/proc/thread-self/root/proc/thread-self/root/proc/thread-self/root/proc/self/root/proc/thread-self/root/proc/thread-self/root/proc/self/root/proc/thread-self/root/proc/self/root/proc/thread-self/root/proc/self/root/proc/thread-self/cwd/vendor/symfony/error-handler/BufferingLogger.php HTTP/2.0" 200 3466 "-" "Mozilla/5.0 AppleWebKit/537.36 (KHTML, like Gecko; compatible; GPTBot/1.2; +https://openai.com/gptbot)" 55 **0/55141**
57.141.2.21 - - [17/Sep/2025:05:32:34 -0700] "GET /products/9057691 HTTP/2.0" 200 157335 "-" "meta-externalagent/1.1 (+https://developers.facebook.com/docs/sharing/webmasters/crawler)" 54 **0/54488**
57.141.2.13 - - [17/Sep/2025:05:32:34 -0700] "GET /shopdetail/6256369124?viewfile=/home/o5t6x7pgljbm/public_html/index.php&path=/home/o5t6x7pgljbm/public_html HTTP/2.0" 200 9782 "-" "meta-externalagent/1.1 (+https://developers.facebook.com/docs/sharing/webmasters/crawler)" 57 **0/57271**
66.249.73.129 - - [17/Sep/2025:05:32:34 -0700] "GET /products/1418257 HTTP/1.1" 200 6233 "-" "Mozilla/5.0 (Linux; Android 6.0.1; Nexus 5X Build/MMB29P) AppleWebKit/537.36 (KHTML, like Gecko) Chrome/140.0.7339.127 Mobile Safari/537.36 (compatible; Googlebot/2.1; +http://www.google.com/bot.html)" 57 **0/57429**
