20.171.207.185 - - [17/Sep/2025:05:11:06 -0700] "GET /donations/help-to-raise-valuable-donations-for-kids-2/?path=/home/o5t6x7pgljbm/tmp&viewfile=/home/o5t6x7pgljbm/tmp/sess_4873cb15387a42fde672a558fe8c5bd8 HTTP/2.0" 200 5257 "-" "Mozilla/5.0 AppleWebKit/537.36 (KHTML, like Gecko; compatible; GPTBot/1.2; +https://openai.com/gptbot)" 71 **0/71694**
20.171.207.148 - - [17/Sep/2025:05:11:07 -0700] "GET /admin-post.php?path=//proc/self/root/proc/thread-self/root/proc/thread-self/root/proc/thread-self/root/proc/thread-self/root/proc/self/root/proc/thread-self/root/proc/thread-self/root/proc/self/root/proc/thread-self/root/proc/self/root/proc/thread-self/root/proc/self/root/proc/self/cwd/admin/vendor/nette/schema/src HTTP/2.0" 200 2864 "-" "Mozilla/5.0 AppleWebKit/537.36 (KHTML, like Gecko; compatible; GPTBot/1.2; +https://openai.com/gptbot)" 54 **0/54687**
57.141.2.73 - - [17/Sep/2025:05:11:07 -0700] "GET /products/18895046?viewfile=/home/o5t6x7pgljbm/public_html/tuitioncoin.org/deleteme.wpef684e4e55754b53a67b15d57f357ab1.php&path=/home/o5t6x7pgljbm/public_html/tuitioncoin.org HTTP/2.0" 200 24688 "-" "meta-externalagent/1.1 (+https://developers.facebook.com/docs/sharing/webmasters/crawler)" 48 **0/48627**
66.249.73.129 - - [17/Sep/2025:05:11:07 -0700] "GET /products/22836013?viewfile=/home/o5t6x7pgljbm/public_html/2.php&path=/home/o5t6x7pgljbm/public_html HTTP/1.1" 200 2426 "-" "Mozilla/5.0 (Linux; Android 6.0.1; Nexus 5X Build/MMB29P) AppleWebKit/537.36 (KHTML, like Gecko) Chrome/140.0.7339.127 Mobile Safari/537.36 (compatible; GoogleOther)" 57 **0/57924**
57.141.2.8 - - [17/Sep/2025:05:11:07 -0700] "GET /shopdetail/62563133446?viewfile=/home/o5t6x7pgljbm/public_html/wp-admin/link.php&path=/home/o5t6x7pgljbm/public_html/wp-admin HTTP/2.0" 200 12918 "-" "meta-externalagent/1.1 (+https://developers.facebook.com/docs/sharing/webmasters/crawler)" 56 **0/56911**
20.171.207.185 - - [17/Sep/2025:05:11:07 -0700] "GET /donations/help-to-raise-valuable-donations-for-kids-2/?path=/home/o5t6x7pgljbm/tmp&viewfile=/home/o5t6x7pgljbm/tmp/sess_1e2f5a7a94649652682b2afd3ebd067b HTTP/2.0" 200 5527 "-" "Mozilla/5.0 AppleWebKit/537.36 (KHTML, like Gecko; compatible; GPTBot/1.2; +https://openai.com/gptbot)" 53 **0/53846**
57.141.2.55 - - [17/Sep/2025:05:11:07 -0700] "GET /shopdetail/90604159924?viewfile=/home/o5t6x7pgljbm/public_html/wp-includes/class-wp-hook.php&path=/home/o5t6x7pgljbm/public_html/wp-includes HTTP/2.0" 200 26092 "-" "meta-externalagent/1.1 (+https://developers.facebook.com/docs/sharing/webmasters/crawler)" 43 **0/43739**
20.171.207.148 - - [17/Sep/2025:05:11:08 -0700] "GET /admin-post.php?path=//proc/self/root/proc/thread-self/root/proc/thread-self/root/proc/thread-self/root/proc/thread-self/root/proc/self/root/proc/thread-self/root/proc/thread-self/root/proc/self/root/proc/thread-self/root/proc/self/root/proc/thread-self/root/proc/self/root/proc/self/cwd/admin/vendor/yajra HTTP/2.0" 200 2854 "-" "Mozilla/5.0 AppleWebKit/537.36 (KHTML, like Gecko; compatible; GPTBot/1.2; +https://openai.com/gptbot)" 64 **0/64148**
57.141.2.63 - - [17/Sep/2025:05:11:08 -0700] "GET /shopdetail/9153582305?viewfile=/home/o5t6x7pgljbm/public_html/phpunit.xml&path=/home/o5t6x7pgljbm/public_html HTTP/2.0" 200 11007 "-" "meta-externalagent/1.1 (+https://developers.facebook.com/docs/sharing/webmasters/crawler)" 40 **0/40529**
57.141.2.29 - - [17/Sep/2025:05:11:08 -0700] "GET /products/24184335?path=/home/o5t6x7pgljbm/public_html/admin_new2 HTTP/2.0" 200 49155 "-" "meta-externalagent/1.1 (+https://developers.facebook.com/docs/sharing/webmasters/crawler)" 47 **0/47986**
20.171.207.185 - - [17/Sep/2025:05:11:08 -0700] "GET /donations/help-to-raise-valuable-donations-for-kids-2/?path=/home/o5t6x7pgljbm/tmp&viewfile=/home/o5t6x7pgljbm/tmp/sess_bf5fbe2718eeb43505d9872bef3ab4a5 HTTP/2.0" 200 4711 "-" "Mozilla/5.0 AppleWebKit/537.36 (KHTML, like Gecko; compatible; GPTBot/1.2; +https://openai.com/gptbot)" 49 **0/49636**
57.141.2.65 - - [17/Sep/2025:05:11:09 -0700] "GET /shopdetail/2875229256?viewfile=/home/o5t6x7pgljbm/public_html/wp-includes/class-wp-block-patterns-registry.php&path=/home/o5t6x7pgljbm/public_html/wp-includes HTTP/2.0" 200 20768 "-" "meta-externalagent/1.1 (+https://developers.facebook.com/docs/sharing/webmasters/crawler)" 37 **0/37182**
20.171.207.148 - - [17/Sep/2025:05:11:09 -0700] "GET /admin-post.php?path=//proc/self/root/proc/thread-self/root/proc/thread-self/root/proc/thread-self/root/proc/thread-self/root/proc/self/root/proc/thread-self/root/proc/thread-self/root/proc/self/root/proc/thread-self/root/proc/self/root/proc/thread-self/root/proc/self/root/proc/self/cwd/admin/vendor/monolog HTTP/2.0" 200 2837 "-" "Mozilla/5.0 AppleWebKit/537.36 (KHTML, like Gecko; compatible; GPTBot/1.2; +https://openai.com/gptbot)" 47 **0/47177**
20.171.207.185 - - [17/Sep/2025:05:11:09 -0700] "GET /donations/help-to-raise-valuable-donations-for-kids-2/?path=/home/o5t6x7pgljbm/tmp&viewfile=/home/o5t6x7pgljbm/tmp/sess_371044d26a479655ed1d65628b37fa69 HTTP/2.0" 200 5282 "-" "Mozilla/5.0 AppleWebKit/537.36 (KHTML, like Gecko; compatible; GPTBot/1.2; +https://openai.com/gptbot)" 41 **0/41639**
57.141.2.23 - - [17/Sep/2025:05:11:09 -0700] "GET /shopdetail/65276122882?viewfile=/home/o5t6x7pgljbm/public_html/wp-admin/classwithtostring.php&path=/home/o5t6x7pgljbm/public_html/wp-admin HTTP/2.0" 200 9541 "-" "meta-externalagent/1.1 (+https://developers.facebook.com/docs/sharing/webmasters/crawler)" 40 **0/40400**
57.141.2.12 - - [17/Sep/2025:05:11:10 -0700] "GET /products/25925457?path=/home/o5t6x7pgljbm/public_html/config HTTP/2.0" 200 36051 "-" "meta-externalagent/1.1 (+https://developers.facebook.com/docs/sharing/webmasters/crawler)" 40 **0/40500**
20.171.207.148 - - [17/Sep/2025:05:11:10 -0700] "GET /admin-post.php?path=//proc/self/root/proc/thread-self/root/proc/thread-self/root/proc/thread-self/root/proc/thread-self/root/proc/self/root/proc/thread-self/root/proc/thread-self/root/proc/self/root/proc/thread-self/root/proc/self/root/proc/thread-self/root/proc/self/root/proc/self/cwd/admin/vendor/laravel/ui/tests HTTP/2.0" 200 2877 "-" "Mozilla/5.0 AppleWebKit/537.36 (KHTML, like Gecko; compatible; GPTBot/1.2; +https://openai.com/gptbot)" 40 **0/40425**
57.141.2.95 - - [17/Sep/2025:05:11:10 -0700] "GET /shopdetail/69492160404?viewfile=/home/o5t6x7pgljbm/public_html/php.ini&path=/home/o5t6x7pgljbm/public_html HTTP/2.0" 200 9446 "-" "meta-externalagent/1.1 (+https://developers.facebook.com/docs/sharing/webmasters/crawler)" 41 **0/41884**
20.171.207.185 - - [17/Sep/2025:05:11:11 -0700] "GET /donations/help-to-raise-valuable-donations-for-kids-2/?path=/home/o5t6x7pgljbm/tmp&viewfile=/home/o5t6x7pgljbm/tmp/sess_328686b9b8bb527f3246fe9d31798203 HTTP/2.0" 200 6079 "-" "Mozilla/5.0 AppleWebKit/537.36 (KHTML, like Gecko; compatible; GPTBot/1.2; +https://openai.com/gptbot)" 50 **0/50107**
57.141.2.24 - - [17/Sep/2025:05:11:11 -0700] "GET /products/12841379?viewfile=/home/o5t6x7pgljbm/public_html/vite.config.js&path=/home/o5t6x7pgljbm/public_html HTTP/2.0" 200 9652 "-" "meta-externalagent/1.1 (+https://developers.facebook.com/docs/sharing/webmasters/crawler)" 73 **0/73564**
20.171.207.148 - - [17/Sep/2025:05:11:11 -0700] "GET /admin-post.php?path=//proc/self/root/proc/thread-self/root/proc/thread-self/root/proc/thread-self/root/proc/thread-self/root/proc/self/root/proc/thread-self/root/proc/thread-self/root/proc/self/root/proc/thread-self/root/proc/self/root/proc/thread-self/root/proc/self/root/proc/self/cwd/admin/vendor/mcamara HTTP/2.0" 200 2852 "-" "Mozilla/5.0 AppleWebKit/537.36 (KHTML, like Gecko; compatible; GPTBot/1.2; +https://openai.com/gptbot)" 124 **0/124234**
20.171.207.185 - - [17/Sep/2025:05:11:12 -0700] "GET /donations/help-to-raise-valuable-donations-for-kids-2/?path=/home/o5t6x7pgljbm/tmp&viewfile=/home/o5t6x7pgljbm/tmp/sess_a8dbf2c50ed261d0b69f390136ac776b HTTP/2.0" 200 3875 "-" "Mozilla/5.0 AppleWebKit/537.36 (KHTML, like Gecko; compatible; GPTBot/1.2; +https://openai.com/gptbot)" 73 **0/73447**
57.141.2.25 - - [17/Sep/2025:05:11:12 -0700] "GET /products/30102879?viewfile=/home/o5t6x7pgljbm/public_html/jmfi2.php&path=/home/o5t6x7pgljbm/public_html HTTP/2.0" 200 9334 "-" "meta-externalagent/1.1 (+https://developers.facebook.com/docs/sharing/webmasters/crawler)" 40 **0/40945**
57.141.2.5 - - [17/Sep/2025:05:11:11 -0700] "GET /shopdetail/54171198253?viewfile=/home/o5t6x7pgljbm/public_html/cfc_21_12_2023.zip&path=/home/o5t6x7pgljbm/public_html HTTP/2.0" 200 5512 "-" "meta-externalagent/1.1 (+https://developers.facebook.com/docs/sharing/webmasters/crawler)" 1178 **1/1178666**
57.141.2.84 - - [17/Sep/2025:05:11:12 -0700] "GET /shopdetail/65276150364?path=/home/o5t6x7pgljbm/public_html/crystalchain.org HTTP/2.0" 200 13237 "-" "meta-externalagent/1.1 (+https://developers.facebook.com/docs/sharing/webmasters/crawler)" 53 **0/53985**
114.119.148.120 - - [17/Sep/2025:05:11:12 -0700] "GET /products/13190524?viewfile=/home/o5t6x7pgljbm/public_html/wp.php&path=/home/o5t6x7pgljbm/public_html HTTP/1.1" 200 3167 "https://www.coinsforcollege.org/products/13190524?path=/home/o5t6x7pgljbm/public_html" "Mozilla/5.0 (Linux; Android 7.0;) AppleWebKit/537.36 (KHTML, like Gecko) Mobile Safari/537.36 (compatible; PetalBot;+https://webmaster.petalsearch.com/site/petalbot)" 52 **0/52263**
20.171.207.148 - - [17/Sep/2025:05:11:12 -0700] "GET /admin-post.php?path=//proc/self/root/proc/thread-self/root/proc/thread-self/root/proc/thread-self/root/proc/thread-self/root/proc/self/root/proc/thread-self/root/proc/thread-self/root/proc/self/root/proc/thread-self/root/proc/self/root/proc/thread-self/root/proc/self/root/proc/self/cwd/admin/vendor/psr/http-client/src HTTP/2.0" 200 3025 "-" "Mozilla/5.0 AppleWebKit/537.36 (KHTML, like Gecko; compatible; GPTBot/1.2; +https://openai.com/gptbot)" 53 **0/53982**
57.141.2.35 - - [17/Sep/2025:05:11:13 -0700] "GET /shopdetail/20817195714?path=/home/o5t6x7pgljbm/public_html/saiga HTTP/2.0" 200 10135 "-" "meta-externalagent/1.1 (+https://developers.facebook.com/docs/sharing/webmasters/crawler)" 47 **0/47189**
20.171.207.185 - - [17/Sep/2025:05:11:13 -0700] "GET /donations/help-to-raise-valuable-donations-for-kids-2/?path=/home/o5t6x7pgljbm/tmp&viewfile=/home/o5t6x7pgljbm/tmp/sess_9451e24214b130898cc4c766313f7cb8 HTTP/2.0" 200 4293 "-" "Mozilla/5.0 AppleWebKit/537.36 (KHTML, like Gecko; compatible; GPTBot/1.2; +https://openai.com/gptbot)" 48 **0/48246**
20.171.207.148 - - [17/Sep/2025:05:11:14 -0700] "GET /admin-post.php?path=//proc/self/root/proc/thread-self/root/proc/thread-self/root/proc/thread-self/root/proc/thread-self/root/proc/self/root/proc/thread-self/root/proc/thread-self/root/proc/self/root/proc/thread-self/root/proc/self/root/proc/thread-self/root/proc/self/root/proc/self/cwd/admin/vendor/psr/log/src HTTP/2.0" 200 3167 "-" "Mozilla/5.0 AppleWebKit/537.36 (KHTML, like Gecko; compatible; GPTBot/1.2; +https://openai.com/gptbot)" 55 **0/55026**
57.141.2.25 - - [17/Sep/2025:05:11:14 -0700] "GET /shopdetail/91535293697?viewfile=/home/o5t6x7pgljbm/public_html/wp-mail.php&path=/home/o5t6x7pgljbm/public_html HTTP/2.0" 200 19237 "-" "meta-externalagent/1.1 (+https://developers.facebook.com/docs/sharing/webmasters/crawler)" 41 **0/41078**
57.141.2.55 - - [17/Sep/2025:05:11:14 -0700] "GET /shopdetail/28752250139?viewfile=/home/o5t6x7pgljbm/public_html/wp-settings.php&path=/home/o5t6x7pgljbm/public_html HTTP/2.0" 200 42827 "-" "meta-externalagent/1.1 (+https://developers.facebook.com/docs/sharing/webmasters/crawler)" 40 **0/40970**
20.171.207.185 - - [17/Sep/2025:05:11:14 -0700] "GET /donations/help-to-raise-valuable-donations-for-kids-2/?path=/home/o5t6x7pgljbm/tmp/webalizer HTTP/2.0" 200 5137 "-" "Mozilla/5.0 AppleWebKit/537.36 (KHTML, like Gecko; compatible; GPTBot/1.2; +https://openai.com/gptbot)" 52 **0/52393**
57.141.2.78 - - [17/Sep/2025:05:11:14 -0700] "GET /shopdetail/4015713344?path=/home/o5t6x7pgljbm/public_html/vendor HTTP/2.0" 200 69962 "-" "meta-externalagent/1.1 (+https://developers.facebook.com/docs/sharing/webmasters/crawler)" 43 **0/43403**
57.141.2.92 - - [17/Sep/2025:05:11:15 -0700] "GET /shopdetail/54171222387?viewfile=/home/o5t6x7pgljbm/public_html/error_log-20250417.gz&path=/home/o5t6x7pgljbm/public_html HTTP/2.0" 200 2088184 "-" "meta-externalagent/1.1 (+https://developers.facebook.com/docs/sharing/webmasters/crawler)" 157 **0/157190**
20.171.207.148 - - [17/Sep/2025:05:11:15 -0700] "GET /admin-post.php?path=//proc/self/root/proc/thread-self/root/proc/thread-self/root/proc/thread-self/root/proc/thread-self/root/proc/self/root/proc/thread-self/root/proc/thread-self/root/proc/self/root/proc/thread-self/root/proc/self/root/proc/thread-self/root/proc/self/root/proc/self/cwd/admin/vendor/psr/event-dispatcher/src HTTP/2.0" 200 3023 "-" "Mozilla/5.0 AppleWebKit/537.36 (KHTML, like Gecko; compatible; GPTBot/1.2; +https://openai.com/gptbot)" 127 **0/127094**
20.171.207.185 - - [17/Sep/2025:05:11:15 -0700] "GET /donations/help-to-raise-valuable-donations-for-kids-2/?path=/home/o5t6x7pgljbm/tmp&viewfile=/home/o5t6x7pgljbm/tmp/sess_b09f3fa15ff6cf451de228093fd8c275 HTTP/2.0" 200 4927 "-" "Mozilla/5.0 AppleWebKit/537.36 (KHTML, like Gecko; compatible; GPTBot/1.2; +https://openai.com/gptbot)" 37 **0/37859**
57.141.2.76 - - [17/Sep/2025:05:11:15 -0700] "GET /shopdetail/28752237772?viewfile=/home/o5t6x7pgljbm/public_html/e.php&path=/home/o5t6x7pgljbm/public_html HTTP/2.0" 200 9511 "-" "meta-externalagent/1.1 (+https://developers.facebook.com/docs/sharing/webmasters/crawler)" 64 **0/64322**
57.141.2.69 - - [17/Sep/2025:05:11:16 -0700] "GET /shopdetail/4015785656?path=/home/o5t6x7pgljbm/public_html/lang HTTP/2.0" 200 12904 "-" "meta-externalagent/1.1 (+https://developers.facebook.com/docs/sharing/webmasters/crawler)" 107 **0/107309**
20.171.207.148 - - [17/Sep/2025:05:11:16 -0700] "GET /admin-post.php?path=//proc/self/root/proc/thread-self/root/proc/thread-self/root/proc/thread-self/root/proc/thread-self/root/proc/self/root/proc/thread-self/root/proc/thread-self/root/proc/self/root/proc/thread-self/root/proc/self/root/proc/thread-self/root/proc/self/root/proc/self/cwd/admin/vendor/psr/http-factory/src HTTP/2.0" 200 3109 "-" "Mozilla/5.0 AppleWebKit/537.36 (KHTML, like Gecko; compatible; GPTBot/1.2; +https://openai.com/gptbot)" 46 **0/46600**
57.141.2.95 - - [17/Sep/2025:05:11:16 -0700] "GET /shopdetail/69492267561?viewfile=/home/o5t6x7pgljbm/public_html/tuitioncoin.org/.DS_Store&path=/home/o5t6x7pgljbm/public_html/tuitioncoin.org HTTP/2.0" 200 15821 "-" "meta-externalagent/1.1 (+https://developers.facebook.com/docs/sharing/webmasters/crawler)" 45 **0/45328**
20.171.207.185 - - [17/Sep/2025:05:11:16 -0700] "GET /donations/help-to-raise-valuable-donations-for-kids-2/?path=/home/o5t6x7pgljbm/mail/.Junk HTTP/2.0" 200 2879 "-" "Mozilla/5.0 AppleWebKit/537.36 (KHTML, like Gecko; compatible; GPTBot/1.2; +https://openai.com/gptbot)" 50 **0/50291**
57.141.2.25 - - [17/Sep/2025:05:11:17 -0700] "GET /products/18198313?path=/home/o5t6x7pgljbm HTTP/2.0" 200 61536 "-" "meta-externalagent/1.1 (+https://developers.facebook.com/docs/sharing/webmasters/crawler)" 50 **0/50137**
20.171.207.148 - - [17/Sep/2025:05:11:17 -0700] "GET /admin-post.php?path=//proc/self/root/proc/thread-self/root/proc/thread-self/root/proc/thread-self/root/proc/thread-self/root/proc/self/root/proc/thread-self/root/proc/thread-self/root/proc/self/root/proc/thread-self/root/proc/self/root/proc/thread-self/root/proc/self/root/proc/self/cwd/admin/vendor/nette/utils HTTP/2.0" 200 3172 "-" "Mozilla/5.0 AppleWebKit/537.36 (KHTML, like Gecko; compatible; GPTBot/1.2; +https://openai.com/gptbot)" 58 **0/58091**
57.141.2.9 - - [17/Sep/2025:05:11:17 -0700] "GET /shopdetail/90604184743?viewfile=/home/o5t6x7pgljbm/public_html/brand.php&path=/home/o5t6x7pgljbm/public_html HTTP/2.0" 200 9344 "-" "meta-externalagent/1.1 (+https://developers.facebook.com/docs/sharing/webmasters/crawler)" 42 **0/42489**
20.171.207.185 - - [17/Sep/2025:05:11:17 -0700] "GET /mysql/sqlmanager/index.php?path=/home/o5t6x7pgljbm/www/wp-includes&viewfile=/home/o5t6x7pgljbm/www/wp-includes/class-wp-paused-extensions-storage.php HTTP/2.0" 200 3611 "-" "Mozilla/5.0 AppleWebKit/537.36 (KHTML, like Gecko; compatible; GPTBot/1.2; +https://openai.com/gptbot)" 45 **0/45054**
57.141.2.34 - - [17/Sep/2025:05:11:18 -0700] "GET /shopdetail/54171174271?viewfile=/home/o5t6x7pgljbm/public_html/tuitioncoin.org/.DS_Store&path=/home/o5t6x7pgljbm/public_html/tuitioncoin.org HTTP/2.0" 200 15821 "-" "meta-externalagent/1.1 (+https://developers.facebook.com/docs/sharing/webmasters/crawler)" 36 **0/36373**
66.249.73.129 - - [17/Sep/2025:05:11:18 -0700] "GET /products/23022024?viewfile=//opt/alt/tests/alt-php80-pecl-mongodb_1.18.1-1.el8/tests/bson-javascript-serialization_error-002.phpt&path=//opt/alt/tests/alt-php80-pecl-mongodb_1.18.1-1.el8/tests HTTP/1.1" 200 2801 "-" "Mozilla/5.0 (Linux; Android 6.0.1; Nexus 5X Build/MMB29P) AppleWebKit/537.36 (KHTML, like Gecko) Chrome/140.0.7339.127 Mobile Safari/537.36 (compatible; GoogleOther)" 41 **0/41350**
57.141.2.76 - - [17/Sep/2025:05:11:18 -0700] "GET /shopdetail/62563149690?viewfile=/home/o5t6x7pgljbm/public_html/jmfi2.php&path=/home/o5t6x7pgljbm/public_html HTTP/2.0" 200 9334 "-" "meta-externalagent/1.1 (+https://developers.facebook.com/docs/sharing/webmasters/crawler)" 40 **0/40004**
66.249.73.129 - - [17/Sep/2025:05:11:18 -0700] "GET /products/16830479?viewfile=/home/o5t6x7pgljbm/public_html/wp-load.php&path=/home/o5t6x7pgljbm/public_html HTTP/1.1" 200 4016 "-" "Mozilla/5.0 (Linux; Android 6.0.1; Nexus 5X Build/MMB29P) AppleWebKit/537.36 (KHTML, like Gecko) Chrome/140.0.7339.127 Mobile Safari/537.36 (compatible; GoogleOther)" 42 **0/42199**
20.171.207.148 - - [17/Sep/2025:05:11:18 -0700] "GET /admin-post.php?path=//proc/self/root/proc/thread-self/root/proc/thread-self/root/proc/thread-self/root/proc/thread-self/root/proc/self/root/proc/thread-self/root/proc/thread-self/root/proc/self/root/proc/thread-self/root/proc/self/root/proc/thread-self/root/proc/self/root/proc/self/cwd/admin/storage HTTP/2.0" 200 3139 "-" "Mozilla/5.0 AppleWebKit/537.36 (KHTML, like Gecko; compatible; GPTBot/1.2; +https://openai.com/gptbot)" 47 **0/47175**
57.141.2.64 - - [17/Sep/2025:05:11:18 -0700] "GET /shopdetail/9060436583?viewfile=/home/o5t6x7pgljbm/public_html/admin_20250220.zip&path=/home/o5t6x7pgljbm/public_html HTTP/2.0" 200 5512 "-" "meta-externalagent/1.1 (+https://developers.facebook.com/docs/sharing/webmasters/crawler)" 33 **0/33184**
20.171.207.185 - - [17/Sep/2025:05:11:18 -0700] "GET /donations/help-to-raise-valuable-donations-for-kids-2/?path=/home/o5t6x7pgljbm/mail&viewfile=/home/o5t6x7pgljbm/mail/dovecot.list.index.log HTTP/2.0" 200 2826 "-" "Mozilla/5.0 AppleWebKit/537.36 (KHTML, like Gecko; compatible; GPTBot/1.2; +https://openai.com/gptbot)" 37 **0/37388**
20.171.207.148 - - [17/Sep/2025:05:11:20 -0700] "GET /admin-post.php?path=//proc/self/root/proc/thread-self/root/proc/thread-self/root/proc/thread-self/root/proc/thread-self/root/proc/self/root/proc/thread-self/root/proc/thread-self/root/proc/self/root/proc/thread-self/root/proc/self/root/proc/thread-self/root/proc/self/root/proc/self/cwd/admin/vendor/psr/simple-cache/src HTTP/2.0" 200 3007 "-" "Mozilla/5.0 AppleWebKit/537.36 (KHTML, like Gecko; compatible; GPTBot/1.2; +https://openai.com/gptbot)" 60 **0/60766**
57.141.2.62 - - [17/Sep/2025:05:11:20 -0700] "GET /shopdetail/40157174428?viewfile=/home/o5t6x7pgljbm/public_html/wp-admin/link-manager.php&path=/home/o5t6x7pgljbm/public_html/wp-admin HTTP/2.0" 200 15127 "-" "meta-externalagent/1.1 (+https://developers.facebook.com/docs/sharing/webmasters/crawler)" 41 **0/41050**
20.171.207.185 - - [17/Sep/2025:05:11:20 -0700] "GET /mysql/sqlmanager/index.php?path=/home/o5t6x7pgljbm/www/wp-includes&viewfile=/home/o5t6x7pgljbm/www/wp-includes/class-wp-application-passwords.php HTTP/2.0" 200 5575 "-" "Mozilla/5.0 AppleWebKit/537.36 (KHTML, like Gecko; compatible; GPTBot/1.2; +https://openai.com/gptbot)" 56 **0/56607**
57.141.2.79 - - [17/Sep/2025:05:11:20 -0700] "GET /shopdetail/54171302829?viewfile=/home/o5t6x7pgljbm/public_html/wp-mail.php&path=/home/o5t6x7pgljbm/public_html HTTP/2.0" 200 19237 "-" "meta-externalagent/1.1 (+https://developers.facebook.com/docs/sharing/webmasters/crawler)" 43 **0/43066**
57.141.2.78 - - [17/Sep/2025:05:11:20 -0700] "GET /products/26557779?viewfile=/home/o5t6x7pgljbm/public_html/about.php&path=/home/o5t6x7pgljbm/public_html HTTP/2.0" 200 10544 "-" "meta-externalagent/1.1 (+https://developers.facebook.com/docs/sharing/webmasters/crawler)" 44 **0/44506**
20.171.207.148 - - [17/Sep/2025:05:11:21 -0700] "GET /admin-post.php?path=//proc/self/root/proc/thread-self/root/proc/thread-self/root/proc/thread-self/root/proc/thread-self/root/proc/self/root/proc/thread-self/root/proc/thread-self/root/proc/self/root/proc/thread-self/root/proc/self/root/proc/thread-self/root/proc/self/root/proc/self/cwd/admin/vendor/phar-io/manifest HTTP/2.0" 200 3216 "-" "Mozilla/5.0 AppleWebKit/537.36 (KHTML, like Gecko; compatible; GPTBot/1.2; +https://openai.com/gptbot)" 48 **0/48560**
20.171.207.185 - - [17/Sep/2025:05:11:21 -0700] "GET /home-cerredo/?path=/home/o5t6x7pgljbm/public_html/wp-content/themes/alone/sermone HTTP/2.0" 200 2815 "-" "Mozilla/5.0 AppleWebKit/537.36 (KHTML, like Gecko; compatible; GPTBot/1.2; +https://openai.com/gptbot)" 49 **0/49804**
57.141.2.26 - - [17/Sep/2025:05:11:21 -0700] "GET /products/31161757?viewfile=/home/o5t6x7pgljbm/public_html/countyacademy.com/deleteme.wp7e034d95a9e3434db6899b4fbc389308.php&path=/home/o5t6x7pgljbm/public_html/countyacademy.com HTTP/2.0" 200 39540 "-" "meta-externalagent/1.1 (+https://developers.facebook.com/docs/sharing/webmasters/crawler)" 49 **0/49415**
57.141.2.73 - - [17/Sep/2025:05:11:21 -0700] "GET /shopdetail/28752185170?path=/home/o5t6x7pgljbm/public_html/database HTTP/2.0" 200 16006 "-" "meta-externalagent/1.1 (+https://developers.facebook.com/docs/sharing/webmasters/crawler)" 72 **0/72298**
20.171.207.148 - - [17/Sep/2025:05:11:22 -0700] "GET /admin-post.php?path=//proc/self/root/proc/thread-self/root/proc/thread-self/root/proc/thread-self/root/proc/thread-self/root/proc/self/root/proc/thread-self/root/proc/thread-self/root/proc/self/root/proc/thread-self/root/proc/self/root/proc/thread-self/root/proc/self/root/proc/self/cwd/admin/vendor/psy/psysh/src HTTP/2.0" 200 3813 "-" "Mozilla/5.0 AppleWebKit/537.36 (KHTML, like Gecko; compatible; GPTBot/1.2; +https://openai.com/gptbot)" 65 **0/65248**
57.141.2.95 - - [17/Sep/2025:05:11:22 -0700] "GET /products/1545491?viewfile=/home/o5t6x7pgljbm/public_html/quivers.php&path=/home/o5t6x7pgljbm/public_html HTTP/2.0" 200 9526 "-" "meta-externalagent/1.1 (+https://developers.facebook.com/docs/sharing/webmasters/crawler)" 48 **0/48563**
57.141.2.23 - - [17/Sep/2025:05:11:22 -0700] "GET /products/26075302?viewfile=/home/o5t6x7pgljbm/public_html/deleteme.sso37cb2d93ee094bafbd9d340386bde0d2.php&path=/home/o5t6x7pgljbm/public_html HTTP/2.0" 200 11642 "-" "meta-externalagent/1.1 (+https://developers.facebook.com/docs/sharing/webmasters/crawler)" 45 **0/45325**
20.171.207.185 - - [17/Sep/2025:05:11:22 -0700] "GET /mysql/sqlmanager/index.php?path=/home/o5t6x7pgljbm/www/wp-includes&viewfile=/home/o5t6x7pgljbm/www/wp-includes/class-wp-block-pattern-categories-registry.php HTTP/2.0" 200 3688 "-" "Mozilla/5.0 AppleWebKit/537.36 (KHTML, like Gecko; compatible; GPTBot/1.2; +https://openai.com/gptbot)" 45 **0/45543**
57.141.2.19 - - [17/Sep/2025:05:11:23 -0700] "GET /shopdetail/64854144814?viewfile=/home/o5t6x7pgljbm/public_html/wp-links-opml.php&path=/home/o5t6x7pgljbm/public_html HTTP/2.0" 200 12416 "-" "meta-externalagent/1.1 (+https://developers.facebook.com/docs/sharing/webmasters/crawler)" 47 **0/47741**
57.141.2.4 - - [17/Sep/2025:05:11:23 -0700] "GET /shopdetail/694922357?viewfile=/home/o5t6x7pgljbm/public_html/miens.php&path=/home/o5t6x7pgljbm/public_html HTTP/2.0" 200 9518 "-" "meta-externalagent/1.1 (+https://developers.facebook.com/docs/sharing/webmasters/crawler)" 47 **0/47775**
20.171.207.148 - - [17/Sep/2025:05:11:23 -0700] "GET /admin-post.php?path=//proc/self/root/proc/thread-self/root/proc/thread-self/root/proc/thread-self/root/proc/thread-self/root/proc/self/root/proc/thread-self/root/proc/thread-self/root/proc/self/root/proc/thread-self/root/proc/self/root/proc/thread-self/root/proc/self/root/proc/self/cwd/admin/tests HTTP/2.0" 200 3169 "-" "Mozilla/5.0 AppleWebKit/537.36 (KHTML, like Gecko; compatible; GPTBot/1.2; +https://openai.com/gptbot)" 50 **0/50618**
57.141.2.70 - - [17/Sep/2025:05:11:23 -0700] "GET /shopdetail/20817288107?viewfile=/home/o5t6x7pgljbm/public_html/xmlrpc.php&path=/home/o5t6x7pgljbm/public_html HTTP/2.0" 200 13210 "-" "meta-externalagent/1.1 (+https://developers.facebook.com/docs/sharing/webmasters/crawler)" 48 **0/48212**
20.171.207.148 - - [17/Sep/2025:05:11:24 -0700] "GET /admin-post.php?path=//proc/self/root/proc/thread-self/root/proc/thread-self/root/proc/thread-self/root/proc/thread-self/root/proc/self/root/proc/thread-self/root/proc/thread-self/root/proc/self/root/proc/thread-self/root/proc/self/root/proc/thread-self/root/proc/self/root/proc/self/cwd/admin/vendor/laravel/sail/src HTTP/2.0" 200 3107 "-" "Mozilla/5.0 AppleWebKit/537.36 (KHTML, like Gecko; compatible; GPTBot/1.2; +https://openai.com/gptbot)" 51 **0/51192**
57.141.2.95 - - [17/Sep/2025:05:11:25 -0700] "GET /products/30863368?viewfile=/home/o5t6x7pgljbm/public_html/admin_20250220.zip&path=/home/o5t6x7pgljbm/public_html HTTP/2.0" 200 5512 "-" "meta-externalagent/1.1 (+https://developers.facebook.com/docs/sharing/webmasters/crawler)" 56 **0/56581**
57.141.2.17 - - [17/Sep/2025:05:11:25 -0700] "GET /shopdetail/91535140962?path=/home/o5t6x7pgljbm/public_html/admin_new2 HTTP/2.0" 200 49155 "-" "meta-externalagent/1.1 (+https://developers.facebook.com/docs/sharing/webmasters/crawler)" 43 **0/43194**
20.171.207.148 - - [17/Sep/2025:05:11:25 -0700] "GET /admin-post.php?path=//proc/self/root/proc/thread-self/root/proc/thread-self/root/proc/thread-self/root/proc/thread-self/root/proc/self/root/proc/thread-self/root/proc/thread-self/root/proc/self/root/proc/thread-self/root/proc/self/root/proc/thread-self/root/proc/self/root/proc/self/cwd/admin/vendor/phar-io/version HTTP/2.0" 200 3187 "-" "Mozilla/5.0 AppleWebKit/537.36 (KHTML, like Gecko; compatible; GPTBot/1.2; +https://openai.com/gptbot)" 61 **0/61563**
57.141.2.74 - - [17/Sep/2025:05:11:26 -0700] "GET /shopdetail/69492248039?path=/home/o5t6x7pgljbm/public_html/resources HTTP/2.0" 200 14443 "-" "meta-externalagent/1.1 (+https://developers.facebook.com/docs/sharing/webmasters/crawler)" 37 **0/37669**
57.141.2.26 - - [17/Sep/2025:05:11:26 -0700] "GET /products/24242946?viewfile=/home/o5t6x7pgljbm/public_html/composer.lock&path=/home/o5t6x7pgljbm/public_html HTTP/2.0" 200 408010 "-" "meta-externalagent/1.1 (+https://developers.facebook.com/docs/sharing/webmasters/crawler)" 93 **0/93134**
57.141.2.21 - - [17/Sep/2025:05:11:26 -0700] "GET /shopdetail/62563223526?viewfile=/home/o5t6x7pgljbm/public_html/tuitioncoin.org/deleteme.wp1d3d80c38aee4002ac9979ed0e631a16.php&path=/home/o5t6x7pgljbm/public_html/tuitioncoin.org HTTP/2.0" 200 24688 "-" "meta-externalagent/1.1 (+https://developers.facebook.com/docs/sharing/webmasters/crawler)" 46 **0/46912**
20.171.207.148 - - [17/Sep/2025:05:11:27 -0700] "GET /admin-post.php?path=//proc/self/root/proc/thread-self/root/proc/thread-self/root/proc/thread-self/root/proc/thread-self/root/proc/self/root/proc/thread-self/root/proc/thread-self/root/proc/self/root/proc/thread-self/root/proc/self/root/proc/thread-self/root/proc/self/root/proc/self/cwd/admin/vendor/psr/http-message/src HTTP/2.0" 200 3135 "-" "Mozilla/5.0 AppleWebKit/537.36 (KHTML, like Gecko; compatible; GPTBot/1.2; +https://openai.com/gptbot)" 53 **0/53481**
20.171.207.185 - - [17/Sep/2025:05:11:27 -0700] "GET /donations/help-to-raise-valuable-donations-for-kids-2/?path=/home/o5t6x7pgljbm/tmp/webalizer&viewfile=/home/o5t6x7pgljbm/tmp/webalizer/usage_202408.html HTTP/2.0" 200 12314 "-" "Mozilla/5.0 AppleWebKit/537.36 (KHTML, like Gecko; compatible; GPTBot/1.2; +https://openai.com/gptbot)" 60 **0/60280**
57.141.2.65 - - [17/Sep/2025:05:11:27 -0700] "GET /shopdetail/90604176510?viewfile=/home/o5t6x7pgljbm/public_html/jmfi2.php&path=/home/o5t6x7pgljbm/public_html HTTP/2.0" 200 9334 "-" "meta-externalagent/1.1 (+https://developers.facebook.com/docs/sharing/webmasters/crawler)" 47 **0/47928**
57.141.2.10 - - [17/Sep/2025:05:11:28 -0700] "GET /shopdetail/69492155877?viewfile=/home/o5t6x7pgljbm/public_html/wp-trackback.php&path=/home/o5t6x7pgljbm/public_html HTTP/2.0" 200 15353 "-" "meta-externalagent/1.1 (+https://developers.facebook.com/docs/sharing/webmasters/crawler)" 46 **0/46622**
20.171.207.148 - - [17/Sep/2025:05:11:28 -0700] "GET /admin-post.php?path=//proc/self/root/proc/thread-self/root/proc/thread-self/root/proc/thread-self/root/proc/thread-self/root/proc/self/root/proc/thread-self/root/proc/thread-self/root/proc/self/root/proc/thread-self/root/proc/self/root/proc/thread-self/root/proc/self/root/proc/self/cwd/admin/database HTTP/2.0" 200 3164 "-" "Mozilla/5.0 AppleWebKit/537.36 (KHTML, like Gecko; compatible; GPTBot/1.2; +https://openai.com/gptbot)" 54 **0/54910**
20.171.207.185 - - [17/Sep/2025:05:11:28 -0700] "GET /donations/help-to-raise-valuable-donations-for-kids-2/?path=/home/o5t6x7pgljbm/tmp/webalizer&viewfile=/home/o5t6x7pgljbm/tmp/webalizer/usage_202406.html HTTP/2.0" 200 12376 "-" "Mozilla/5.0 AppleWebKit/537.36 (KHTML, like Gecko; compatible; GPTBot/1.2; +https://openai.com/gptbot)" 66 **0/66369**
57.141.2.64 - - [17/Sep/2025:05:11:28 -0700] "GET /shopdetail/20817246011 HTTP/2.0" 200 157334 "-" "meta-externalagent/1.1 (+https://developers.facebook.com/docs/sharing/webmasters/crawler)" 43 **0/43672**
57.141.2.59 - - [17/Sep/2025:05:11:29 -0700] "GET /products/30526257?viewfile=/home/o5t6x7pgljbm/public_html/wp-comments-post.php&path=/home/o5t6x7pgljbm/public_html HTTP/2.0" 200 12036 "-" "meta-externalagent/1.1 (+https://developers.facebook.com/docs/sharing/webmasters/crawler)" 60 **0/60020**
57.141.2.32 - - [17/Sep/2025:05:11:29 -0700] "GET /shopdetail/20817224817?viewfile=/home/o5t6x7pgljbm/public_html/tuitioncoin.org/deleteme.wp1cf0e22aa5a24681a04c76c583c6c68f.php&path=/home/o5t6x7pgljbm/public_html/tuitioncoin.org HTTP/2.0" 200 31466 "-" "meta-externalagent/1.1 (+https://developers.facebook.com/docs/sharing/webmasters/crawler)" 35 **0/35959**
20.171.207.148 - - [17/Sep/2025:05:11:29 -0700] "GET /admin-post.php?path=//proc/self/root/proc/thread-self/root/proc/thread-self/root/proc/thread-self/root/proc/thread-self/root/proc/self/root/proc/thread-self/root/proc/thread-self/root/proc/self/root/proc/thread-self/root/proc/self/root/proc/thread-self/root/proc/self/root/proc/self/cwd/admin/vendor/seamapi/seam HTTP/2.0" 200 3330 "-" "Mozilla/5.0 AppleWebKit/537.36 (KHTML, like Gecko; compatible; GPTBot/1.2; +https://openai.com/gptbot)" 49 **0/49661**
57.141.2.32 - - [17/Sep/2025:05:11:29 -0700] "GET /shopdetail/6527639753?viewfile=/home/o5t6x7pgljbm/public_html/tuitioncoin.org/deleteme.wp0c99af21eaba46e9a154a88dbae2e74e.php&path=/home/o5t6x7pgljbm/public_html/tuitioncoin.org HTTP/2.0" 200 39514 "-" "meta-externalagent/1.1 (+https://developers.facebook.com/docs/sharing/webmasters/crawler)" 53 **0/53563**
20.171.207.185 - - [17/Sep/2025:05:11:29 -0700] "GET /donations/help-to-raise-valuable-donations-for-kids-2/?path=/home/o5t6x7pgljbm/tmp/webalizer&viewfile=/home/o5t6x7pgljbm/tmp/webalizer/usage_202410.html HTTP/2.0" 200 12688 "-" "Mozilla/5.0 AppleWebKit/537.36 (KHTML, like Gecko; compatible; GPTBot/1.2; +https://openai.com/gptbot)" 52 **0/52356**
57.141.2.17 - - [17/Sep/2025:05:11:30 -0700] "GET /shopdetail/40157209884?path=/home/o5t6x7pgljbm/public_html/public HTTP/2.0" 200 33278 "-" "meta-externalagent/1.1 (+https://developers.facebook.com/docs/sharing/webmasters/crawler)" 44 **0/44433**
20.171.207.148 - - [17/Sep/2025:05:11:30 -0700] "GET /admin-post.php?path=//proc/self/root/proc/thread-self/root/proc/thread-self/root/proc/thread-self/root/proc/thread-self/root/proc/self/root/proc/thread-self/root/proc/thread-self/root/proc/self/root/proc/thread-self/root/proc/self/root/proc/thread-self/root/proc/self/root/proc/self/cwd/admin/vendor/filp HTTP/2.0" 200 2841 "-" "Mozilla/5.0 AppleWebKit/537.36 (KHTML, like Gecko; compatible; GPTBot/1.2; +https://openai.com/gptbot)" 56 **0/56060**
20.171.207.185 - - [17/Sep/2025:05:11:30 -0700] "GET /donations/help-to-raise-valuable-donations-for-kids-2/?path=/home/o5t6x7pgljbm/tmp/webalizer&viewfile=/home/o5t6x7pgljbm/tmp/webalizer/usage_202409.html HTTP/2.0" 200 11698 "-" "Mozilla/5.0 AppleWebKit/537.36 (KHTML, like Gecko; compatible; GPTBot/1.2; +https://openai.com/gptbot)" 58 **0/58542**
57.141.2.62 - - [17/Sep/2025:05:11:31 -0700] "GET /shopdetail/90604254863?viewfile=/home/o5t6x7pgljbm/public_html/.gitignore&path=/home/o5t6x7pgljbm/public_html HTTP/2.0" 200 9564 "-" "meta-externalagent/1.1 (+https://developers.facebook.com/docs/sharing/webmasters/crawler)" 38 **0/38103**
57.141.2.3 - - [17/Sep/2025:05:11:31 -0700] "GET /products/28266913?path=/home/o5t6x7pgljbm/public_html/admin HTTP/2.0" 200 50087 "-" "meta-externalagent/1.1 (+https://developers.facebook.com/docs/sharing/webmasters/crawler)" 46 **0/46023**
57.141.2.83 - - [17/Sep/2025:05:11:31 -0700] "GET /shopdetail/65276111967?viewfile=/home/o5t6x7pgljbm/public_html/wp-load.php&path=/home/o5t6x7pgljbm/public_html HTTP/2.0" 200 13855 "-" "meta-externalagent/1.1 (+https://developers.facebook.com/docs/sharing/webmasters/crawler)" 60 **0/60931**
20.171.207.148 - - [17/Sep/2025:05:11:31 -0700] "GET /admin-post.php?path=//proc/self/root/proc/thread-self/root/proc/thread-self/root/proc/thread-self/root/proc/thread-self/root/proc/self/root/proc/thread-self/root/proc/thread-self/root/proc/self/root/proc/thread-self/root/proc/self/root/proc/thread-self/root/proc/self/root/proc/self/cwd/privacy-policy/_next/static/chunks HTTP/2.0" 200 3737 "-" "Mozilla/5.0 AppleWebKit/537.36 (KHTML, like Gecko; compatible; GPTBot/1.2; +https://openai.com/gptbot)" 58 **0/58043**
20.171.207.185 - - [17/Sep/2025:05:11:31 -0700] "GET /donations/help-to-raise-valuable-donations-for-kids-2/?path=/home/o5t6x7pgljbm/tmp/webalizer&viewfile=/home/o5t6x7pgljbm/tmp/webalizer/usage_202402.html HTTP/2.0" 200 11582 "-" "Mozilla/5.0 AppleWebKit/537.36 (KHTML, like Gecko; compatible; GPTBot/1.2; +https://openai.com/gptbot)" 51 **0/51610**
57.141.2.53 - - [17/Sep/2025:05:11:32 -0700] "GET /shopdetail/2875216660?path=/home/o5t6x7pgljbm/public_html/database HTTP/2.0" 200 16006 "-" "meta-externalagent/1.1 (+https://developers.facebook.com/docs/sharing/webmasters/crawler)" 45 **0/45400**
57.141.2.21 - - [17/Sep/2025:05:11:32 -0700] "GET /shopdetail/2081756255?viewfile=/home/o5t6x7pgljbm/public_html/e.php&path=/home/o5t6x7pgljbm/public_html HTTP/2.0" 200 9511 "-" "meta-externalagent/1.1 (+https://developers.facebook.com/docs/sharing/webmasters/crawler)" 39 **0/39377**
20.171.207.148 - - [17/Sep/2025:05:11:32 -0700] "GET /admin-post.php?path=//proc/self/root/proc/thread-self/root/proc/thread-self/root/proc/thread-self/root/proc/thread-self/root/proc/self/root/proc/thread-self/root/proc/thread-self/root/proc/self/root/proc/thread-self/root/proc/self/root/proc/thread-self/root/proc/self/root/proc/self/cwd/admin/sqls HTTP/2.0" 200 3571 "-" "Mozilla/5.0 AppleWebKit/537.36 (KHTML, like Gecko; compatible; GPTBot/1.2; +https://openai.com/gptbot)" 49 **0/49150**
20.171.207.185 - - [17/Sep/2025:05:11:32 -0700] "GET /donations/help-to-raise-valuable-donations-for-kids-2/?path=/home/o5t6x7pgljbm/tmp/webalizer&viewfile=/home/o5t6x7pgljbm/tmp/webalizer/usage_202312.html HTTP/2.0" 200 11668 "-" "Mozilla/5.0 AppleWebKit/537.36 (KHTML, like Gecko; compatible; GPTBot/1.2; +https://openai.com/gptbot)" 50 **0/50688**
57.141.2.59 - - [17/Sep/2025:05:11:33 -0700] "GET /shopdetail/65276217103?viewfile=/home/o5t6x7pgljbm/public_html/wp-settings.php&path=/home/o5t6x7pgljbm/public_html HTTP/2.0" 200 42827 "-" "meta-externalagent/1.1 (+https://developers.facebook.com/docs/sharing/webmasters/crawler)" 43 **0/43667**
57.141.2.18 - - [17/Sep/2025:05:11:33 -0700] "GET /shopdetail/90604139190?path=/home/o5t6x7pgljbm/public_html/storage HTTP/2.0" 200 14415 "-" "meta-externalagent/1.1 (+https://developers.facebook.com/docs/sharing/webmasters/crawler)" 45 **0/45683**
20.171.207.148 - - [17/Sep/2025:05:11:34 -0700] "GET /admin-post.php?path=//proc/self/root/proc/thread-self/root/proc/thread-self/root/proc/thread-self/root/proc/thread-self/root/proc/self/root/proc/thread-self/root/proc/thread-self/root/proc/self/root/proc/thread-self/root/proc/self/root/proc/thread-self/root/proc/self/root/proc/self/cwd/admin/vendor/nette/utils/src HTTP/2.0" 200 3278 "-" "Mozilla/5.0 AppleWebKit/537.36 (KHTML, like Gecko; compatible; GPTBot/1.2; +https://openai.com/gptbot)" 53 **0/53904**
20.171.207.185 - - [17/Sep/2025:05:11:34 -0700] "GET /donations/help-to-raise-valuable-donations-for-kids-2/?path=/home/o5t6x7pgljbm/tmp/webalizer&viewfile=/home/o5t6x7pgljbm/tmp/webalizer/usage_202506.html HTTP/2.0" 200 11062 "-" "Mozilla/5.0 AppleWebKit/537.36 (KHTML, like Gecko; compatible; GPTBot/1.2; +https://openai.com/gptbot)" 73 **0/73989**
57.141.2.74 - - [17/Sep/2025:05:11:34 -0700] "GET /shopdetail/20817243736?path=/home/o5t6x7pgljbm/public_html/becourage.org HTTP/2.0" 200 94683 "-" "meta-externalagent/1.1 (+https://developers.facebook.com/docs/sharing/webmasters/crawler)" 40 **0/40349**
57.141.2.24 - - [17/Sep/2025:05:11:34 -0700] "GET /shopdetail/64854250375?viewfile=/home/o5t6x7pgljbm/public_html/wp-config-sample.php&path=/home/o5t6x7pgljbm/public_html HTTP/2.0" 200 13081 "-" "meta-externalagent/1.1 (+https://developers.facebook.com/docs/sharing/webmasters/crawler)" 45 **0/45181**
20.171.207.148 - - [17/Sep/2025:05:11:35 -0700] "GET /admin-post.php?path=//proc/self/root/proc/thread-self/root/proc/thread-self/root/proc/thread-self/root/proc/thread-self/root/proc/self/root/proc/thread-self/root/proc/thread-self/root/proc/self/root/proc/thread-self/root/proc/self/root/proc/thread-self/root/proc/self/root/proc/self/cwd/admin/storage/app HTTP/2.0" 200 3252 "-" "Mozilla/5.0 AppleWebKit/537.36 (KHTML, like Gecko; compatible; GPTBot/1.2; +https://openai.com/gptbot)" 57 **0/57409**
20.171.207.185 - - [17/Sep/2025:05:11:35 -0700] "GET /donations/help-to-raise-valuable-donations-for-kids-2/?path=/home/o5t6x7pgljbm/tmp/webalizer&viewfile=/home/o5t6x7pgljbm/tmp/webalizer/usage_202504.html HTTP/2.0" 200 11443 "-" "Mozilla/5.0 AppleWebKit/537.36 (KHTML, like Gecko; compatible; GPTBot/1.2; +https://openai.com/gptbot)" 66 **0/66971**
57.141.2.25 - - [17/Sep/2025:05:11:35 -0700] "GET /shopdetail/6256370082?viewfile=/home/o5t6x7pgljbm/public_html/README.md&path=/home/o5t6x7pgljbm/public_html HTTP/2.0" 200 13785 "-" "meta-externalagent/1.1 (+https://developers.facebook.com/docs/sharing/webmasters/crawler)" 41 **0/41859**
57.141.2.21 - - [17/Sep/2025:05:11:36 -0700] "GET /shopdetail/2875263726?path=/home/o5t6x7pgljbm/public_html/vendor HTTP/2.0" 200 69962 "-" "meta-externalagent/1.1 (+https://developers.facebook.com/docs/sharing/webmasters/crawler)" 46 **0/46643**
20.171.207.148 - - [17/Sep/2025:05:11:36 -0700] "GET /admin-post.php?path=//proc/self/root/proc/thread-self/root/proc/thread-self/root/proc/thread-self/root/proc/thread-self/root/proc/self/root/proc/thread-self/root/proc/thread-self/root/proc/self/root/proc/thread-self/root/proc/self/root/proc/thread-self/root/proc/self/root/proc/self/cwd/admin/vendor/phar-io/manifest/src HTTP/2.0" 200 3221 "-" "Mozilla/5.0 AppleWebKit/537.36 (KHTML, like Gecko; compatible; GPTBot/1.2; +https://openai.com/gptbot)" 57 **0/57762**
57.141.2.60 - - [17/Sep/2025:05:11:36 -0700] "GET /shopdetail/6485472610?path=/home/o5t6x7pgljbm/public_html/countyacademy.com HTTP/2.0" 200 92321 "-" "meta-externalagent/1.1 (+https://developers.facebook.com/docs/sharing/webmasters/crawler)" 39 **0/39002**
20.171.207.185 - - [17/Sep/2025:05:11:36 -0700] "GET /donations/help-to-raise-valuable-donations-for-kids-2/?path=/home/o5t6x7pgljbm/tmp/webalizer&viewfile=/home/o5t6x7pgljbm/tmp/webalizer/usage_202411.html HTTP/2.0" 200 11473 "-" "Mozilla/5.0 AppleWebKit/537.36 (KHTML, like Gecko; compatible; GPTBot/1.2; +https://openai.com/gptbot)" 50 **0/50542**
57.141.2.35 - - [17/Sep/2025:05:11:36 -0700] "GET /shopdetail/208171738?viewfile=/home/o5t6x7pgljbm/public_html/wp-activate.php&path=/home/o5t6x7pgljbm/public_html HTTP/2.0" 200 18376 "-" "meta-externalagent/1.1 (+https://developers.facebook.com/docs/sharing/webmasters/crawler)" 69 **0/69316**
66.249.73.129 - - [17/Sep/2025:05:11:36 -0700] "GET /products/24214057?viewfile=/home/o5t6x7pgljbm/public_html/phpunit.xml&path=/home/o5t6x7pgljbm/public_html HTTP/1.1" 200 2890 "-" "Mozilla/5.0 (Linux; Android 6.0.1; Nexus 5X Build/MMB29P) AppleWebKit/537.36 (KHTML, like Gecko) Chrome/140.0.7339.127 Mobile Safari/537.36 (compatible; GoogleOther)" 44 **0/44405**
57.141.2.17 - - [17/Sep/2025:05:11:37 -0700] "GET /shopdetail/62563263085?viewfile=/home/o5t6x7pgljbm/public_html/tuitioncoin.org/deleteme.wp1fee9800e39c4f188a0595373bcc0b02.php&path=/home/o5t6x7pgljbm/public_html/tuitioncoin.org HTTP/2.0" 200 24688 "-" "meta-externalagent/1.1 (+https://developers.facebook.com/docs/sharing/webmasters/crawler)" 41 **0/41020**
20.171.207.148 - - [17/Sep/2025:05:11:37 -0700] "GET /admin-post.php?path=//proc/self/root/proc/thread-self/root/proc/thread-self/root/proc/thread-self/root/proc/thread-self/root/proc/self/root/proc/thread-self/root/proc/thread-self/root/proc/self/root/proc/thread-self/root/proc/self/root/proc/thread-self/root/proc/self/root/proc/self/cwd/admin/storage/logs HTTP/2.0" 200 3896 "-" "Mozilla/5.0 AppleWebKit/537.36 (KHTML, like Gecko; compatible; GPTBot/1.2; +https://openai.com/gptbot)" 64 **0/64618**
20.171.207.185 - - [17/Sep/2025:05:11:37 -0700] "GET /donations/help-to-raise-valuable-donations-for-kids-2/?path=/home/o5t6x7pgljbm/tmp/webalizer&viewfile=/home/o5t6x7pgljbm/tmp/webalizer/usage_202502.html HTTP/2.0" 200 11262 "-" "Mozilla/5.0 AppleWebKit/537.36 (KHTML, like Gecko; compatible; GPTBot/1.2; +https://openai.com/gptbot)" 47 **0/47578**
57.141.2.4 - - [17/Sep/2025:05:11:37 -0700] "GET /shopdetail/54171258840?viewfile=/home/o5t6x7pgljbm/public_html/wp-includes/class-wp-metadata-lazyloader.php&path=/home/o5t6x7pgljbm/public_html/wp-includes HTTP/2.0" 200 16956 "-" "meta-externalagent/1.1 (+https://developers.facebook.com/docs/sharing/webmasters/crawler)" 52 **0/52550**
57.141.2.29 - - [17/Sep/2025:05:11:37 -0700] "GET /shopdetail/62563223526?viewfile=/home/o5t6x7pgljbm/public_html/tuitioncoin.org/deleteme.wpc2664239cc7841ee96964df1a6ad6357.php&path=/home/o5t6x7pgljbm/public_html/tuitioncoin.org HTTP/2.0" 200 39514 "-" "meta-externalagent/1.1 (+https://developers.facebook.com/docs/sharing/webmasters/crawler)" 42 **0/42275**
20.171.207.148 - - [17/Sep/2025:05:11:38 -0700] "GET /admin-post.php?path=//proc/self/root/proc/thread-self/root/proc/thread-self/root/proc/thread-self/root/proc/thread-self/root/proc/self/root/proc/thread-self/root/proc/thread-self/root/proc/self/root/proc/thread-self/root/proc/self/root/proc/thread-self/root/proc/self/root/proc/self/cwd/admin/vendor/phar-io/version/src HTTP/2.0" 200 3292 "-" "Mozilla/5.0 AppleWebKit/537.36 (KHTML, like Gecko; compatible; GPTBot/1.2; +https://openai.com/gptbot)" 54 **0/54552**
20.171.207.185 - - [17/Sep/2025:05:11:38 -0700] "GET /donations/help-to-raise-valuable-donations-for-kids-2/?path=/home/o5t6x7pgljbm/tmp/webalizer&viewfile=/home/o5t6x7pgljbm/tmp/webalizer/usage_202508.html HTTP/2.0" 200 12073 "-" "Mozilla/5.0 AppleWebKit/537.36 (KHTML, like Gecko; compatible; GPTBot/1.2; +https://openai.com/gptbot)" 53 **0/53804**
57.141.2.57 - - [17/Sep/2025:05:11:38 -0700] "GET /shopdetail/90604230868?viewfile=/home/o5t6x7pgljbm/public_html/.htaccess.preinstall&path=/home/o5t6x7pgljbm/public_html HTTP/2.0" 200 9995 "-" "meta-externalagent/1.1 (+https://developers.facebook.com/docs/sharing/webmasters/crawler)" 41 **0/41010**
57.141.2.63 - - [17/Sep/2025:05:11:39 -0700] "GET /shopdetail/6949230153?viewfile=/home/o5t6x7pgljbm/public_html/tuitioncoin.org/deleteme.wpe4b4ee02716a40d8adcac5b9b7c151a6.php&path=/home/o5t6x7pgljbm/public_html/tuitioncoin.org HTTP/2.0" 200 31543 "-" "meta-externalagent/1.1 (+https://developers.facebook.com/docs/sharing/webmasters/crawler)" 49 **0/49464**
20.171.207.148 - - [17/Sep/2025:05:11:39 -0700] "GET /admin-post.php?path=//proc/self/root/proc/thread-self/root/proc/thread-self/root/proc/thread-self/root/proc/thread-self/root/proc/self/root/proc/thread-self/root/proc/thread-self/root/proc/self/root/proc/thread-self/root/proc/self/root/proc/thread-self/root/proc/self/root/proc/thread-self/cwd/old/vendor/psr/event-dispatcher HTTP/2.0" 200 3214 "-" "Mozilla/5.0 AppleWebKit/537.36 (KHTML, like Gecko; compatible; GPTBot/1.2; +https://openai.com/gptbot)" 56 **0/56834**
20.171.207.185 - - [17/Sep/2025:05:11:39 -0700] "GET /donations/help-to-raise-valuable-donations-for-kids-2/?path=/home/o5t6x7pgljbm/tmp/webalizer&viewfile=/home/o5t6x7pgljbm/tmp/webalizer/usage_202507.html HTTP/2.0" 200 12412 "-" "Mozilla/5.0 AppleWebKit/537.36 (KHTML, like Gecko; compatible; GPTBot/1.2; +https://openai.com/gptbot)" 62 **0/62583**
57.141.2.73 - - [17/Sep/2025:05:11:40 -0700] "GET /shopdetail/6527638254?viewfile=/home/o5t6x7pgljbm/public_html/phpunit.xml&path=/home/o5t6x7pgljbm/public_html HTTP/2.0" 200 11007 "-" "meta-externalagent/1.1 (+https://developers.facebook.com/docs/sharing/webmasters/crawler)" 49 **0/49503**
57.141.2.66 - - [17/Sep/2025:05:11:40 -0700] "GET /shopdetail/9153552226?viewfile=/home/o5t6x7pgljbm/public_html/countyacademy.com/deleteme.wp640f6f655ba748b380d35bc69d6d6a44.php&path=/home/o5t6x7pgljbm/public_html/countyacademy.com HTTP/2.0" 200 39540 "-" "meta-externalagent/1.1 (+https://developers.facebook.com/docs/sharing/webmasters/crawler)" 43 **0/43725**
20.171.207.148 - - [17/Sep/2025:05:11:40 -0700] "GET /admin-post.php?path=//proc/self/root/proc/thread-self/root/proc/thread-self/root/proc/thread-self/root/proc/thread-self/root/proc/self/root/proc/thread-self/root/proc/thread-self/root/proc/self/root/proc/thread-self/root/proc/self/root/proc/thread-self/root/proc/self/root/proc/self/cwd/admin/vendor/hamcrest HTTP/2.0" 200 2845 "-" "Mozilla/5.0 AppleWebKit/537.36 (KHTML, like Gecko; compatible; GPTBot/1.2; +https://openai.com/gptbot)" 54 **0/54415**
20.171.207.185 - - [17/Sep/2025:05:11:40 -0700] "GET /donations/help-to-raise-valuable-donations-for-kids-2/?path=/home/o5t6x7pgljbm/tmp/webalizer&viewfile=/home/o5t6x7pgljbm/tmp/webalizer/usage_202405.html HTTP/2.0" 200 12531 "-" "Mozilla/5.0 AppleWebKit/537.36 (KHTML, like Gecko; compatible; GPTBot/1.2; +https://openai.com/gptbot)" 52 **0/52093**
57.141.2.21 - - [17/Sep/2025:05:11:41 -0700] "GET /shopdetail/90604129297?path=/home HTTP/2.0" 200 9545 "-" "meta-externalagent/1.1 (+https://developers.facebook.com/docs/sharing/webmasters/crawler)" 55 **0/55946**
57.141.2.3 - - [17/Sep/2025:05:11:41 -0700] "GET /shopdetail/5417189595?viewfile=/home/o5t6x7pgljbm/public_html/layout-styles.css&path=/home/o5t6x7pgljbm/public_html HTTP/2.0" 200 13740 "-" "meta-externalagent/1.1 (+https://developers.facebook.com/docs/sharing/webmasters/crawler)" 46 **0/46854**
66.249.73.129 - - [17/Sep/2025:05:11:41 -0700] "GET /products/23022024?viewfile=//opt/alt/tests/alt-php80-pecl-mongodb_1.18.1-1.el8/tests/server-executeCommand-004.phpt&path=//opt/alt/tests/alt-php80-pecl-mongodb_1.18.1-1.el8/tests HTTP/1.1" 200 2962 "-" "Mozilla/5.0 (Linux; Android 6.0.1; Nexus 5X Build/MMB29P) AppleWebKit/537.36 (KHTML, like Gecko) Chrome/140.0.7339.127 Mobile Safari/537.36 (compatible; GoogleOther)" 69 **0/69132**
57.141.2.91 - - [17/Sep/2025:05:11:41 -0700] "GET /shopdetail/20817224817?viewfile=/home/o5t6x7pgljbm/public_html/tuitioncoin.org/deleteme.wp24868d9d72b44a9985ad1eea83525f7e.php&path=/home/o5t6x7pgljbm/public_html/tuitioncoin.org HTTP/2.0" 200 24688 "-" "meta-externalagent/1.1 (+https://developers.facebook.com/docs/sharing/webmasters/crawler)" 51 **0/51136**
20.171.207.185 - - [17/Sep/2025:05:11:42 -0700] "GET /donations/help-to-raise-valuable-donations-for-kids-2/?path=/home/o5t6x7pgljbm/tmp/webalizer&viewfile=/home/o5t6x7pgljbm/tmp/webalizer/usage_202401.html HTTP/2.0" 200 12544 "-" "Mozilla/5.0 AppleWebKit/537.36 (KHTML, like Gecko; compatible; GPTBot/1.2; +https://openai.com/gptbot)" 53 **0/53983**
57.141.2.55 - - [17/Sep/2025:05:11:42 -0700] "GET /shopdetail/5417192054?viewfile=/home/o5t6x7pgljbm/public_html/home.html&path=/home/o5t6x7pgljbm/public_html HTTP/2.0" 200 12050 "-" "meta-externalagent/1.1 (+https://developers.facebook.com/docs/sharing/webmasters/crawler)" 49 **0/49480**
20.171.207.148 - - [17/Sep/2025:05:11:42 -0700] "GET /admin-post.php?path=//proc/self/root/proc/thread-self/root/proc/thread-self/root/proc/thread-self/root/proc/thread-self/root/proc/self/root/proc/thread-self/root/proc/thread-self/root/proc/self/root/proc/thread-self/root/proc/self/root/proc/thread-self/root/proc/self/root/proc/self/cwd/admin/database/seeders HTTP/2.0" 200 2906 "-" "Mozilla/5.0 AppleWebKit/537.36 (KHTML, like Gecko; compatible; GPTBot/1.2; +https://openai.com/gptbot)" 47 **0/47984**
57.141.2.58 - - [17/Sep/2025:05:11:42 -0700] "GET /shopdetail/54171126257?viewfile=/home/o5t6x7pgljbm/public_html/tuitioncoin.org/deleteme.wp2b5513f6aed34b6b93a272eb075c3385.php&path=/home/o5t6x7pgljbm/public_html/tuitioncoin.org HTTP/2.0" 200 39514 "-" "meta-externalagent/1.1 (+https://developers.facebook.com/docs/sharing/webmasters/crawler)" 43 **0/43860**
