57.141.2.18 - - [17/Sep/2025:05:16:26 -0700] "GET /shopdetail/69492226106?viewfile=/home/o5t6x7pgljbm/public_html/gettest.php&path=/home/o5t6x7pgljbm/public_html HTTP/2.0" 200 9340 "-" "meta-externalagent/1.1 (+https://developers.facebook.com/docs/sharing/webmasters/crawler)" 43 **0/43322**
20.171.207.148 - - [17/Sep/2025:05:16:27 -0700] "GET /admin-post.php?path=//proc/self/root/proc/thread-self/root/proc/thread-self/root/proc/thread-self/root/proc/thread-self/root/proc/self/root/proc/thread-self/root/proc/thread-self/root/proc/self/root/proc/thread-self/root/proc/self/root/proc/thread-self/root/proc/self/root/proc/self/cwd/public/app-assets/vendors/quill/assets/snow HTTP/2.0" 200 2977 "-" "Mozilla/5.0 AppleWebKit/537.36 (KHTML, like Gecko; compatible; GPTBot/1.2; +https://openai.com/gptbot)" 76 **0/76259**
57.141.2.38 - - [17/Sep/2025:05:16:27 -0700] "GET /shopdetail/9060426484?viewfile=/home/o5t6x7pgljbm/public_html/600billionaires.com/license.txt&path=/home/o5t6x7pgljbm/public_html/600billionaires.com HTTP/2.0" 200 29737 "-" "meta-externalagent/1.1 (+https://developers.facebook.com/docs/sharing/webmasters/crawler)" 86 **0/86875**
20.171.207.148 - - [17/Sep/2025:05:16:28 -0700] "GET /admin-post.php?path=//proc/self/root/proc/thread-self/root/proc/thread-self/root/proc/thread-self/root/proc/thread-self/root/proc/self/root/proc/thread-self/root/proc/thread-self/root/proc/self/root/proc/thread-self/root/proc/self/root/proc/thread-self/root/proc/self/root/proc/self/cwd/public/src/template-builder/templates/sections HTTP/2.0" 200 3153 "-" "Mozilla/5.0 AppleWebKit/537.36 (KHTML, like Gecko; compatible; GPTBot/1.2; +https://openai.com/gptbot)" 47 **0/47986**
57.141.2.55 - - [17/Sep/2025:05:16:29 -0700] "GET /shopdetail/2081714678?path=/home/o5t6x7pgljbm/public_html/routes HTTP/2.0" 200 16217 "-" "meta-externalagent/1.1 (+https://developers.facebook.com/docs/sharing/webmasters/crawler)" 41 **0/41755**
57.141.2.32 - - [17/Sep/2025:05:16:29 -0700] "GET /shopdetail/6485486982?path=/home/o5t6x7pgljbm/public_html HTTP/2.0" 200 157334 "-" "meta-externalagent/1.1 (+https://developers.facebook.com/docs/sharing/webmasters/crawler)" 53 **0/53866**
20.171.207.148 - - [17/Sep/2025:05:16:29 -0700] "GET /admin-post.php?path=//proc/self/root/proc/thread-self/root/proc/thread-self/root/proc/thread-self/root/proc/thread-self/root/proc/self/root/proc/thread-self/root/proc/thread-self/root/proc/self/root/proc/thread-self/root/proc/self/root/proc/thread-self/root/proc/self/root/proc/self/cwd/public/app-assets/vendors/quill/assets/icons HTTP/2.0" 200 4549 "-" "Mozilla/5.0 AppleWebKit/537.36 (KHTML, like Gecko; compatible; GPTBot/1.2; +https://openai.com/gptbot)" 76 **0/76936**
20.171.207.148 - - [17/Sep/2025:05:16:30 -0700] "GET /admin-post.php?path=//proc/self/root/proc/thread-self/root/proc/thread-self/root/proc/thread-self/root/proc/thread-self/root/proc/self/root/proc/thread-self/root/proc/thread-self/root/proc/self/root/proc/thread-self/root/proc/self/root/proc/thread-self/root/proc/self/root/proc/self/cwd/public/src/template-builder/contents/sidebar HTTP/2.0" 200 2983 "-" "Mozilla/5.0 AppleWebKit/537.36 (KHTML, like Gecko; compatible; GPTBot/1.2; +https://openai.com/gptbot)" 58 **0/58308**
57.141.2.86 - - [17/Sep/2025:05:16:30 -0700] "GET /shopdetail/64854239443?viewfile=/home/o5t6x7pgljbm/public_html/wp-includes/class-wp-block-templates-registry.php&path=/home/o5t6x7pgljbm/public_html/wp-includes HTTP/2.0" 200 17421 "-" "meta-externalagent/1.1 (+https://developers.facebook.com/docs/sharing/webmasters/crawler)" 52 **0/52766**
20.171.207.148 - - [17/Sep/2025:05:16:31 -0700] "GET /admin-post.php?path=//proc/self/root/proc/thread-self/root/proc/thread-self/root/proc/thread-self/root/proc/thread-self/root/proc/self/root/proc/thread-self/root/proc/thread-self/root/proc/self/root/proc/thread-self/root/proc/self/root/proc/thread-self/root/proc/self/root/proc/self/cwd/old/public/app-assets/vendors/chartjs HTTP/2.0" 200 3005 "-" "Mozilla/5.0 AppleWebKit/537.36 (KHTML, like Gecko; compatible; GPTBot/1.2; +https://openai.com/gptbot)" 50 **0/50480**
20.171.207.148 - - [17/Sep/2025:05:16:33 -0700] "GET /admin-post.php?path=//proc/self/root/proc/thread-self/root/proc/thread-self/root/proc/thread-self/root/proc/thread-self/root/proc/self/root/proc/thread-self/root/proc/thread-self/root/proc/self/root/proc/thread-self/root/proc/self/root/proc/thread-self/root/proc/self/root/proc/self/cwd/public/gulp-tasks HTTP/2.0" 200 3227 "-" "Mozilla/5.0 AppleWebKit/537.36 (KHTML, like Gecko; compatible; GPTBot/1.2; +https://openai.com/gptbot)" 71 **0/71111**
57.141.2.30 - - [17/Sep/2025:05:16:33 -0700] "GET /shopdetail/54171186212?viewfile=/home/o5t6x7pgljbm/public_html/phpunit.xml&path=/home/o5t6x7pgljbm/public_html HTTP/2.0" 200 11007 "-" "meta-externalagent/1.1 (+https://developers.facebook.com/docs/sharing/webmasters/crawler)" 39 **0/39490**
20.171.207.148 - - [17/Sep/2025:05:16:34 -0700] "GET /admin-post.php?path=//proc/self/root/proc/thread-self/root/proc/thread-self/root/proc/thread-self/root/proc/thread-self/root/proc/self/root/proc/thread-self/root/proc/thread-self/root/proc/self/root/proc/thread-self/root/proc/self/root/proc/thread-self/root/proc/self/root/proc/self/cwd/old/public/src/template-builder/pages HTTP/2.0" 200 5893 "-" "Mozilla/5.0 AppleWebKit/537.36 (KHTML, like Gecko; compatible; GPTBot/1.2; +https://openai.com/gptbot)" 98 **0/98961**
20.171.207.148 - - [17/Sep/2025:05:16:35 -0700] "GET /admin-post.php?path=//proc/self/root/proc/thread-self/root/proc/thread-self/root/proc/thread-self/root/proc/thread-self/root/proc/self/root/proc/thread-self/root/proc/thread-self/root/proc/self/root/proc/thread-self/root/proc/self/root/proc/thread-self/root/proc/self/root/proc/self/cwd/public/app-assets/vendors/sparkline HTTP/2.0" 200 2931 "-" "Mozilla/5.0 AppleWebKit/537.36 (KHTML, like Gecko; compatible; GPTBot/1.2; +https://openai.com/gptbot)" 67 **0/67313**
20.171.207.148 - - [17/Sep/2025:05:16:36 -0700] "GET /admin-post.php?path=//proc/self/root/proc/thread-self/root/proc/thread-self/root/proc/thread-self/root/proc/thread-self/root/proc/self/root/proc/thread-self/root/proc/thread-self/root/proc/self/root/proc/thread-self/root/proc/self/root/proc/thread-self/root/proc/self/root/proc/self/cwd/old/public/app-assets/vendors/data-tables/extensions HTTP/2.0" 200 3145 "-" "Mozilla/5.0 AppleWebKit/537.36 (KHTML, like Gecko; compatible; GPTBot/1.2; +https://openai.com/gptbot)" 64 **0/64012**
66.249.73.129 - - [17/Sep/2025:05:16:37 -0700] "GET /products/27273568?viewfile=/home/o5t6x7pgljbm/public_html/wp-config-sample.php&path=/home/o5t6x7pgljbm/public_html HTTP/1.1" 200 3655 "-" "Mozilla/5.0 (Linux; Android 6.0.1; Nexus 5X Build/MMB29P) AppleWebKit/537.36 (KHTML, like Gecko) Chrome/140.0.7339.127 Mobile Safari/537.36 (compatible; GoogleOther)" 66 **0/66043**
20.171.207.148 - - [17/Sep/2025:05:16:37 -0700] "GET /admin-post.php?path=//proc/self/root/proc/thread-self/root/proc/thread-self/root/proc/thread-self/root/proc/thread-self/root/proc/self/root/proc/thread-self/root/proc/thread-self/root/proc/self/root/proc/thread-self/root/proc/self/root/proc/thread-self/root/proc/self/root/proc/self/cwd/old/public/app-assets/vendors/quill/assets HTTP/2.0" 200 3279 "-" "Mozilla/5.0 AppleWebKit/537.36 (KHTML, like Gecko; compatible; GPTBot/1.2; +https://openai.com/gptbot)" 67 **0/67892**
57.141.2.3 - - [17/Sep/2025:05:16:38 -0700] "GET /shopdetail/90604169540?viewfile=/home/o5t6x7pgljbm/public_html/wp-alone.php&path=/home/o5t6x7pgljbm/public_html HTTP/2.0" 200 9343 "-" "meta-externalagent/1.1 (+https://developers.facebook.com/docs/sharing/webmasters/crawler)" 35 **0/35695**
20.171.207.148 - - [17/Sep/2025:05:16:38 -0700] "GET /admin-post.php?path=//proc/self/root/proc/thread-self/root/proc/thread-self/root/proc/thread-self/root/proc/thread-self/root/proc/self/root/proc/thread-self/root/proc/thread-self/root/proc/self/root/proc/thread-self/root/proc/self/root/proc/thread-self/root/proc/self/root/proc/self/cwd/public/app-assets/vendors/chartist-js/scss HTTP/2.0" 200 3109 "-" "Mozilla/5.0 AppleWebKit/537.36 (KHTML, like Gecko; compatible; GPTBot/1.2; +https://openai.com/gptbot)" 81 **0/81259**
20.171.207.148 - - [17/Sep/2025:05:16:39 -0700] "GET /admin-post.php?path=//proc/self/root/proc/thread-self/root/proc/thread-self/root/proc/thread-self/root/proc/thread-self/root/proc/self/root/proc/thread-self/root/proc/thread-self/root/proc/self/root/proc/thread-self/root/proc/self/root/proc/thread-self/root/proc/self/root/proc/self/cwd/public/src/template-builder/templates/sections/footer HTTP/2.0" 200 3034 "-" "Mozilla/5.0 AppleWebKit/537.36 (KHTML, like Gecko; compatible; GPTBot/1.2; +https://openai.com/gptbot)" 43 **0/43029**
57.141.2.68 - - [17/Sep/2025:05:16:40 -0700] "GET /shopdetail/28752247754?path=/home/o5t6x7pgljbm/public_html/wp-content/themes HTTP/2.0" 200 26812 "-" "meta-externalagent/1.1 (+https://developers.facebook.com/docs/sharing/webmasters/crawler)" 45 **0/45154**
20.171.207.148 - - [17/Sep/2025:05:16:41 -0700] "GET /admin-post.php?path=//proc/self/root/proc/thread-self/root/proc/thread-self/root/proc/thread-self/root/proc/thread-self/root/proc/self/root/proc/thread-self/root/proc/thread-self/root/proc/self/root/proc/thread-self/root/proc/self/root/proc/thread-self/root/proc/self/root/proc/self/cwd/public/src/template-builder/templates/sections/menu HTTP/2.0" 200 3074 "-" "Mozilla/5.0 AppleWebKit/537.36 (KHTML, like Gecko; compatible; GPTBot/1.2; +https://openai.com/gptbot)" 43 **0/43222**
57.141.2.67 - - [17/Sep/2025:05:16:41 -0700] "GET /products/27884124 HTTP/2.0" 200 157334 "-" "meta-externalagent/1.1 (+https://developers.facebook.com/docs/sharing/webmasters/crawler)" 46 **0/46249**
20.171.207.148 - - [17/Sep/2025:05:16:42 -0700] "GET /admin-post.php?path=//proc/self/root/proc/thread-self/root/proc/thread-self/root/proc/thread-self/root/proc/thread-self/root/proc/self/root/proc/thread-self/root/proc/thread-self/root/proc/self/root/proc/thread-self/root/proc/self/root/proc/thread-self/root/proc/self/root/proc/self/cwd/old/public/app-assets/vendors/shepherd-js HTTP/2.0" 200 2981 "-" "Mozilla/5.0 AppleWebKit/537.36 (KHTML, like Gecko; compatible; GPTBot/1.2; +https://openai.com/gptbot)" 42 **0/42414**
66.249.73.129 - - [17/Sep/2025:05:16:42 -0700] "GET /products/11850779?viewfile=/home/o5t6x7pgljbm/public_html/admin_new2/public/app-assets/vendors/jquery-validation/localization/messages_lt.js&path=/home/o5t6x7pgljbm/public_html/admin_new2/public/app-assets/vendors/jquery-validation/localization HTTP/1.1" 200 3178 "-" "Mozilla/5.0 (Linux; Android 6.0.1; Nexus 5X Build/MMB29P) AppleWebKit/537.36 (KHTML, like Gecko) Chrome/140.0.7339.127 Mobile Safari/537.36 (compatible; GoogleOther)" 54 **0/54733**
57.141.2.21 - - [17/Sep/2025:05:16:42 -0700] "GET /shopdetail/6256354040?path=/home/o5t6x7pgljbm/public_html/wp-admin HTTP/2.0" 200 170208 "-" "meta-externalagent/1.1 (+https://developers.facebook.com/docs/sharing/webmasters/crawler)" 47 **0/47041**
20.171.207.148 - - [17/Sep/2025:05:16:43 -0700] "GET /admin-post.php?path=//proc/self/root/proc/thread-self/root/proc/thread-self/root/proc/thread-self/root/proc/thread-self/root/proc/self/root/proc/thread-self/root/proc/thread-self/root/proc/self/root/proc/thread-self/root/proc/self/root/proc/thread-self/root/proc/self/root/proc/self/cwd/old/public/app-assets/vendors/fullcalendar/js HTTP/2.0" 200 3075 "-" "Mozilla/5.0 AppleWebKit/537.36 (KHTML, like Gecko; compatible; GPTBot/1.2; +https://openai.com/gptbot)" 59 **0/59149**
20.171.207.148 - - [17/Sep/2025:05:16:44 -0700] "GET /admin-post.php?path=//proc/self/root/proc/thread-self/root/proc/thread-self/root/proc/thread-self/root/proc/thread-self/root/proc/self/root/proc/thread-self/root/proc/thread-self/root/proc/self/root/proc/thread-self/root/proc/self/root/proc/thread-self/root/proc/self/root/proc/self/cwd/public/app-assets/fonts/fontawesome/js HTTP/2.0" 200 3247 "-" "Mozilla/5.0 AppleWebKit/537.36 (KHTML, like Gecko; compatible; GPTBot/1.2; +https://openai.com/gptbot)" 59 **0/59578**
57.141.2.28 - - [17/Sep/2025:05:16:45 -0700] "GET /products/2230402?viewfile=/home/o5t6x7pgljbm/public_html/vite.config.js&path=/home/o5t6x7pgljbm/public_html HTTP/2.0" 200 9652 "-" "meta-externalagent/1.1 (+https://developers.facebook.com/docs/sharing/webmasters/crawler)" 52 **0/52386**
20.171.207.148 - - [17/Sep/2025:05:16:45 -0700] "GET /admin-post.php?path=//proc/self/root/proc/thread-self/root/proc/thread-self/root/proc/thread-self/root/proc/thread-self/root/proc/self/root/proc/thread-self/root/proc/thread-self/root/proc/self/root/proc/thread-self/root/proc/self/root/proc/thread-self/root/proc/self/root/proc/self/cwd/public/gulp-tasks&viewfile=//proc/self/root/proc/thread-self/root/proc/thread-self/root/proc/thread-self/root/proc/thread-self/root/proc/self/root/proc/thread-self/root/proc/thread-self/root/proc/self/root/proc/thread-self/root/proc/self/root/proc/thread-self/root/proc/self/root/proc/self/cwd/public/gulp-tasks/clean.js HTTP/2.0" 200 3027 "-" "Mozilla/5.0 AppleWebKit/537.36 (KHTML, like Gecko; compatible; GPTBot/1.2; +https://openai.com/gptbot)" 65 **0/65628**
20.171.207.148 - - [17/Sep/2025:05:16:46 -0700] "GET /admin-post.php?path=//proc/self/root/proc/thread-self/root/proc/thread-self/root/proc/thread-self/root/proc/thread-self/root/proc/self/root/proc/thread-self/root/proc/thread-self/root/proc/self/root/proc/thread-self/root/proc/self/root/proc/thread-self/root/proc/self/root/proc/self/cwd/public/college_images HTTP/2.0" 200 3690 "-" "Mozilla/5.0 AppleWebKit/537.36 (KHTML, like Gecko; compatible; GPTBot/1.2; +https://openai.com/gptbot)" 78 **0/78700**
20.171.207.148 - - [17/Sep/2025:05:16:48 -0700] "GET /admin-post.php?path=//proc/self/root/proc/thread-self/root/proc/thread-self/root/proc/thread-self/root/proc/thread-self/root/proc/self/root/proc/thread-self/root/proc/thread-self/root/proc/self/root/proc/thread-self/root/proc/self/root/proc/thread-self/root/proc/self/root/proc/self/cwd/old/public/app-assets/vendors/flag-icon/flags HTTP/2.0" 200 2910 "-" "Mozilla/5.0 AppleWebKit/537.36 (KHTML, like Gecko; compatible; GPTBot/1.2; +https://openai.com/gptbot)" 53 **0/53528**
20.171.207.148 - - [17/Sep/2025:05:16:49 -0700] "GET /admin-post.php?path=//proc/self/root/proc/thread-self/root/proc/thread-self/root/proc/thread-self/root/proc/thread-self/root/proc/self/root/proc/thread-self/root/proc/thread-self/root/proc/self/root/proc/thread-self/root/proc/self/root/proc/thread-self/root/proc/self/root/proc/self/cwd/old/public/app-assets/vendors/quill/assets/icons HTTP/2.0" 200 4562 "-" "Mozilla/5.0 AppleWebKit/537.36 (KHTML, like Gecko; compatible; GPTBot/1.2; +https://openai.com/gptbot)" 79 **0/79467**
20.171.207.148 - - [17/Sep/2025:05:16:50 -0700] "GET /admin-post.php?path=//proc/self/root/proc/thread-self/root/proc/thread-self/root/proc/thread-self/root/proc/thread-self/root/proc/self/root/proc/thread-self/root/proc/thread-self/root/proc/self/root/proc/thread-self/root/proc/self/root/proc/thread-self/root/proc/self/root/proc/self/cwd/public/app-assets/vendors/chartist-js/scss/settings HTTP/2.0" 200 2956 "-" "Mozilla/5.0 AppleWebKit/537.36 (KHTML, like Gecko; compatible; GPTBot/1.2; +https://openai.com/gptbot)" 94 **0/94031**
57.141.2.73 - - [17/Sep/2025:05:16:50 -0700] "GET /shopdetail/90604114710?viewfile=/home/o5t6x7pgljbm/public_html/wp-mail.php&path=/home/o5t6x7pgljbm/public_html HTTP/2.0" 200 19237 "-" "meta-externalagent/1.1 (+https://developers.facebook.com/docs/sharing/webmasters/crawler)" 60 **0/60311**
20.171.207.148 - - [17/Sep/2025:05:16:51 -0700] "GET /admin-post.php?path=//proc/self/root/proc/thread-self/root/proc/thread-self/root/proc/thread-self/root/proc/thread-self/root/proc/self/root/proc/thread-self/root/proc/thread-self/root/proc/self/root/proc/thread-self/root/proc/self/root/proc/thread-self/root/proc/self/root/proc/self/cwd/old/public/src/template-builder/pages/starter-kit HTTP/2.0" 200 3022 "-" "Mozilla/5.0 AppleWebKit/537.36 (KHTML, like Gecko; compatible; GPTBot/1.2; +https://openai.com/gptbot)" 81 **0/81046**
57.141.2.33 - - [17/Sep/2025:05:16:52 -0700] "GET /products/8001857?viewfile=/home/o5t6x7pgljbm/public_html/php.ini&path=/home/o5t6x7pgljbm/public_html HTTP/2.0" 200 9446 "-" "meta-externalagent/1.1 (+https://developers.facebook.com/docs/sharing/webmasters/crawler)" 62 **0/62030**
20.171.207.148 - - [17/Sep/2025:05:16:52 -0700] "GET /admin-post.php?path=//proc/self/root/proc/thread-self/root/proc/thread-self/root/proc/thread-self/root/proc/thread-self/root/proc/self/root/proc/thread-self/root/proc/thread-self/root/proc/self/root/proc/thread-self/root/proc/self/root/proc/thread-self/root/proc/self/root/proc/self/cwd/old/public/app-assets/vendors/quill/assets/snow HTTP/2.0" 200 2991 "-" "Mozilla/5.0 AppleWebKit/537.36 (KHTML, like Gecko; compatible; GPTBot/1.2; +https://openai.com/gptbot)" 47 **0/47488**
57.141.2.9 - - [17/Sep/2025:05:16:52 -0700] "GET /shopdetail/6949239934?viewfile=/home/o5t6x7pgljbm/public_html/license.txt&path=/home/o5t6x7pgljbm/public_html HTTP/2.0" 200 29422 "-" "meta-externalagent/1.1 (+https://developers.facebook.com/docs/sharing/webmasters/crawler)" 92 **0/92626**
57.141.2.59 - - [17/Sep/2025:05:16:53 -0700] "GET /shopdetail/69492138364?viewfile=/home/o5t6x7pgljbm/public_html/admin_20250220.zip&path=/home/o5t6x7pgljbm/public_html HTTP/2.0" 200 5512 "-" "meta-externalagent/1.1 (+https://developers.facebook.com/docs/sharing/webmasters/crawler)" 70 **0/70943**
20.171.207.148 - - [17/Sep/2025:05:16:53 -0700] "GET /admin-post.php?path=//proc/self/root/proc/thread-self/root/proc/thread-self/root/proc/thread-self/root/proc/thread-self/root/proc/self/root/proc/thread-self/root/proc/thread-self/root/proc/self/root/proc/thread-self/root/proc/self/root/proc/thread-self/root/proc/self/root/proc/self/cwd/public/group_images HTTP/2.0" 200 4498 "-" "Mozilla/5.0 AppleWebKit/537.36 (KHTML, like Gecko; compatible; GPTBot/1.2; +https://openai.com/gptbot)" 59 **0/59674**
66.249.73.129 - - [17/Sep/2025:05:16:54 -0700] "GET /products/26437035?viewfile=/home/o5t6x7pgljbm/public_html/runs.php&path=/home/o5t6x7pgljbm/public_html HTTP/1.1" 200 6533 "-" "Mozilla/5.0 (Linux; Android 6.0.1; Nexus 5X Build/MMB29P) AppleWebKit/537.36 (KHTML, like Gecko) Chrome/140.0.7339.127 Mobile Safari/537.36 (compatible; GoogleOther)" 45 **0/45693**
20.171.207.148 - - [17/Sep/2025:05:16:55 -0700] "GET /admin-post.php?path=//proc/self/root/proc/thread-self/root/proc/thread-self/root/proc/thread-self/root/proc/thread-self/root/proc/self/root/proc/thread-self/root/proc/thread-self/root/proc/self/root/proc/thread-self/root/proc/self/root/proc/thread-self/root/proc/self/root/proc/self/cwd/public/src/template-builder/contents/partials HTTP/2.0" 200 2975 "-" "Mozilla/5.0 AppleWebKit/537.36 (KHTML, like Gecko; compatible; GPTBot/1.2; +https://openai.com/gptbot)" 47 **0/47830**
20.171.207.148 - - [17/Sep/2025:05:16:56 -0700] "GET /admin-post.php?path=//proc/self/root/proc/thread-self/root/proc/thread-self/root/proc/thread-self/root/proc/thread-self/root/proc/self/root/proc/thread-self/root/proc/thread-self/root/proc/self/root/proc/thread-self/root/proc/self/root/proc/thread-self/root/proc/self/root/proc/self/cwd/public/app-assets/images/icon HTTP/2.0" 200 3501 "-" "Mozilla/5.0 AppleWebKit/537.36 (KHTML, like Gecko; compatible; GPTBot/1.2; +https://openai.com/gptbot)" 57 **0/57483**
66.249.73.129 - - [17/Sep/2025:05:16:56 -0700] "GET /products/23022024?path=//proc/self/root/lib/locale/en_ZM HTTP/1.1" 200 3145 "-" "Mozilla/5.0 (Linux; Android 6.0.1; Nexus 5X Build/MMB29P) AppleWebKit/537.36 (KHTML, like Gecko) Chrome/140.0.7339.127 Mobile Safari/537.36 (compatible; GoogleOther)" 64 **0/64007**
20.171.207.148 - - [17/Sep/2025:05:16:57 -0700] "GET /admin-post.php?path=//proc/self/root/proc/thread-self/root/proc/thread-self/root/proc/thread-self/root/proc/thread-self/root/proc/self/root/proc/thread-self/root/proc/thread-self/root/proc/self/root/proc/thread-self/root/proc/self/root/proc/thread-self/root/proc/self/root/proc/self/cwd/public/app-assets/images/badges HTTP/2.0" 200 3048 "-" "Mozilla/5.0 AppleWebKit/537.36 (KHTML, like Gecko; compatible; GPTBot/1.2; +https://openai.com/gptbot)" 50 **0/50987**
57.141.2.13 - - [17/Sep/2025:05:16:57 -0700] "GET /products/20966002?viewfile=/home/o5t6x7pgljbm/public_html/wp-load.php&path=/home/o5t6x7pgljbm/public_html HTTP/2.0" 200 13855 "-" "meta-externalagent/1.1 (+https://developers.facebook.com/docs/sharing/webmasters/crawler)" 65 **0/65267**
20.171.207.148 - - [17/Sep/2025:05:16:58 -0700] "GET /admin-post.php?path=//proc/self/root/proc/thread-self/root/proc/thread-self/root/proc/thread-self/root/proc/thread-self/root/proc/self/root/proc/thread-self/root/proc/thread-self/root/proc/self/root/proc/thread-self/root/proc/self/root/proc/thread-self/root/proc/self/root/proc/self/cwd/public/src/template-builder/templates/sections/header HTTP/2.0" 200 3060 "-" "Mozilla/5.0 AppleWebKit/537.36 (KHTML, like Gecko; compatible; GPTBot/1.2; +https://openai.com/gptbot)" 73 **0/73881**
57.141.2.55 - - [17/Sep/2025:05:16:59 -0700] "GET /shopdetail/64854233601?viewfile=/home/o5t6x7pgljbm/public_html/deleteme.sso37cb2d93ee094bafbd9d340386bde0d2.php&path=/home/o5t6x7pgljbm/public_html HTTP/2.0" 200 11642 "-" "meta-externalagent/1.1 (+https://developers.facebook.com/docs/sharing/webmasters/crawler)" 53 **0/53942**
57.141.2.72 - - [17/Sep/2025:05:16:58 -0700] "GET /products/20837468?viewfile=/home/o5t6x7pgljbm/public_html/cfc_21_12_2023.zip&path=/home/o5t6x7pgljbm/public_html HTTP/2.0" 200 5512 "-" "meta-externalagent/1.1 (+https://developers.facebook.com/docs/sharing/webmasters/crawler)" 1257 **1/1257357**
20.171.207.148 - - [17/Sep/2025:05:16:59 -0700] "GET /admin-post.php?path=//proc/self/root/proc/thread-self/root/proc/thread-self/root/proc/thread-self/root/proc/thread-self/root/proc/self/root/proc/thread-self/root/proc/thread-self/root/proc/self/root/proc/thread-self/root/proc/self/root/proc/thread-self/root/proc/self/root/proc/self/cwd/public/app-assets/vendors/fullcalendar/lib HTTP/2.0" 200 2995 "-" "Mozilla/5.0 AppleWebKit/537.36 (KHTML, like Gecko; compatible; GPTBot/1.2; +https://openai.com/gptbot)" 53 **0/53388**
57.141.2.66 - - [17/Sep/2025:05:17:00 -0700] "GET /products/21024957?path=/home HTTP/2.0" 200 9545 "-" "meta-externalagent/1.1 (+https://developers.facebook.com/docs/sharing/webmasters/crawler)" 55 **0/55156**
57.141.2.78 - - [17/Sep/2025:05:17:00 -0700] "GET /shopdetail/2081763321?path=/home/o5t6x7pgljbm/public_html/public HTTP/2.0" 200 33278 "-" "meta-externalagent/1.1 (+https://developers.facebook.com/docs/sharing/webmasters/crawler)" 52 **0/52295**
20.171.207.148 - - [17/Sep/2025:05:17:01 -0700] "GET /admin-post.php?path=//proc/self/root/proc/thread-self/root/proc/thread-self/root/proc/thread-self/root/proc/thread-self/root/proc/self/root/proc/thread-self/root/proc/thread-self/root/proc/self/root/proc/thread-self/root/proc/self/root/proc/thread-self/root/proc/self/root/proc/self/cwd/public/src/template-builder/pages/starter-kit HTTP/2.0" 200 3011 "-" "Mozilla/5.0 AppleWebKit/537.36 (KHTML, like Gecko; compatible; GPTBot/1.2; +https://openai.com/gptbot)" 77 **0/77331**
20.171.207.148 - - [17/Sep/2025:05:17:02 -0700] "GET /admin-post.php?path=//proc/self/root/proc/thread-self/root/proc/thread-self/root/proc/thread-self/root/proc/thread-self/root/proc/self/root/proc/thread-self/root/proc/thread-self/root/proc/self/root/proc/thread-self/root/proc/self/root/proc/thread-self/root/proc/self/root/proc/self/cwd/old/public/src/template-builder/templates/starter-kit HTTP/2.0" 200 3087 "-" "Mozilla/5.0 AppleWebKit/537.36 (KHTML, like Gecko; compatible; GPTBot/1.2; +https://openai.com/gptbot)" 97 **0/97522**
20.171.207.148 - - [17/Sep/2025:05:17:03 -0700] "GET /admin-post.php?path=//proc/self/root/proc/thread-self/root/proc/thread-self/root/proc/thread-self/root/proc/thread-self/root/proc/self/root/proc/thread-self/root/proc/thread-self/root/proc/self/root/proc/thread-self/root/proc/self/root/proc/thread-self/root/proc/self/root/proc/thread-self/cwd/old/vendor/symfony/event-dispatcher-contracts HTTP/2.0" 200 3115 "-" "Mozilla/5.0 AppleWebKit/537.36 (KHTML, like Gecko; compatible; GPTBot/1.2; +https://openai.com/gptbot)" 57 **0/57700**
85.208.96.201 - - [17/Sep/2025:05:17:04 -0700] "GET /events/list/?tribe-bar-date=2024-10-01 HTTP/1.1" 200 7556 "-" "Mozilla/5.0 (compatible; SemrushBot/7~bl; +http://www.semrush.com/bot.html)" 53 **0/53136**
20.171.207.148 - - [17/Sep/2025:05:17:04 -0700] "GET /admin-post.php?path=//proc/self/root/proc/thread-self/root/proc/thread-self/root/proc/thread-self/root/proc/thread-self/root/proc/self/root/proc/thread-self/root/proc/thread-self/root/proc/self/root/proc/thread-self/root/proc/self/root/proc/thread-self/root/proc/self/root/proc/thread-self/cwd/old/vendor/seamapi/seam HTTP/2.0" 200 3327 "-" "Mozilla/5.0 AppleWebKit/537.36 (KHTML, like Gecko; compatible; GPTBot/1.2; +https://openai.com/gptbot)" 80 **0/80326**
20.171.207.148 - - [17/Sep/2025:05:17:05 -0700] "GET /admin-post.php?path=//proc/self/root/proc/thread-self/root/proc/thread-self/root/proc/thread-self/root/proc/thread-self/root/proc/self/root/proc/thread-self/root/proc/thread-self/root/proc/self/root/proc/thread-self/root/proc/self/root/proc/thread-self/root/proc/self/root/proc/thread-self/cwd/old/vendor/psr/http-factory HTTP/2.0" 200 3217 "-" "Mozilla/5.0 AppleWebKit/537.36 (KHTML, like Gecko; compatible; GPTBot/1.2; +https://openai.com/gptbot)" 65 **0/65134**
66.249.73.129 - - [17/Sep/2025:05:17:06 -0700] "GET /products/23022024?viewfile=//proc/self/root/bin/instmodsh&path=//proc/self/root/bin HTTP/1.1" 200 3707 "-" "Mozilla/5.0 (Linux; Android 6.0.1; Nexus 5X Build/MMB29P) AppleWebKit/537.36 (KHTML, like Gecko) Chrome/140.0.7339.127 Mobile Safari/537.36 (compatible; GoogleOther)" 72 **0/72500**
66.249.73.129 - - [17/Sep/2025:05:17:06 -0700] "GET /products/17601835?viewfile=/home/o5t6x7pgljbm/public_html/install.php&path=/home/o5t6x7pgljbm/public_html HTTP/1.1" 200 4606 "-" "Mozilla/5.0 (Linux; Android 6.0.1; Nexus 5X Build/MMB29P) AppleWebKit/537.36 (KHTML, like Gecko) Chrome/140.0.7339.127 Mobile Safari/537.36 (compatible; GoogleOther)" 61 **0/61019**
57.141.2.17 - - [17/Sep/2025:05:17:06 -0700] "GET /shopdetail/64854108355?viewfile=/home/o5t6x7pgljbm/public_html/wp-admin/menu.php&path=/home/o5t6x7pgljbm/public_html/wp-admin HTTP/2.0" 200 31562 "-" "meta-externalagent/1.1 (+https://developers.facebook.com/docs/sharing/webmasters/crawler)" 68 **0/68743**
20.171.207.148 - - [17/Sep/2025:05:17:06 -0700] "GET /admin-post.php?path=//proc/self/root/proc/thread-self/root/proc/thread-self/root/proc/thread-self/root/proc/thread-self/root/proc/self/root/proc/thread-self/root/proc/thread-self/root/proc/self/root/proc/thread-self/root/proc/self/root/proc/thread-self/root/proc/self/root/proc/thread-self/cwd/old/vendor/symfony/event-dispatcher HTTP/2.0" 200 3432 "-" "Mozilla/5.0 AppleWebKit/537.36 (KHTML, like Gecko; compatible; GPTBot/1.2; +https://openai.com/gptbot)" 69 **0/69599**
57.141.2.71 - - [17/Sep/2025:05:17:07 -0700] "GET /shopdetail/4015723528?viewfile=/home/o5t6x7pgljbm/public_html/dmd.txt&path=/home/o5t6x7pgljbm/public_html HTTP/2.0" 200 9329 "-" "meta-externalagent/1.1 (+https://developers.facebook.com/docs/sharing/webmasters/crawler)" 58 **0/58282**
20.171.207.148 - - [17/Sep/2025:05:17:07 -0700] "GET /admin-post.php?path=//proc/self/root/proc/thread-self/root/proc/thread-self/root/proc/thread-self/root/proc/thread-self/root/proc/self/root/proc/thread-self/root/proc/thread-self/root/proc/self/root/proc/thread-self/root/proc/self/root/proc/thread-self/root/proc/self/root/proc/self/cwd/old/config HTTP/2.0" 200 3474 "-" "Mozilla/5.0 AppleWebKit/537.36 (KHTML, like Gecko; compatible; GPTBot/1.2; +https://openai.com/gptbot)" 93 **0/93181**
20.171.207.148 - - [17/Sep/2025:05:17:09 -0700] "GET /admin-post.php?path=//proc/self/root/proc/thread-self/root/proc/thread-self/root/proc/thread-self/root/proc/thread-self/root/proc/self/root/proc/thread-self/root/proc/thread-self/root/proc/self/root/proc/thread-self/root/proc/self/root/proc/thread-self/root/proc/self/root/proc/self/cwd/old/resources HTTP/2.0" 200 3112 "-" "Mozilla/5.0 AppleWebKit/537.36 (KHTML, like Gecko; compatible; GPTBot/1.2; +https://openai.com/gptbot)" 55 **0/55992**
57.141.2.78 - - [17/Sep/2025:05:17:09 -0700] "GET /shopdetail/28752155125 HTTP/2.0" 200 157334 "-" "meta-externalagent/1.1 (+https://developers.facebook.com/docs/sharing/webmasters/crawler)" 51 **0/51874**
20.171.207.148 - - [17/Sep/2025:05:17:10 -0700] "GET /admin-post.php?path=//proc/self/root/proc/thread-self/root/proc/thread-self/root/proc/thread-self/root/proc/thread-self/root/proc/self/root/proc/thread-self/root/proc/thread-self/root/proc/self/root/proc/thread-self/root/proc/self/root/proc/thread-self/root/proc/self/root/proc/thread-self/cwd/old/vendor/psr/log HTTP/2.0" 200 3137 "-" "Mozilla/5.0 AppleWebKit/537.36 (KHTML, like Gecko; compatible; GPTBot/1.2; +https://openai.com/gptbot)" 92 **0/92500**
57.141.2.20 - - [17/Sep/2025:05:17:10 -0700] "GET /shopdetail/6485492836?path=/home/o5t6x7pgljbm/public_html/.git HTTP/2.0" 200 20238 "-" "meta-externalagent/1.1 (+https://developers.facebook.com/docs/sharing/webmasters/crawler)" 69 **0/69220**
20.171.207.148 - - [17/Sep/2025:05:17:11 -0700] "GET /admin-post.php?path=//proc/self/root/proc/thread-self/root/proc/thread-self/root/proc/thread-self/root/proc/thread-self/root/proc/self/root/proc/thread-self/root/proc/thread-self/root/proc/self/root/proc/thread-self/root/proc/self/root/proc/thread-self/root/proc/self/root/proc/thread-self/cwd/old/vendor/myclabs/deep-copy HTTP/2.0" 200 3194 "-" "Mozilla/5.0 AppleWebKit/537.36 (KHTML, like Gecko; compatible; GPTBot/1.2; +https://openai.com/gptbot)" 59 **0/59312**
20.171.207.148 - - [17/Sep/2025:05:17:12 -0700] "GET /admin-post.php?path=//proc/self/root/proc/thread-self/root/proc/thread-self/root/proc/thread-self/root/proc/thread-self/root/proc/self/root/proc/thread-self/root/proc/thread-self/root/proc/self/root/proc/thread-self/root/proc/self/root/proc/thread-self/root/proc/self/root/proc/thread-self/cwd/old/vendor/nesbot HTTP/2.0" 200 2839 "-" "Mozilla/5.0 AppleWebKit/537.36 (KHTML, like Gecko; compatible; GPTBot/1.2; +https://openai.com/gptbot)" 63 **0/63884**
57.141.2.73 - - [17/Sep/2025:05:17:13 -0700] "GET /shopdetail/40157187477?path=/home/o5t6x7pgljbm/public_html/storage HTTP/2.0" 200 14415 "-" "meta-externalagent/1.1 (+https://developers.facebook.com/docs/sharing/webmasters/crawler)" 50 **0/50077**
20.171.207.148 - - [17/Sep/2025:05:17:13 -0700] "GET /admin-post.php?path=//proc/self/root/proc/thread-self/root/proc/thread-self/root/proc/thread-self/root/proc/thread-self/root/proc/self/root/proc/self/root/proc/thread-self/root/proc/self/root/proc/thread-self/root/proc/self/root/proc/self/root/opt/alt/zeromq/usr/bin HTTP/2.0" 200 2881 "-" "Mozilla/5.0 AppleWebKit/537.36 (KHTML, like Gecko; compatible; GPTBot/1.2; +https://openai.com/gptbot)" 41 **0/41594**
66.249.73.129 - - [17/Sep/2025:05:17:14 -0700] "GET /products/25674468?viewfile=//lib64/perl5/bits/waitflags.ph&path=//lib64/perl5/bits HTTP/1.1" 200 2767 "-" "Mozilla/5.0 (Linux; Android 6.0.1; Nexus 5X Build/MMB29P) AppleWebKit/537.36 (KHTML, like Gecko) Chrome/140.0.7339.127 Mobile Safari/537.36 (compatible; GoogleOther)" 74 **0/74902**
20.171.207.148 - - [17/Sep/2025:05:17:14 -0700] "GET /admin-post.php?path=//proc/self/root/proc/thread-self/root/proc/thread-self/root/proc/thread-self/root/proc/thread-self/root/proc/self/root/proc/thread-self/root/proc/thread-self/root/proc/self/root/proc/thread-self/root/proc/self/root/proc/thread-self/root/proc/self/root/proc/thread-self/cwd/old/vendor/psr/simple-cache HTTP/2.0" 200 3178 "-" "Mozilla/5.0 AppleWebKit/537.36 (KHTML, like Gecko; compatible; GPTBot/1.2; +https://openai.com/gptbot)" 59 **0/59638**
20.171.207.148 - - [17/Sep/2025:05:17:15 -0700] "GET /admin-post.php?path=//proc/self/root/proc/thread-self/root/proc/thread-self/root/proc/thread-self/root/proc/thread-self/root/proc/self/root/proc/thread-self/root/proc/thread-self/root/proc/self/root/proc/thread-self/root/proc/self/root/proc/thread-self/root/proc/self/root/proc/thread-self/cwd/old/vendor/voku HTTP/2.0" 200 2845 "-" "Mozilla/5.0 AppleWebKit/537.36 (KHTML, like Gecko; compatible; GPTBot/1.2; +https://openai.com/gptbot)" 79 **0/79566**
20.171.207.148 - - [17/Sep/2025:05:17:17 -0700] "GET /admin-post.php?path=//proc/self/root/proc/thread-self/root/proc/thread-self/root/proc/thread-self/root/proc/thread-self/root/proc/self/root/proc/thread-self/root/proc/thread-self/root/proc/self/root/proc/thread-self/root/proc/self/root/proc/thread-self/root/proc/self/root/proc/thread-self/cwd/old/vendor/filp HTTP/2.0" 200 2840 "-" "Mozilla/5.0 AppleWebKit/537.36 (KHTML, like Gecko; compatible; GPTBot/1.2; +https://openai.com/gptbot)" 46 **0/46372**
57.141.2.4 - - [17/Sep/2025:05:17:17 -0700] "GET /products/12380979?viewfile=/home/o5t6x7pgljbm/public_html/home.html&path=/home/o5t6x7pgljbm/public_html HTTP/2.0" 200 12050 "-" "meta-externalagent/1.1 (+https://developers.facebook.com/docs/sharing/webmasters/crawler)" 67 **0/67539**
57.141.2.61 - - [17/Sep/2025:05:17:17 -0700] "GET /products/25525735?viewfile=/home/o5t6x7pgljbm/public_html/wp-alone.php&path=/home/o5t6x7pgljbm/public_html HTTP/2.0" 200 9343 "-" "meta-externalagent/1.1 (+https://developers.facebook.com/docs/sharing/webmasters/crawler)" 51 **0/51678**
20.171.207.148 - - [17/Sep/2025:05:17:18 -0700] "GET /admin-post.php?path=//proc/self/root/proc/thread-self/root/proc/thread-self/root/proc/thread-self/root/proc/thread-self/root/proc/self/root/proc/thread-self/root/proc/thread-self/root/proc/self/root/proc/thread-self/root/proc/self/root/proc/thread-self/root/proc/self/root/proc/self/cwd/old/cgi-bin HTTP/2.0" 200 2882 "-" "Mozilla/5.0 AppleWebKit/537.36 (KHTML, like Gecko; compatible; GPTBot/1.2; +https://openai.com/gptbot)" 47 **0/47901**
57.141.2.61 - - [17/Sep/2025:05:17:18 -0700] "GET /shopdetail/69492230511?viewfile=/home/o5t6x7pgljbm/public_html/wp-cron.php&path=/home/o5t6x7pgljbm/public_html HTTP/2.0" 200 15302 "-" "meta-externalagent/1.1 (+https://developers.facebook.com/docs/sharing/webmasters/crawler)" 48 **0/48863**
20.171.207.148 - - [17/Sep/2025:05:17:19 -0700] "GET /admin-post.php?path=//proc/self/root/proc/thread-self/root/proc/thread-self/root/proc/thread-self/root/proc/thread-self/root/proc/self/root/proc/thread-self/root/proc/thread-self/root/proc/self/root/proc/thread-self/root/proc/self/root/proc/thread-self/root/proc/self/root/proc/thread-self/cwd/old/vendor/dflydev HTTP/2.0" 200 2850 "-" "Mozilla/5.0 AppleWebKit/537.36 (KHTML, like Gecko; compatible; GPTBot/1.2; +https://openai.com/gptbot)" 51 **0/51449**
57.141.2.55 - - [17/Sep/2025:05:17:20 -0700] "GET /shopdetail/91535212539?path=/home/o5t6x7pgljbm/public_html/privacy-policy HTTP/2.0" 200 13276 "-" "meta-externalagent/1.1 (+https://developers.facebook.com/docs/sharing/webmasters/crawler)" 41 **0/41182**
20.171.207.148 - - [17/Sep/2025:05:17:20 -0700] "GET /admin-post.php?path=//proc/self/root/proc/thread-self/root/proc/thread-self/root/proc/thread-self/root/proc/thread-self/root/proc/self/root/proc/thread-self/root/proc/thread-self/root/proc/self/root/proc/thread-self/root/proc/self/root/proc/thread-self/root/proc/self/root/proc/self/cwd/config HTTP/2.0" 200 3473 "-" "Mozilla/5.0 AppleWebKit/537.36 (KHTML, like Gecko; compatible; GPTBot/1.2; +https://openai.com/gptbot)" 55 **0/55606**
20.171.207.148 - - [17/Sep/2025:05:17:21 -0700] "GET /admin-post.php?path=//proc/self/root/proc/thread-self/root/proc/thread-self/root/proc/thread-self/root/proc/thread-self/root/proc/self/root/proc/thread-self/root/proc/thread-self/root/proc/self/root/proc/thread-self/root/proc/self/root/proc/thread-self/root/proc/self/root/proc/self/cwd/old/resources/views HTTP/2.0" 200 3077 "-" "Mozilla/5.0 AppleWebKit/537.36 (KHTML, like Gecko; compatible; GPTBot/1.2; +https://openai.com/gptbot)" 68 **0/68121**
57.141.2.15 - - [17/Sep/2025:05:17:21 -0700] "GET /shopdetail/90604247755?viewfile=/home/o5t6x7pgljbm/public_html/wp-comments-post.php&path=/home/o5t6x7pgljbm/public_html HTTP/2.0" 200 12036 "-" "meta-externalagent/1.1 (+https://developers.facebook.com/docs/sharing/webmasters/crawler)" 55 **0/55693**
20.171.207.148 - - [17/Sep/2025:05:17:22 -0700] "GET /admin-post.php?path=//proc/self/root/proc/thread-self/root/proc/thread-self/root/proc/thread-self/root/proc/thread-self/root/proc/self/root/proc/thread-self/root/proc/thread-self/root/proc/self/root/proc/thread-self/root/proc/self/root/proc/thread-self/root/proc/self/root/proc/self/cwd/old/resources/js HTTP/2.0" 200 2934 "-" "Mozilla/5.0 AppleWebKit/537.36 (KHTML, like Gecko; compatible; GPTBot/1.2; +https://openai.com/gptbot)" 59 **0/59508**
66.249.73.129 - - [17/Sep/2025:05:17:23 -0700] "GET /products/30386746?viewfile=/home/o5t6x7pgljbm/public_html/wp-load.php&path=/home/o5t6x7pgljbm/public_html HTTP/1.1" 200 4016 "-" "Mozilla/5.0 (Linux; Android 6.0.1; Nexus 5X Build/MMB29P) AppleWebKit/537.36 (KHTML, like Gecko) Chrome/140.0.7339.127 Mobile Safari/537.36 (compatible; GoogleOther)" 44 **0/44970**
20.171.207.148 - - [17/Sep/2025:05:17:24 -0700] "GET /admin-post.php?path=//proc/self/root/proc/thread-self/root/proc/thread-self/root/proc/thread-self/root/proc/thread-self/root/proc/self/root/proc/thread-self/root/proc/thread-self/root/proc/self/root/proc/thread-self/root/proc/self/root/proc/thread-self/root/proc/self/root/proc/thread-self/cwd/old/vendor/seamapi/seam/src HTTP/2.0" 200 3092 "-" "Mozilla/5.0 AppleWebKit/537.36 (KHTML, like Gecko; compatible; GPTBot/1.2; +https://openai.com/gptbot)" 55 **0/55451**
57.141.2.55 - - [17/Sep/2025:05:17:24 -0700] "GET /shopdetail/6949266774?viewfile=/home/o5t6x7pgljbm/public_html/wp-admin/plugins.php&path=/home/o5t6x7pgljbm/public_html/wp-admin HTTP/2.0" 200 46332 "-" "meta-externalagent/1.1 (+https://developers.facebook.com/docs/sharing/webmasters/crawler)" 49 **0/49527**
20.171.207.148 - - [17/Sep/2025:05:17:25 -0700] "GET /admin-post.php?path=//proc/self/root/proc/thread-self/root/proc/thread-self/root/proc/thread-self/root/proc/thread-self/root/proc/self/root/proc/thread-self/root/proc/thread-self/root/proc/self/root/proc/thread-self/root/proc/self/root/proc/thread-self/root/proc/self/root/proc/self/cwd/.well-known HTTP/2.0" 200 2823 "-" "Mozilla/5.0 AppleWebKit/537.36 (KHTML, like Gecko; compatible; GPTBot/1.2; +https://openai.com/gptbot)" 50 **0/50101**
20.171.207.148 - - [17/Sep/2025:05:17:26 -0700] "GET /admin-post.php?path=//proc/self/root/proc/thread-self/root/proc/thread-self/root/proc/thread-self/root/proc/thread-self/root/proc/self/root/proc/thread-self/root/proc/thread-self/root/proc/self/root/proc/thread-self/root/proc/self/root/proc/thread-self/root/proc/self/root/proc/self/cwd/old/vendor HTTP/2.0" 200 4225 "-" "Mozilla/5.0 AppleWebKit/537.36 (KHTML, like Gecko; compatible; GPTBot/1.2; +https://openai.com/gptbot)" 114 **0/114968**
57.141.2.55 - - [17/Sep/2025:05:17:26 -0700] "GET /shopdetail/54171286702?path=/home/o5t6x7pgljbm/public_html/privacy-policy HTTP/2.0" 200 13276 "-" "meta-externalagent/1.1 (+https://developers.facebook.com/docs/sharing/webmasters/crawler)" 76 **0/76299**
57.141.2.55 - - [17/Sep/2025:05:17:27 -0700] "GET /shopdetail/28752282873?viewfile=/home/o5t6x7pgljbm/public_html/2.php&path=/home/o5t6x7pgljbm/public_html HTTP/2.0" 200 9322 "-" "meta-externalagent/1.1 (+https://developers.facebook.com/docs/sharing/webmasters/crawler)" 47 **0/47440**
20.171.207.148 - - [17/Sep/2025:05:17:27 -0700] "GET /admin-post.php?path=//proc/self/root/proc/thread-self/root/proc/thread-self/root/proc/thread-self/root/proc/thread-self/root/proc/self/root/proc/thread-self/root/proc/thread-self/root/proc/self/root/proc/thread-self/root/proc/self/root/proc/thread-self/root/proc/self/root/proc/self/cwd/bootstrap HTTP/2.0" 200 3119 "-" "Mozilla/5.0 AppleWebKit/537.36 (KHTML, like Gecko; compatible; GPTBot/1.2; +https://openai.com/gptbot)" 52 **0/52998**
20.171.207.148 - - [17/Sep/2025:05:17:28 -0700] "GET /admin-post.php?path=//proc/self/root/proc/thread-self/root/proc/thread-self/root/proc/thread-self/root/proc/thread-self/root/proc/self/root/proc/thread-self/root/proc/thread-self/root/proc/self/root/proc/thread-self/root/proc/self/root/proc/thread-self/root/proc/self/root/proc/self/cwd/saiga HTTP/2.0" 200 2869 "-" "Mozilla/5.0 AppleWebKit/537.36 (KHTML, like Gecko; compatible; GPTBot/1.2; +https://openai.com/gptbot)" 42 **0/42616**
66.249.73.129 - - [17/Sep/2025:05:17:29 -0700] "GET /products/23022024?viewfile=//proc/self/cwd/600billionaires.com/wp-content/plugins/templately/templately.php&path=//proc/self/cwd/600billionaires.com/wp-content/plugins/templately HTTP/1.1" 200 2872 "-" "Mozilla/5.0 (Linux; Android 6.0.1; Nexus 5X Build/MMB29P) AppleWebKit/537.36 (KHTML, like Gecko) Chrome/140.0.7339.127 Mobile Safari/537.36 (compatible; GoogleOther)" 49 **0/49174**
20.171.207.148 - - [17/Sep/2025:05:17:29 -0700] "GET /admin-post.php?path=//proc/self/root/proc/thread-self/root/proc/thread-self/root/proc/thread-self/root/proc/thread-self/root/proc/self/root/proc/thread-self/root/proc/thread-self/root/proc/self/root/proc/thread-self/root/proc/self/root/proc/thread-self/root/proc/self/root/proc/self/cwd/vendor HTTP/2.0" 200 4064 "-" "Mozilla/5.0 AppleWebKit/537.36 (KHTML, like Gecko; compatible; GPTBot/1.2; +https://openai.com/gptbot)" 107 **0/107954**
57.141.2.64 - - [17/Sep/2025:05:17:30 -0700] "GET /shopdetail/28752165109?viewfile=/home/o5t6x7pgljbm/public_html/tuitioncoin.org/deleteme.wpc8ba3ce01c164abfb568917d26de25a5.php&path=/home/o5t6x7pgljbm/public_html/tuitioncoin.org HTTP/2.0" 200 24688 "-" "meta-externalagent/1.1 (+https://developers.facebook.com/docs/sharing/webmasters/crawler)" 66 **0/66292**
20.171.207.185 - - [17/Sep/2025:05:17:30 -0700] "GET /donations/help-to-raise-valuable-donations-for-kids-2/?path=/home/o5t6x7pgljbm/tmp/webalizer/sias-uganda.coinsforcollege.org&viewfile=/home/o5t6x7pgljbm/tmp/webalizer/sias-uganda.coinsforcollege.org/usage_202412.html HTTP/2.0" 200 11872 "-" "Mozilla/5.0 AppleWebKit/537.36 (KHTML, like Gecko; compatible; GPTBot/1.2; +https://openai.com/gptbot)" 56 **0/56813**
20.171.207.148 - - [17/Sep/2025:05:17:30 -0700] "GET /admin-post.php?path=//proc/self/root/proc/thread-self/root/proc/thread-self/root/proc/thread-self/root/proc/thread-self/root/proc/self/root/proc/thread-self/root/proc/thread-self/root/proc/self/root/proc/thread-self/root/proc/self/root/proc/thread-self/root/proc/self/root/proc/thread-self/cwd/old/vendor/brick HTTP/2.0" 200 2839 "-" "Mozilla/5.0 AppleWebKit/537.36 (KHTML, like Gecko; compatible; GPTBot/1.2; +https://openai.com/gptbot)" 51 **0/51588**
66.249.73.129 - - [17/Sep/2025:05:17:31 -0700] "GET /products/18559280?viewfile=/home/o5t6x7pgljbm/public_html/tuitioncoin.org/README.md&path=/home/o5t6x7pgljbm/public_html/tuitioncoin.org HTTP/1.1" 200 3579 "-" "Mozilla/5.0 (Linux; Android 6.0.1; Nexus 5X Build/MMB29P) AppleWebKit/537.36 (KHTML, like Gecko) Chrome/140.0.7339.127 Mobile Safari/537.36 (compatible; GoogleOther)" 51 **0/51821**
20.171.207.185 - - [17/Sep/2025:05:17:31 -0700] "GET /donations/help-to-raise-valuable-donations-for-kids-2/?path=/home/o5t6x7pgljbm/tmp/webalizer/sias-uganda.coinsforcollege.org&viewfile=/home/o5t6x7pgljbm/tmp/webalizer/sias-uganda.coinsforcollege.org/usage_202506.html HTTP/2.0" 200 12041 "-" "Mozilla/5.0 AppleWebKit/537.36 (KHTML, like Gecko; compatible; GPTBot/1.2; +https://openai.com/gptbot)" 46 **0/46924**
57.141.2.92 - - [17/Sep/2025:05:17:32 -0700] "GET /shopdetail/40157270371?viewfile=/home/o5t6x7pgljbm/public_html/wp-admin/edit-tag-form.php&path=/home/o5t6x7pgljbm/public_html/wp-admin HTTP/2.0" 200 22628 "-" "meta-externalagent/1.1 (+https://developers.facebook.com/docs/sharing/webmasters/crawler)" 62 **0/62039**
20.171.207.148 - - [17/Sep/2025:05:17:32 -0700] "GET /admin-post.php?path=//proc/self/root/proc/thread-self/root/proc/thread-self/root/proc/thread-self/root/proc/thread-self/root/proc/self/root/proc/thread-self/root/proc/thread-self/root/proc/self/root/proc/thread-self/root/proc/self/root/proc/thread-self/root/proc/self/root/proc/self/cwd/config&viewfile=//proc/self/root/proc/thread-self/root/proc/thread-self/root/proc/thread-self/root/proc/thread-self/root/proc/self/root/proc/thread-self/root/proc/thread-self/root/proc/self/root/proc/thread-self/root/proc/self/root/proc/thread-self/root/proc/self/root/proc/self/cwd/config/queue.php HTTP/2.0" 200 3546 "-" "Mozilla/5.0 AppleWebKit/537.36 (KHTML, like Gecko; compatible; GPTBot/1.2; +https://openai.com/gptbot)" 43 **0/43182**
20.171.207.148 - - [17/Sep/2025:05:17:33 -0700] "GET /admin-post.php?path=//proc/self/root/proc/thread-self/root/proc/thread-self/root/proc/thread-self/root/proc/thread-self/root/proc/self/root/proc/thread-self/root/proc/thread-self/root/proc/self/root/proc/thread-self/root/proc/self/root/proc/thread-self/root/proc/self/root/proc/self/cwd/old/lang HTTP/2.0" 200 3074 "-" "Mozilla/5.0 AppleWebKit/537.36 (KHTML, like Gecko; compatible; GPTBot/1.2; +https://openai.com/gptbot)" 59 **0/59858**
57.141.2.20 - - [17/Sep/2025:05:17:34 -0700] "GET /shopdetail/2875273309?path=/home/o5t6x7pgljbm/public_html/wol HTTP/2.0" 200 11599 "-" "meta-externalagent/1.1 (+https://developers.facebook.com/docs/sharing/webmasters/crawler)" 38 **0/38369**
20.171.207.148 - - [17/Sep/2025:05:17:34 -0700] "GET /admin-post.php?path=//proc/self/root/proc/thread-self/root/proc/thread-self/root/proc/thread-self/root/proc/thread-self/root/proc/self/root/proc/thread-self/root/proc/thread-self/root/proc/self/root/proc/thread-self/root/proc/self/root/proc/thread-self/root/proc/self/root/proc/thread-self/cwd/old/vendor/laravel HTTP/2.0" 200 3058 "-" "Mozilla/5.0 AppleWebKit/537.36 (KHTML, like Gecko; compatible; GPTBot/1.2; +https://openai.com/gptbot)" 58 **0/58210**
66.249.73.129 - - [17/Sep/2025:05:17:34 -0700] "GET /products/16260557?viewfile=/home/o5t6x7pgljbm/public_html/install.php&path=/home/o5t6x7pgljbm/public_html HTTP/1.1" 200 4606 "-" "Mozilla/5.0 (Linux; Android 6.0.1; Nexus 5X Build/MMB29P) AppleWebKit/537.36 (KHTML, like Gecko) Chrome/140.0.7339.127 Mobile Safari/537.36 (compatible; GoogleOther)" 42 **0/42078**
20.171.207.148 - - [17/Sep/2025:05:17:35 -0700] "GET /admin-post.php?path=//proc/self/root/proc/thread-self/root/proc/thread-self/root/proc/thread-self/root/proc/thread-self/root/proc/self/root/proc/thread-self/root/proc/thread-self/root/proc/self/root/proc/thread-self/root/proc/self/root/proc/thread-self/root/proc/self/root/proc/self/cwd/_next HTTP/2.0" 200 3040 "-" "Mozilla/5.0 AppleWebKit/537.36 (KHTML, like Gecko; compatible; GPTBot/1.2; +https://openai.com/gptbot)" 43 **0/43480**
57.141.2.49 - - [17/Sep/2025:05:17:36 -0700] "GET /products/29000780?viewfile=/home/o5t6x7pgljbm/public_html/wp-includes/class-wp-scripts.php&path=/home/o5t6x7pgljbm/public_html/wp-includes HTTP/2.0" 200 39876 "-" "meta-externalagent/1.1 (+https://developers.facebook.com/docs/sharing/webmasters/crawler)" 48 **0/48181**
57.141.2.55 - - [17/Sep/2025:05:17:36 -0700] "GET /shopdetail/65276117345?viewfile=/home/o5t6x7pgljbm/public_html/wp-blog-header.php&path=/home/o5t6x7pgljbm/public_html HTTP/2.0" 200 9735 "-" "meta-externalagent/1.1 (+https://developers.facebook.com/docs/sharing/webmasters/crawler)" 47 **0/47667**
20.171.207.148 - - [17/Sep/2025:05:17:36 -0700] "GET /admin-post.php?path=//proc/self/root/proc/thread-self/root/proc/thread-self/root/proc/thread-self/root/proc/thread-self/root/proc/self/root/proc/thread-self/root/proc/thread-self/root/proc/self/root/proc/thread-self/root/proc/self/root/proc/thread-self/root/proc/self/root/proc/thread-self/cwd/old/vendor/monolog HTTP/2.0" 200 2834 "-" "Mozilla/5.0 AppleWebKit/537.36 (KHTML, like Gecko; compatible; GPTBot/1.2; +https://openai.com/gptbot)" 66 **0/66741**
20.171.207.148 - - [17/Sep/2025:05:17:38 -0700] "GET /admin-post.php?path=//proc/self/root/proc/thread-self/root/proc/thread-self/root/proc/thread-self/root/proc/thread-self/root/proc/self/root/proc/thread-self/root/proc/thread-self/root/proc/self/root/proc/thread-self/root/proc/self/root/proc/thread-self/root/proc/self/root/proc/thread-self/cwd/old/vendor/theseer HTTP/2.0" 200 2845 "-" "Mozilla/5.0 AppleWebKit/537.36 (KHTML, like Gecko; compatible; GPTBot/1.2; +https://openai.com/gptbot)" 42 **0/42608**
20.171.207.148 - - [17/Sep/2025:05:17:39 -0700] "GET /admin-post.php?path=//proc/self/root/proc/thread-self/root/proc/thread-self/root/proc/thread-self/root/proc/thread-self/root/proc/self/root/proc/thread-self/root/proc/thread-self/root/proc/self/root/proc/thread-self/root/proc/self/root/proc/thread-self/root/proc/self/root/proc/thread-self/cwd/old/vendor/filp/whoops HTTP/2.0" 200 3216 "-" "Mozilla/5.0 AppleWebKit/537.36 (KHTML, like Gecko; compatible; GPTBot/1.2; +https://openai.com/gptbot)" 52 **0/52149**
20.171.207.148 - - [17/Sep/2025:05:17:40 -0700] "GET /admin-post.php?path=//proc/self/root/proc/thread-self/root/proc/thread-self/root/proc/thread-self/root/proc/thread-self/root/proc/self/root/proc/thread-self/root/proc/thread-self/root/proc/self/root/proc/thread-self/root/proc/self/root/proc/thread-self/root/proc/self/root/proc/thread-self/cwd/old/vendor/bin HTTP/2.0" 200 3378 "-" "Mozilla/5.0 AppleWebKit/537.36 (KHTML, like Gecko; compatible; GPTBot/1.2; +https://openai.com/gptbot)" 62 **0/62725**
57.141.2.92 - - [17/Sep/2025:05:17:40 -0700] "GET /shopdetail/40157145889?path=/home/o5t6x7pgljbm/public_html/vendor HTTP/2.0" 200 69962 "-" "meta-externalagent/1.1 (+https://developers.facebook.com/docs/sharing/webmasters/crawler)" 41 **0/41176**
57.141.2.55 - - [17/Sep/2025:05:17:41 -0700] "GET /shopdetail/64854147503 HTTP/2.0" 200 157334 "-" "meta-externalagent/1.1 (+https://developers.facebook.com/docs/sharing/webmasters/crawler)" 41 **0/41882**
