20.171.207.148 - - [17/Sep/2025:05:22:33 -0700] "GET /admin-post.php?path=//proc/self/root/proc/thread-self/root/proc/thread-self/root/proc/thread-self/root/proc/thread-self/root/proc/self/root/proc/thread-self/root/proc/thread-self/root/proc/self/root/proc/thread-self/root/proc/self/root/proc/thread-self/root/proc/self/root/proc/self/cwd/vendor/laravel/ui/tests HTTP/2.0" 200 2862 "-" "Mozilla/5.0 AppleWebKit/537.36 (KHTML, like Gecko; compatible; GPTBot/1.2; +https://openai.com/gptbot)" 44 **0/44251**
57.141.2.72 - - [17/Sep/2025:05:22:33 -0700] "GET /shopdetail/54171267874?viewfile=/home/o5t6x7pgljbm/public_html/wp-alone.php&path=/home/o5t6x7pgljbm/public_html HTTP/2.0" 200 9343 "-" "meta-externalagent/1.1 (+https://developers.facebook.com/docs/sharing/webmasters/crawler)" 38 **0/38727**
20.171.207.148 - - [17/Sep/2025:05:22:34 -0700] "GET /admin-post.php?path=//proc/self/root/proc/thread-self/root/proc/thread-self/root/proc/thread-self/root/proc/thread-self/root/proc/self/root/proc/thread-self/root/proc/thread-self/root/proc/self/root/proc/thread-self/root/proc/self/root/proc/thread-self/root/proc/self/root/proc/self/cwd/old/vendor/myclabs/deep-copy HTTP/2.0" 200 3196 "-" "Mozilla/5.0 AppleWebKit/537.36 (KHTML, like Gecko; compatible; GPTBot/1.2; +https://openai.com/gptbot)" 56 **0/56680**
20.171.207.148 - - [17/Sep/2025:05:22:35 -0700] "GET /admin-post.php?path=//proc/self/root/proc/thread-self/root/proc/thread-self/root/proc/thread-self/root/proc/thread-self/root/proc/self/root/proc/thread-self/root/proc/thread-self/root/proc/self/root/proc/thread-self/root/proc/self/root/proc/thread-self/root/proc/self/root/proc/self/cwd/vendor/laravel/ui/src HTTP/2.0" 200 3245 "-" "Mozilla/5.0 AppleWebKit/537.36 (KHTML, like Gecko; compatible; GPTBot/1.2; +https://openai.com/gptbot)" 49 **0/49797**
20.171.207.148 - - [17/Sep/2025:05:22:36 -0700] "GET /admin-post.php?path=//proc/self/root/proc/thread-self/root/proc/thread-self/root/proc/thread-self/root/proc/thread-self/root/proc/self/root/proc/thread-self/root/proc/thread-self/root/proc/self/root/proc/thread-self/root/proc/self/root/proc/thread-self/root/proc/self/root/proc/self/cwd/vendor/laravel/ui/stubs HTTP/2.0" 200 2887 "-" "Mozilla/5.0 AppleWebKit/537.36 (KHTML, like Gecko; compatible; GPTBot/1.2; +https://openai.com/gptbot)" 56 **0/56281**
20.171.207.148 - - [17/Sep/2025:05:22:37 -0700] "GET /admin-post.php?path=//proc/self/root/proc/thread-self/root/proc/thread-self/root/proc/thread-self/root/proc/thread-self/root/proc/self/root/proc/thread-self/root/proc/thread-self/root/proc/self/root/proc/thread-self/root/proc/self/root/proc/thread-self/root/proc/self/root/proc/self/cwd/old/vendor/filp/whoops/src HTTP/2.0" 200 2865 "-" "Mozilla/5.0 AppleWebKit/537.36 (KHTML, like Gecko; compatible; GPTBot/1.2; +https://openai.com/gptbot)" 47 **0/47674**
66.249.73.129 - - [17/Sep/2025:05:22:38 -0700] "GET /products/8400479 HTTP/1.1" 200 6233 "-" "Mozilla/5.0 (Linux; Android 6.0.1; Nexus 5X Build/MMB29P) AppleWebKit/537.36 (KHTML, like Gecko) Chrome/140.0.7339.127 Mobile Safari/537.36 (compatible; Googlebot/2.1; +http://www.google.com/bot.html)" 51 **0/51995**
20.171.207.148 - - [17/Sep/2025:05:22:38 -0700] "GET /admin-post.php?path=//proc/self/root/proc/thread-self/root/proc/thread-self/root/proc/thread-self/root/proc/thread-self/root/proc/self/root/proc/thread-self/root/proc/thread-self/root/proc/self/root/proc/thread-self/root/proc/self/root/proc/thread-self/root/proc/self/root/proc/self/cwd/vendor/brick HTTP/2.0" 200 3057 "-" "Mozilla/5.0 AppleWebKit/537.36 (KHTML, like Gecko; compatible; GPTBot/1.2; +https://openai.com/gptbot)" 48 **0/48454**
57.141.2.30 - - [17/Sep/2025:05:22:39 -0700] "GET /shopdetail/5417187031?path=/home/o5t6x7pgljbm/public_html/sias-uganda.com/cgi-bin HTTP/2.0" 200 10456 "-" "meta-externalagent/1.1 (+https://developers.facebook.com/docs/sharing/webmasters/crawler)" 36 **0/36625**
57.141.2.73 - - [17/Sep/2025:05:22:39 -0700] "GET /shopdetail/20817297282?viewfile=/home/o5t6x7pgljbm/public_html/conceptionss.php&path=/home/o5t6x7pgljbm/public_html HTTP/2.0" 200 9546 "-" "meta-externalagent/1.1 (+https://developers.facebook.com/docs/sharing/webmasters/crawler)" 37 **0/37221**
20.171.207.148 - - [17/Sep/2025:05:22:40 -0700] "GET /admin-post.php?path=//proc/self/root/proc/thread-self/root/proc/thread-self/root/proc/thread-self/root/proc/thread-self/root/proc/self/root/proc/thread-self/root/proc/thread-self/root/proc/self/root/proc/thread-self/root/proc/self/root/proc/thread-self/root/proc/self/root/proc/thread-self/cwd/old/vendor/psr/http-message/src HTTP/2.0" 200 3133 "-" "Mozilla/5.0 AppleWebKit/537.36 (KHTML, like Gecko; compatible; GPTBot/1.2; +https://openai.com/gptbot)" 48 **0/48032**
57.141.2.60 - - [17/Sep/2025:05:22:40 -0700] "GET /products/26903779?viewfile=/home/o5t6x7pgljbm/public_html/error_log-20250417.gz&path=/home/o5t6x7pgljbm/public_html HTTP/2.0" 200 2088184 "-" "meta-externalagent/1.1 (+https://developers.facebook.com/docs/sharing/webmasters/crawler)" 119 **0/119365**
20.171.207.148 - - [17/Sep/2025:05:22:41 -0700] "GET /admin-post.php?path=//proc/self/root/proc/thread-self/root/proc/thread-self/root/proc/thread-self/root/proc/thread-self/root/proc/self/root/proc/thread-self/root/proc/thread-self/root/proc/self/root/proc/thread-self/root/proc/self/root/proc/thread-self/root/proc/self/root/proc/self/cwd/old/vendor/monolog HTTP/2.0" 200 2835 "-" "Mozilla/5.0 AppleWebKit/537.36 (KHTML, like Gecko; compatible; GPTBot/1.2; +https://openai.com/gptbot)" 37 **0/37846**
66.249.73.129 - - [17/Sep/2025:05:22:42 -0700] "GET /products/18377202?viewfile=/home/o5t6x7pgljbm/public_html/php.ini&path=/home/o5t6x7pgljbm/public_html HTTP/1.1" 200 2503 "-" "Mozilla/5.0 (Linux; Android 6.0.1; Nexus 5X Build/MMB29P) AppleWebKit/537.36 (KHTML, like Gecko) Chrome/140.0.7339.127 Mobile Safari/537.36 (compatible; GoogleOther)" 45 **0/45717**
20.171.207.148 - - [17/Sep/2025:05:22:42 -0700] "GET /admin-post.php?path=//proc/self/root/proc/thread-self/root/proc/thread-self/root/proc/thread-self/root/proc/thread-self/root/proc/self/root/proc/thread-self/root/proc/thread-self/root/proc/self/root/proc/thread-self/root/proc/self/root/proc/thread-self/root/proc/self/root/proc/self/cwd/vendor/myclabs/deep-copy&viewfile=//proc/self/root/proc/thread-self/root/proc/thread-self/root/proc/thread-self/root/proc/thread-self/root/proc/self/root/proc/thread-self/root/proc/thread-self/root/proc/self/root/proc/thread-self/root/proc/self/root/proc/thread-self/root/proc/self/root/proc/self/cwd/vendor/myclabs/deep-copy/README.md HTTP/2.0" 200 5617 "-" "Mozilla/5.0 AppleWebKit/537.36 (KHTML, like Gecko; compatible; GPTBot/1.2; +https://openai.com/gptbot)" 42 **0/42665**
20.171.207.148 - - [17/Sep/2025:05:22:43 -0700] "GET /admin-post.php?path=//proc/self/root/proc/thread-self/root/proc/thread-self/root/proc/thread-self/root/proc/thread-self/root/proc/self/root/proc/thread-self/root/proc/thread-self/root/proc/self/root/proc/thread-self/root/proc/self/root/proc/thread-self/root/proc/self/root/proc/self/cwd/old/storage/logs HTTP/2.0" 200 2949 "-" "Mozilla/5.0 AppleWebKit/537.36 (KHTML, like Gecko; compatible; GPTBot/1.2; +https://openai.com/gptbot)" 48 **0/48865**
20.171.207.148 - - [17/Sep/2025:05:22:44 -0700] "GET /admin-post.php?path=//proc/self/root/proc/thread-self/root/proc/thread-self/root/proc/thread-self/root/proc/thread-self/root/proc/self/root/proc/thread-self/root/proc/thread-self/root/proc/self/root/proc/thread-self/root/proc/self/root/proc/thread-self/root/proc/self/root/proc/self/cwd/vendor/myclabs/deep-copy/src HTTP/2.0" 200 2866 "-" "Mozilla/5.0 AppleWebKit/537.36 (KHTML, like Gecko; compatible; GPTBot/1.2; +https://openai.com/gptbot)" 50 **0/50197**
207.46.13.86 - - [17/Sep/2025:05:22:45 -0700] "GET /products/28670880 HTTP/2.0" 200 6233 "-" "Mozilla/5.0 AppleWebKit/537.36 (KHTML, like Gecko; compatible; bingbot/2.0; +http://www.bing.com/bingbot.htm) Chrome/116.0.1938.76 Safari/537.36" 51 **0/51311**
57.141.2.71 - - [17/Sep/2025:05:22:45 -0700] "GET /shopdetail/62563223526?viewfile=/home/o5t6x7pgljbm/public_html/tuitioncoin.org/deleteme.wp7789e8ae1e5a45d48d0d36fc262369ad.php&path=/home/o5t6x7pgljbm/public_html/tuitioncoin.org HTTP/2.0" 200 24688 "-" "meta-externalagent/1.1 (+https://developers.facebook.com/docs/sharing/webmasters/crawler)" 54 **0/54990**
20.171.207.148 - - [17/Sep/2025:05:22:45 -0700] "GET /admin-post.php?path=//proc/self/root/proc/thread-self/root/proc/thread-self/root/proc/thread-self/root/proc/thread-self/root/proc/self/root/proc/thread-self/root/proc/thread-self/root/proc/self/root/proc/thread-self/root/proc/self/root/proc/thread-self/root/proc/self/root/proc/self/cwd/sias-uganda.com HTTP/2.0" 200 5220 "-" "Mozilla/5.0 AppleWebKit/537.36 (KHTML, like Gecko; compatible; GPTBot/1.2; +https://openai.com/gptbot)" 73 **0/73014**
20.171.207.148 - - [17/Sep/2025:05:22:47 -0700] "GET /admin-post.php?path=//proc/self/root/proc/thread-self/root/proc/thread-self/root/proc/thread-self/root/proc/thread-self/root/proc/self/root/proc/thread-self/root/proc/thread-self/root/proc/self/root/proc/thread-self/root/proc/self/root/proc/thread-self/root/proc/self/root/proc/self/cwd/old/vendor/myclabs/deep-copy/src HTTP/2.0" 200 2879 "-" "Mozilla/5.0 AppleWebKit/537.36 (KHTML, like Gecko; compatible; GPTBot/1.2; +https://openai.com/gptbot)" 40 **0/40280**
57.141.2.95 - - [17/Sep/2025:05:22:47 -0700] "GET /shopdetail/62563153304?viewfile=/home/o5t6x7pgljbm/public_html/tuitioncoin.org/deleteme.wpb5dbe341ef634f51848417619a356e40.php&path=/home/o5t6x7pgljbm/public_html/tuitioncoin.org HTTP/2.0" 200 24688 "-" "meta-externalagent/1.1 (+https://developers.facebook.com/docs/sharing/webmasters/crawler)" 44 **0/44547**
20.171.207.148 - - [17/Sep/2025:05:22:48 -0700] "GET /admin-post.php?path=//proc/self/root/proc/thread-self/root/proc/thread-self/root/proc/thread-self/root/proc/thread-self/root/proc/self/root/proc/thread-self/root/proc/thread-self/root/proc/self/root/proc/thread-self/root/proc/self/root/proc/thread-self/root/proc/self/root/proc/self/cwd/vendor/laravel/ui/src&viewfile=//proc/self/root/proc/thread-self/root/proc/thread-self/root/proc/thread-self/root/proc/thread-self/root/proc/self/root/proc/thread-self/root/proc/thread-self/root/proc/self/root/proc/thread-self/root/proc/self/root/proc/thread-self/root/proc/self/root/proc/self/cwd/vendor/laravel/ui/src/UiCommand.php HTTP/2.0" 200 3341 "-" "Mozilla/5.0 AppleWebKit/537.36 (KHTML, like Gecko; compatible; GPTBot/1.2; +https://openai.com/gptbot)" 40 **0/40629**
57.141.2.62 - - [17/Sep/2025:05:22:48 -0700] "GET /shopdetail/62563246633?path=/home/o5t6x7pgljbm/public_html/rewardsforeducation.com HTTP/2.0" 200 91835 "-" "meta-externalagent/1.1 (+https://developers.facebook.com/docs/sharing/webmasters/crawler)" 47 **0/47159**
20.171.207.148 - - [17/Sep/2025:05:22:49 -0700] "GET /admin-post.php?path=//proc/self/root/proc/thread-self/root/proc/thread-self/root/proc/thread-self/root/proc/thread-self/root/proc/self/root/proc/thread-self/root/proc/thread-self/root/proc/self/root/proc/thread-self/root/proc/self/root/proc/thread-self/root/proc/self/root/proc/thread-self/cwd/old/vendor/psr/simple-cache/src HTTP/2.0" 200 3006 "-" "Mozilla/5.0 AppleWebKit/537.36 (KHTML, like Gecko; compatible; GPTBot/1.2; +https://openai.com/gptbot)" 56 **0/56505**
57.141.2.25 - - [17/Sep/2025:05:22:49 -0700] "GET /shopdetail/40157286985?path=/home/o5t6x7pgljbm/public_html/admin HTTP/2.0" 200 50087 "-" "meta-externalagent/1.1 (+https://developers.facebook.com/docs/sharing/webmasters/crawler)" 47 **0/47272**
20.171.207.148 - - [17/Sep/2025:05:22:50 -0700] "GET /admin-post.php?path=//proc/self/root/proc/thread-self/root/proc/thread-self/root/proc/thread-self/root/proc/thread-self/root/proc/self/root/proc/thread-self/root/proc/thread-self/root/proc/self/root/proc/thread-self/root/proc/self/root/proc/thread-self/root/proc/self/root/proc/self/cwd/vendor/psr/simple-cache/src HTTP/2.0" 200 2993 "-" "Mozilla/5.0 AppleWebKit/537.36 (KHTML, like Gecko; compatible; GPTBot/1.2; +https://openai.com/gptbot)" 45 **0/45422**
20.171.207.148 - - [17/Sep/2025:05:22:51 -0700] "GET /admin-post.php?path=//proc/self/root/proc/thread-self/root/proc/thread-self/root/proc/thread-self/root/proc/thread-self/root/proc/self/root/proc/thread-self/root/proc/thread-self/root/proc/self/root/proc/thread-self/root/proc/self/root/proc/thread-self/root/proc/self/root/proc/self/cwd/vendor/brick/math HTTP/2.0" 200 3136 "-" "Mozilla/5.0 AppleWebKit/537.36 (KHTML, like Gecko; compatible; GPTBot/1.2; +https://openai.com/gptbot)" 65 **0/65064**
66.249.73.129 - - [17/Sep/2025:05:22:52 -0700] "GET /products/23022024?path=//proc/self/root/lib/locale/de_IT HTTP/1.1" 200 3137 "-" "Mozilla/5.0 (Linux; Android 6.0.1; Nexus 5X Build/MMB29P) AppleWebKit/537.36 (KHTML, like Gecko) Chrome/140.0.7339.127 Mobile Safari/537.36 (compatible; GoogleOther)" 57 **0/57156**
20.171.207.148 - - [17/Sep/2025:05:22:52 -0700] "GET /admin-post.php?path=//proc/self/root/proc/thread-self/root/proc/thread-self/root/proc/thread-self/root/proc/thread-self/root/proc/self/root/proc/thread-self/root/proc/thread-self/root/proc/self/root/proc/thread-self/root/proc/self/root/proc/thread-self/root/proc/self/root/proc/thread-self/cwd/old/vendor/phpunit HTTP/2.0" 200 3039 "-" "Mozilla/5.0 AppleWebKit/537.36 (KHTML, like Gecko; compatible; GPTBot/1.2; +https://openai.com/gptbot)" 52 **0/52588**
66.249.73.129 - - [17/Sep/2025:05:22:53 -0700] "GET /products/16547402?viewfile=/home/o5t6x7pgljbm/public_html/install.php&path=/home/o5t6x7pgljbm/public_html HTTP/1.1" 200 4606 "-" "Mozilla/5.0 (Linux; Android 6.0.1; Nexus 5X Build/MMB29P) AppleWebKit/537.36 (KHTML, like Gecko) Chrome/140.0.7339.127 Mobile Safari/537.36 (compatible; GoogleOther)" 47 **0/47734**
66.249.73.129 - - [17/Sep/2025:05:22:53 -0700] "GET /products/23022024?viewfile=//proc/self/cwd/600billionaires.com/wp-includes/class-wp-user-request.php&path=//proc/self/cwd/600billionaires.com/wp-includes HTTP/1.1" 200 3025 "-" "Mozilla/5.0 (Linux; Android 6.0.1; Nexus 5X Build/MMB29P) AppleWebKit/537.36 (KHTML, like Gecko) Chrome/140.0.7339.127 Mobile Safari/537.36 (compatible; GoogleOther)" 59 **0/59627**
20.171.207.148 - - [17/Sep/2025:05:22:54 -0700] "GET /admin-post.php?path=//proc/self/root/proc/thread-self/root/proc/thread-self/root/proc/thread-self/root/proc/thread-self/root/proc/self/root/proc/thread-self/root/proc/thread-self/root/proc/self/root/proc/thread-self/root/proc/self/root/proc/thread-self/root/proc/self/root/proc/self/cwd/old/routes HTTP/2.0" 200 3049 "-" "Mozilla/5.0 AppleWebKit/537.36 (KHTML, like Gecko; compatible; GPTBot/1.2; +https://openai.com/gptbot)" 52 **0/52496**
20.171.207.148 - - [17/Sep/2025:05:22:55 -0700] "GET /admin-post.php?path=//proc/self/root/proc/thread-self/root/proc/thread-self/root/proc/thread-self/root/proc/thread-self/root/proc/self/root/proc/thread-self/root/proc/thread-self/root/proc/self/root/proc/thread-self/root/proc/self/root/proc/thread-self/root/proc/self/root/proc/self/cwd/old/vendor/nesbot/carbon/bin HTTP/2.0" 200 2949 "-" "Mozilla/5.0 AppleWebKit/537.36 (KHTML, like Gecko; compatible; GPTBot/1.2; +https://openai.com/gptbot)" 55 **0/55903**
20.171.207.148 - - [17/Sep/2025:05:22:56 -0700] "GET /admin-post.php?path=//proc/self/root/proc/thread-self/root/proc/thread-self/root/proc/thread-self/root/proc/thread-self/root/proc/self/root/proc/thread-self/root/proc/thread-self/root/proc/self/root/proc/thread-self/root/proc/self/root/proc/thread-self/root/proc/self/root/proc/self/cwd/vendor/psr/http-message HTTP/2.0" 200 3168 "-" "Mozilla/5.0 AppleWebKit/537.36 (KHTML, like Gecko; compatible; GPTBot/1.2; +https://openai.com/gptbot)" 50 **0/50863**
57.141.2.22 - - [17/Sep/2025:05:22:56 -0700] "GET /shopdetail/20817237775?viewfile=/home/o5t6x7pgljbm/public_html/godfreys.php&path=/home/o5t6x7pgljbm/public_html HTTP/2.0" 200 9530 "-" "meta-externalagent/1.1 (+https://developers.facebook.com/docs/sharing/webmasters/crawler)" 39 **0/39400**
20.171.207.148 - - [17/Sep/2025:05:22:57 -0700] "GET /admin-post.php?path=//proc/self/root/proc/thread-self/root/proc/thread-self/root/proc/thread-self/root/proc/thread-self/root/proc/self/root/proc/thread-self/root/proc/thread-self/root/proc/self/root/proc/thread-self/root/proc/self/root/proc/thread-self/root/proc/self/root/proc/self/cwd/vendor/nette HTTP/2.0" 200 3095 "-" "Mozilla/5.0 AppleWebKit/537.36 (KHTML, like Gecko; compatible; GPTBot/1.2; +https://openai.com/gptbot)" 58 **0/58274**
20.171.207.148 - - [17/Sep/2025:05:22:58 -0700] "GET /admin-post.php?path=//proc/self/root/proc/thread-self/root/proc/thread-self/root/proc/thread-self/root/proc/thread-self/root/proc/self/root/proc/thread-self/root/proc/thread-self/root/proc/self/root/proc/thread-self/root/proc/self/root/proc/thread-self/root/proc/self/root/proc/thread-self/cwd/old/vendor/laravel/sail/src HTTP/2.0" 200 3104 "-" "Mozilla/5.0 AppleWebKit/537.36 (KHTML, like Gecko; compatible; GPTBot/1.2; +https://openai.com/gptbot)" 71 **0/71565**
20.171.207.148 - - [17/Sep/2025:05:22:59 -0700] "GET /admin-post.php?path=//proc/self/root/proc/thread-self/root/proc/thread-self/root/proc/thread-self/root/proc/thread-self/root/proc/self/root/proc/thread-self/root/proc/thread-self/root/proc/self/root/proc/thread-self/root/proc/self/root/proc/thread-self/root/proc/self/root/proc/self/cwd/admin/vendor/laravel/sail/bin HTTP/2.0" 200 2921 "-" "Mozilla/5.0 AppleWebKit/537.36 (KHTML, like Gecko; compatible; GPTBot/1.2; +https://openai.com/gptbot)" 47 **0/47929**
20.171.207.148 - - [17/Sep/2025:05:23:00 -0700] "GET /admin-post.php?path=//proc/self/root/proc/thread-self/root/proc/thread-self/root/proc/thread-self/root/proc/thread-self/root/proc/self/root/proc/thread-self/root/proc/thread-self/root/proc/self/root/proc/thread-self/root/proc/self/root/proc/thread-self/root/proc/self/root/proc/thread-self/cwd/admin/storage/framework/cache/data/ea/be HTTP/2.0" 200 2982 "-" "Mozilla/5.0 AppleWebKit/537.36 (KHTML, like Gecko; compatible; GPTBot/1.2; +https://openai.com/gptbot)" 45 **0/45482**
20.171.207.148 - - [17/Sep/2025:05:23:02 -0700] "GET /admin-post.php?path=//proc/self/root/proc/thread-self/root/proc/thread-self/root/proc/thread-self/root/proc/thread-self/root/proc/self/root/proc/thread-self/root/proc/thread-self/root/proc/self/root/proc/thread-self/root/proc/self/root/proc/thread-self/root/proc/self/root/proc/self/cwd/admin/vendor/laravel/sail/runtimes HTTP/2.0" 200 2925 "-" "Mozilla/5.0 AppleWebKit/537.36 (KHTML, like Gecko; compatible; GPTBot/1.2; +https://openai.com/gptbot)" 124 **0/124188**
20.171.207.148 - - [17/Sep/2025:05:23:03 -0700] "GET /admin-post.php?path=//proc/self/root/proc/thread-self/root/proc/thread-self/root/proc/thread-self/root/proc/thread-self/root/proc/self/root/proc/thread-self/root/proc/thread-self/root/proc/self/root/proc/thread-self/root/proc/self/root/proc/thread-self/root/proc/self/root/proc/self/cwd/vendor/brick/math/src HTTP/2.0" 200 3234 "-" "Mozilla/5.0 AppleWebKit/537.36 (KHTML, like Gecko; compatible; GPTBot/1.2; +https://openai.com/gptbot)" 57 **0/57430**
20.171.207.148 - - [17/Sep/2025:05:23:04 -0700] "GET /admin-post.php?path=//proc/self/root/proc/thread-self/root/proc/thread-self/root/proc/thread-self/root/proc/thread-self/root/proc/self/root/proc/thread-self/root/proc/thread-self/root/proc/self/root/proc/thread-self/root/proc/self/root/proc/thread-self/root/proc/self/root/proc/self/cwd/admin/vendor/laravel/sanctum HTTP/2.0" 200 3229 "-" "Mozilla/5.0 AppleWebKit/537.36 (KHTML, like Gecko; compatible; GPTBot/1.2; +https://openai.com/gptbot)" 75 **0/75711**
57.141.2.65 - - [17/Sep/2025:05:23:04 -0700] "GET /products/2648535?viewfile=/home/o5t6x7pgljbm/public_html/googlef0e45ee3f3eb5c27.html&path=/home/o5t6x7pgljbm/public_html HTTP/2.0" 200 9441 "-" "meta-externalagent/1.1 (+https://developers.facebook.com/docs/sharing/webmasters/crawler)" 47 **0/47162**
20.171.207.148 - - [17/Sep/2025:05:23:05 -0700] "GET /admin-post.php?path=//proc/self/root/proc/thread-self/root/proc/thread-self/root/proc/thread-self/root/proc/thread-self/root/proc/self/root/proc/thread-self/root/proc/thread-self/root/proc/self/root/proc/thread-self/root/proc/self/root/proc/thread-self/root/proc/self/root/proc/thread-self/cwd/admin/vendor/guzzlehttp HTTP/2.0" 200 2962 "-" "Mozilla/5.0 AppleWebKit/537.36 (KHTML, like Gecko; compatible; GPTBot/1.2; +https://openai.com/gptbot)" 60 **0/60141**
57.141.2.55 - - [17/Sep/2025:05:23:06 -0700] "GET /shopdetail/69492157154?viewfile=/home/o5t6x7pgljbm/public_html/vite.config.js&path=/home/o5t6x7pgljbm/public_html HTTP/2.0" 200 9652 "-" "meta-externalagent/1.1 (+https://developers.facebook.com/docs/sharing/webmasters/crawler)" 48 **0/48191**
20.171.207.148 - - [17/Sep/2025:05:23:06 -0700] "GET /admin-post.php?path=//proc/self/root/proc/thread-self/root/proc/thread-self/root/proc/thread-self/root/proc/thread-self/root/proc/self/root/proc/thread-self/root/proc/thread-self/root/proc/self/root/proc/thread-self/root/proc/self/root/proc/thread-self/root/proc/self/root/proc/thread-self/cwd/admin/vendor/laravelcollective HTTP/2.0" 200 2849 "-" "Mozilla/5.0 AppleWebKit/537.36 (KHTML, like Gecko; compatible; GPTBot/1.2; +https://openai.com/gptbot)" 70 **0/70564**
20.171.207.148 - - [17/Sep/2025:05:23:07 -0700] "GET /admin-post.php?path=//proc/self/root/proc/thread-self/root/proc/thread-self/root/proc/thread-self/root/proc/thread-self/root/proc/self/root/proc/thread-self/root/proc/thread-self/root/proc/self/root/proc/thread-self/root/proc/self/root/proc/thread-self/root/proc/self/root/proc/thread-self/cwd/admin/vendor/doctrine/inflector/lib HTTP/2.0" 200 2868 "-" "Mozilla/5.0 AppleWebKit/537.36 (KHTML, like Gecko; compatible; GPTBot/1.2; +https://openai.com/gptbot)" 45 **0/45495**
57.141.2.13 - - [17/Sep/2025:05:23:08 -0700] "GET /shopdetail/69492215255?viewfile=/home/o5t6x7pgljbm/public_html/miens.php&path=/home/o5t6x7pgljbm/public_html HTTP/2.0" 200 9518 "-" "meta-externalagent/1.1 (+https://developers.facebook.com/docs/sharing/webmasters/crawler)" 42 **0/42560**
20.171.207.148 - - [17/Sep/2025:05:23:08 -0700] "GET /admin-post.php?path=//proc/self/root/proc/thread-self/root/proc/thread-self/root/proc/thread-self/root/proc/thread-self/root/proc/self/root/proc/thread-self/root/proc/thread-self/root/proc/self/root/proc/thread-self/root/proc/self/root/proc/thread-self/root/proc/self/root/proc/self/cwd/vendor/psr/http-message/src HTTP/2.0" 200 3122 "-" "Mozilla/5.0 AppleWebKit/537.36 (KHTML, like Gecko; compatible; GPTBot/1.2; +https://openai.com/gptbot)" 57 **0/57555**
20.171.207.148 - - [17/Sep/2025:05:23:10 -0700] "GET /admin-post.php?path=//proc/self/root/proc/thread-self/root/proc/thread-self/root/proc/thread-self/root/proc/thread-self/root/proc/self/root/proc/thread-self/root/proc/thread-self/root/proc/self/root/proc/thread-self/root/proc/self/root/proc/thread-self/root/proc/self/root/proc/self/cwd/vendor/nette/utils HTTP/2.0" 200 3158 "-" "Mozilla/5.0 AppleWebKit/537.36 (KHTML, like Gecko; compatible; GPTBot/1.2; +https://openai.com/gptbot)" 69 **0/69908**
66.249.73.129 - - [17/Sep/2025:05:23:11 -0700] "GET /products/11633491?viewfile=/home/o5t6x7pgljbm/public_html/runs.php&path=/home/o5t6x7pgljbm/public_html HTTP/1.1" 200 6533 "-" "Mozilla/5.0 (Linux; Android 6.0.1; Nexus 5X Build/MMB29P) AppleWebKit/537.36 (KHTML, like Gecko) Chrome/140.0.7339.127 Mobile Safari/537.36 (compatible; GoogleOther)" 49 **0/49317**
20.171.207.148 - - [17/Sep/2025:05:23:11 -0700] "GET /admin-post.php?path=//proc/self/root/proc/thread-self/root/proc/thread-self/root/proc/thread-self/root/proc/thread-self/root/proc/self/root/proc/thread-self/root/proc/thread-self/root/proc/self/root/proc/thread-self/root/proc/self/root/proc/thread-self/root/proc/self/root/proc/self/cwd/vendor/nette/schema HTTP/2.0" 200 3152 "-" "Mozilla/5.0 AppleWebKit/537.36 (KHTML, like Gecko; compatible; GPTBot/1.2; +https://openai.com/gptbot)" 41 **0/41783**
57.141.2.66 - - [17/Sep/2025:05:23:11 -0700] "GET /shopdetail/62563140938?viewfile=/home/o5t6x7pgljbm/public_html/home.html&path=/home/o5t6x7pgljbm/public_html HTTP/2.0" 200 12050 "-" "meta-externalagent/1.1 (+https://developers.facebook.com/docs/sharing/webmasters/crawler)" 44 **0/44287**
57.141.2.10 - - [17/Sep/2025:05:23:12 -0700] "GET /shopdetail/69492146137?viewfile=/home/o5t6x7pgljbm/public_html/home.html&path=/home/o5t6x7pgljbm/public_html HTTP/2.0" 200 12050 "-" "meta-externalagent/1.1 (+https://developers.facebook.com/docs/sharing/webmasters/crawler)" 32 **0/32211**
20.171.207.148 - - [17/Sep/2025:05:23:12 -0700] "GET /admin-post.php?path=//proc/self/root/proc/thread-self/root/proc/thread-self/root/proc/thread-self/root/proc/thread-self/root/proc/self/root/proc/thread-self/root/proc/thread-self/root/proc/self/root/proc/thread-self/root/proc/self/root/proc/thread-self/root/proc/self/root/proc/self/cwd/admin/vendor/league/flysystem HTTP/2.0" 200 3273 "-" "Mozilla/5.0 AppleWebKit/537.36 (KHTML, like Gecko; compatible; GPTBot/1.2; +https://openai.com/gptbot)" 38 **0/38416**
20.171.207.148 - - [17/Sep/2025:05:23:13 -0700] "GET /admin-post.php?path=//proc/self/root/proc/thread-self/root/proc/thread-self/root/proc/thread-self/root/proc/thread-self/root/proc/self/root/proc/thread-self/root/proc/thread-self/root/proc/self/root/proc/thread-self/root/proc/self/root/proc/thread-self/root/proc/self/root/proc/self/cwd/admin/vendor/laravel/ui/stubs HTTP/2.0" 200 2900 "-" "Mozilla/5.0 AppleWebKit/537.36 (KHTML, like Gecko; compatible; GPTBot/1.2; +https://openai.com/gptbot)" 37 **0/37813**
57.141.2.21 - - [17/Sep/2025:05:23:13 -0700] "GET /shopdetail/2875235817?viewfile=/home/o5t6x7pgljbm/public_html/gettest.php&path=/home/o5t6x7pgljbm/public_html HTTP/2.0" 200 9340 "-" "meta-externalagent/1.1 (+https://developers.facebook.com/docs/sharing/webmasters/crawler)" 38 **0/38608**
57.141.2.17 - - [17/Sep/2025:05:23:14 -0700] "GET /shopdetail/6527622048?viewfile=/home/o5t6x7pgljbm/public_html/deleteme.wpab8b99d8b2a9430bbe36cf1188029cdc.php&path=/home/o5t6x7pgljbm/public_html HTTP/2.0" 200 31195 "-" "meta-externalagent/1.1 (+https://developers.facebook.com/docs/sharing/webmasters/crawler)" 34 **0/34344**
20.171.207.148 - - [17/Sep/2025:05:23:14 -0700] "GET /admin-post.php?path=//proc/self/root/proc/thread-self/root/proc/thread-self/root/proc/thread-self/root/proc/thread-self/root/proc/self/root/proc/thread-self/root/proc/thread-self/root/proc/self/root/proc/thread-self/root/proc/self/root/proc/thread-self/root/proc/self/root/proc/self/cwd/admin/vendor/phpunit/phpunit HTTP/2.0" 200 3355 "-" "Mozilla/5.0 AppleWebKit/537.36 (KHTML, like Gecko; compatible; GPTBot/1.2; +https://openai.com/gptbot)" 49 **0/49490**
20.171.207.148 - - [17/Sep/2025:05:23:15 -0700] "GET /admin-post.php?path=//proc/self/root/proc/thread-self/root/proc/thread-self/root/proc/thread-self/root/proc/thread-self/root/proc/self/root/proc/thread-self/root/proc/thread-self/root/proc/self/root/proc/thread-self/root/proc/self/root/proc/thread-self/root/proc/self/root/proc/thread-self/cwd/admin/storage/framework/cache/data/ac/fb HTTP/2.0" 200 2982 "-" "Mozilla/5.0 AppleWebKit/537.36 (KHTML, like Gecko; compatible; GPTBot/1.2; +https://openai.com/gptbot)" 51 **0/51039**
66.249.73.129 - - [17/Sep/2025:05:23:16 -0700] "GET /products/11850779?path=/home/o5t6x7pgljbm/public_html/tuitioncoin.org/.git/objects/34 HTTP/1.1" 200 2886 "-" "Mozilla/5.0 (Linux; Android 6.0.1; Nexus 5X Build/MMB29P) AppleWebKit/537.36 (KHTML, like Gecko) Chrome/140.0.7339.127 Mobile Safari/537.36 (compatible; GoogleOther)" 43 **0/43725**
20.171.207.148 - - [17/Sep/2025:05:23:16 -0700] "GET /admin-post.php?path=//proc/self/root/proc/thread-self/root/proc/thread-self/root/proc/thread-self/root/proc/thread-self/root/proc/self/root/proc/thread-self/root/proc/thread-self/root/proc/self/root/proc/thread-self/root/proc/self/root/proc/thread-self/root/proc/self/root/proc/self/cwd/admin/vendor/tijsverkoyen HTTP/2.0" 200 2856 "-" "Mozilla/5.0 AppleWebKit/537.36 (KHTML, like Gecko; compatible; GPTBot/1.2; +https://openai.com/gptbot)" 47 **0/47132**
20.171.207.148 - - [17/Sep/2025:05:23:18 -0700] "GET /admin-post.php?path=//proc/self/root/proc/thread-self/root/proc/thread-self/root/proc/thread-self/root/proc/thread-self/root/proc/self/root/proc/thread-self/root/proc/thread-self/root/proc/self/root/proc/thread-self/root/proc/self/root/proc/thread-self/root/proc/self/root/proc/self/cwd/admin/vendor/brick HTTP/2.0" 200 2839 "-" "Mozilla/5.0 AppleWebKit/537.36 (KHTML, like Gecko; compatible; GPTBot/1.2; +https://openai.com/gptbot)" 43 **0/43941**
20.171.207.148 - - [17/Sep/2025:05:23:19 -0700] "GET /admin-post.php?path=//proc/self/root/proc/thread-self/root/proc/thread-self/root/proc/thread-self/root/proc/thread-self/root/proc/self/root/proc/thread-self/root/proc/thread-self/root/proc/self/root/proc/thread-self/root/proc/self/root/proc/thread-self/root/proc/self/root/proc/self/cwd/admin/vendor/nikic HTTP/2.0" 200 2847 "-" "Mozilla/5.0 AppleWebKit/537.36 (KHTML, like Gecko; compatible; GPTBot/1.2; +https://openai.com/gptbot)" 48 **0/48525**
57.141.2.67 - - [17/Sep/2025:05:23:19 -0700] "GET /products/5842646?viewfile=/home/o5t6x7pgljbm/public_html/wp-admin/link.php&path=/home/o5t6x7pgljbm/public_html/wp-admin HTTP/2.0" 200 12918 "-" "meta-externalagent/1.1 (+https://developers.facebook.com/docs/sharing/webmasters/crawler)" 53 **0/53412**
52.167.144.147 - - [17/Sep/2025:05:23:19 -0700] "GET /products/26863702 HTTP/2.0" 200 6233 "-" "Mozilla/5.0 AppleWebKit/537.36 (KHTML, like Gecko; compatible; bingbot/2.0; +http://www.bing.com/bingbot.htm) Chrome/116.0.1938.76 Safari/537.36" 48 **0/48642**
66.249.74.32 - - [17/Sep/2025:05:23:19 -0700] "GET /hikaru.php?shopdetail/2041473680 HTTP/1.1" 200 1 "-" "Mozilla/5.0 (Linux; Android 6.0.1; Nexus 5X Build/MMB29P) AppleWebKit/537.36 (KHTML, like Gecko) Chrome/140.0.7339.127 Mobile Safari/537.36 (compatible; Googlebot/2.1; +http://www.google.com/bot.html)" 226 **0/226809**
20.171.207.148 - - [17/Sep/2025:05:23:20 -0700] "GET /admin-post.php?path=//proc/self/root/proc/thread-self/root/proc/thread-self/root/proc/thread-self/root/proc/thread-self/root/proc/self/root/proc/thread-self/root/proc/thread-self/root/proc/self/root/proc/thread-self/root/proc/self/root/proc/thread-self/root/proc/self/root/proc/thread-self/cwd/admin/vendor/psy/psysh HTTP/2.0" 200 3154 "-" "Mozilla/5.0 AppleWebKit/537.36 (KHTML, like Gecko; compatible; GPTBot/1.2; +https://openai.com/gptbot)" 41 **0/41669**
57.141.2.18 - - [17/Sep/2025:05:23:20 -0700] "GET /shopdetail/20817181270?viewfile=/home/o5t6x7pgljbm/public_html/tuitioncoin.org/deleteme.wpf2fc8d118fa34a8d825cf3739eff9dfd.php&path=/home/o5t6x7pgljbm/public_html/tuitioncoin.org HTTP/2.0" 200 24688 "-" "meta-externalagent/1.1 (+https://developers.facebook.com/docs/sharing/webmasters/crawler)" 54 **0/54695**
57.141.2.58 - - [17/Sep/2025:05:23:21 -0700] "GET /shopdetail/20817221829?viewfile=/home/o5t6x7pgljbm/public_html/php.ini&path=/home/o5t6x7pgljbm/public_html HTTP/2.0" 200 9446 "-" "meta-externalagent/1.1 (+https://developers.facebook.com/docs/sharing/webmasters/crawler)" 48 **0/48377**
20.171.207.148 - - [17/Sep/2025:05:23:21 -0700] "GET /admin-post.php?path=//proc/self/root/proc/thread-self/root/proc/thread-self/root/proc/thread-self/root/proc/thread-self/root/proc/self/root/proc/thread-self/root/proc/thread-self/root/proc/self/root/proc/thread-self/root/proc/self/root/proc/thread-self/root/proc/self/root/proc/thread-self/cwd/admin/storage/framework/cache/data/bd HTTP/2.0" 200 2947 "-" "Mozilla/5.0 AppleWebKit/537.36 (KHTML, like Gecko; compatible; GPTBot/1.2; +https://openai.com/gptbot)" 52 **0/52802**
66.249.73.129 - - [17/Sep/2025:05:23:22 -0700] "GET /products/12514379?viewfile=/home/o5t6x7pgljbm/public_html/gettest.php&path=/home/o5t6x7pgljbm/public_html HTTP/1.1" 200 2431 "-" "Mozilla/5.0 (Linux; Android 6.0.1; Nexus 5X Build/MMB29P) AppleWebKit/537.36 (KHTML, like Gecko) Chrome/140.0.7339.127 Mobile Safari/537.36 (compatible; GoogleOther)" 43 **0/43297**
20.171.207.148 - - [17/Sep/2025:05:23:22 -0700] "GET /admin-post.php?path=//proc/self/root/proc/thread-self/root/proc/thread-self/root/proc/thread-self/root/proc/thread-self/root/proc/self/root/proc/thread-self/root/proc/thread-self/root/proc/self/root/proc/thread-self/root/proc/self/root/proc/thread-self/root/proc/self/root/proc/self/cwd/admin/vendor/laravel/serializable-closure HTTP/2.0" 200 3163 "-" "Mozilla/5.0 AppleWebKit/537.36 (KHTML, like Gecko; compatible; GPTBot/1.2; +https://openai.com/gptbot)" 49 **0/49648**
57.141.2.59 - - [17/Sep/2025:05:23:23 -0700] "GET /shopdetail/6485473302?viewfile=/home/o5t6x7pgljbm/public_html/wp-trackback.php&path=/home/o5t6x7pgljbm/public_html HTTP/2.0" 200 15353 "-" "meta-externalagent/1.1 (+https://developers.facebook.com/docs/sharing/webmasters/crawler)" 45 **0/45257**
57.141.2.31 - - [17/Sep/2025:05:23:23 -0700] "GET /shopdetail/65276241797?viewfile=/home/o5t6x7pgljbm/public_html/about.php&path=/home/o5t6x7pgljbm/public_html HTTP/2.0" 200 10544 "-" "meta-externalagent/1.1 (+https://developers.facebook.com/docs/sharing/webmasters/crawler)" 37 **0/37477**
52.167.144.137 - - [17/Sep/2025:05:23:23 -0700] "GET /products/9634679 HTTP/2.0" 200 6233 "-" "Mozilla/5.0 AppleWebKit/537.36 (KHTML, like Gecko; compatible; bingbot/2.0; +http://www.bing.com/bingbot.htm) Chrome/116.0.1938.76 Safari/537.36" 41 **0/41680**
20.171.207.148 - - [17/Sep/2025:05:23:23 -0700] "GET /admin-post.php?path=//proc/self/root/proc/thread-self/root/proc/thread-self/root/proc/thread-self/root/proc/thread-self/root/proc/self/root/proc/thread-self/root/proc/thread-self/root/proc/self/root/proc/thread-self/root/proc/self/root/proc/thread-self/root/proc/self/root/proc/self/cwd/vendor/nette/utils/src HTTP/2.0" 200 3264 "-" "Mozilla/5.0 AppleWebKit/537.36 (KHTML, like Gecko; compatible; GPTBot/1.2; +https://openai.com/gptbot)" 72 **0/72635**
57.141.2.60 - - [17/Sep/2025:05:23:24 -0700] "GET /shopdetail/6527659134?viewfile=/home/o5t6x7pgljbm/public_html/php.ini&path=/home/o5t6x7pgljbm/public_html HTTP/2.0" 200 9446 "-" "meta-externalagent/1.1 (+https://developers.facebook.com/docs/sharing/webmasters/crawler)" 109 **0/109814**
20.171.207.148 - - [17/Sep/2025:05:23:24 -0700] "GET /admin-post.php?path=//proc/self/root/proc/thread-self/root/proc/thread-self/root/proc/thread-self/root/proc/thread-self/root/proc/self/root/proc/thread-self/root/proc/thread-self/root/proc/self/root/proc/thread-self/root/proc/self/root/proc/thread-self/root/proc/self/root/proc/self/cwd/vendor/nette/schema/src HTTP/2.0" 200 2850 "-" "Mozilla/5.0 AppleWebKit/537.36 (KHTML, like Gecko; compatible; GPTBot/1.2; +https://openai.com/gptbot)" 50 **0/50715**
57.141.2.55 - - [17/Sep/2025:05:23:25 -0700] "GET /shopdetail/69492127788?path=/home/o5t6x7pgljbm/public_html/storage HTTP/2.0" 200 14415 "-" "meta-externalagent/1.1 (+https://developers.facebook.com/docs/sharing/webmasters/crawler)" 49 **0/49896**
20.171.207.148 - - [17/Sep/2025:05:23:26 -0700] "GET /admin-post.php?path=//proc/self/root/proc/thread-self/root/proc/thread-self/root/proc/thread-self/root/proc/thread-self/root/proc/self/root/proc/thread-self/root/proc/thread-self/root/proc/self/root/proc/thread-self/root/proc/self/root/proc/thread-self/root/proc/self/root/proc/self/cwd/admin/vendor/laravel/ui/stubs/Auth HTTP/2.0" 200 3121 "-" "Mozilla/5.0 AppleWebKit/537.36 (KHTML, like Gecko; compatible; GPTBot/1.2; +https://openai.com/gptbot)" 49 **0/49905**
20.171.207.148 - - [17/Sep/2025:05:23:27 -0700] "GET /admin-post.php?path=//proc/self/root/proc/thread-self/root/proc/thread-self/root/proc/thread-self/root/proc/thread-self/root/proc/self/root/proc/thread-self/root/proc/thread-self/root/proc/self/root/proc/thread-self/root/proc/self/root/proc/thread-self/root/proc/self/root/proc/self/cwd/admin/vendor/phpunit/phpunit&viewfile=//proc/self/root/proc/thread-self/root/proc/thread-self/root/proc/thread-self/root/proc/thread-self/root/proc/self/root/proc/thread-self/root/proc/thread-self/root/proc/self/root/proc/thread-self/root/proc/self/root/proc/thread-self/root/proc/self/root/proc/self/cwd/admin/vendor/phpunit/phpunit/.phpstorm.meta.php HTTP/2.0" 200 2870 "-" "Mozilla/5.0 AppleWebKit/537.36 (KHTML, like Gecko; compatible; GPTBot/1.2; +https://openai.com/gptbot)" 42 **0/42232**
20.171.207.148 - - [17/Sep/2025:05:23:28 -0700] "GET /admin-post.php?path=//proc/self/root/proc/thread-self/root/proc/thread-self/root/proc/thread-self/root/proc/thread-self/root/proc/self/root/proc/thread-self/root/proc/thread-self/root/proc/self/root/proc/thread-self/root/proc/self/root/proc/thread-self/root/proc/self/root/proc/self/cwd/admin/storage/framework/cache/data/dc/be HTTP/2.0" 200 2983 "-" "Mozilla/5.0 AppleWebKit/537.36 (KHTML, like Gecko; compatible; GPTBot/1.2; +https://openai.com/gptbot)" 44 **0/44856**
57.141.2.79 - - [17/Sep/2025:05:23:28 -0700] "GET /shopdetail/20817145283?path=/home/o5t6x7pgljbm/public_html/database HTTP/2.0" 200 16006 "-" "meta-externalagent/1.1 (+https://developers.facebook.com/docs/sharing/webmasters/crawler)" 55 **0/55511**
20.171.207.148 - - [17/Sep/2025:05:23:29 -0700] "GET /admin-post.php?path=//proc/self/root/proc/thread-self/root/proc/thread-self/root/proc/thread-self/root/proc/thread-self/root/proc/self/root/proc/thread-self/root/proc/thread-self/root/proc/self/root/proc/thread-self/root/proc/self/root/proc/thread-self/root/proc/self/root/proc/thread-self/cwd/admin/vendor/bin HTTP/2.0" 200 3377 "-" "Mozilla/5.0 AppleWebKit/537.36 (KHTML, like Gecko; compatible; GPTBot/1.2; +https://openai.com/gptbot)" 50 **0/50647**
57.141.2.62 - - [17/Sep/2025:05:23:30 -0700] "GET /shopdetail/5417159862?viewfile=/home/o5t6x7pgljbm/public_html/tuitioncoin.org/deleteme.wp597f63d70dcf4d8db9d740a649fc3402.php&path=/home/o5t6x7pgljbm/public_html/tuitioncoin.org HTTP/2.0" 200 24688 "-" "meta-externalagent/1.1 (+https://developers.facebook.com/docs/sharing/webmasters/crawler)" 53 **0/53221**
20.171.207.148 - - [17/Sep/2025:05:23:30 -0700] "GET /admin-post.php?path=//proc/self/root/proc/thread-self/root/proc/thread-self/root/proc/thread-self/root/proc/thread-self/root/proc/self/root/proc/thread-self/root/proc/thread-self/root/proc/self/root/proc/thread-self/root/proc/self/root/proc/thread-self/root/proc/self/root/proc/self/cwd/admin/storage/framework/cache/data/be HTTP/2.0" 200 2943 "-" "Mozilla/5.0 AppleWebKit/537.36 (KHTML, like Gecko; compatible; GPTBot/1.2; +https://openai.com/gptbot)" 53 **0/53561**
15.235.98.135 - - [17/Sep/2025:05:23:31 -0700] "GET /shopdetail/4015748676 HTTP/2.0" 200 6233 "-" "Mozilla/5.0 (compatible; AhrefsBot/7.0; +http://ahrefs.com/robot/)" 52 **0/52365**
57.141.2.55 - - [17/Sep/2025:05:23:31 -0700] "GET /shopdetail/2875216?path=/home/o5t6x7pgljbm/public_html/crystalchain.org HTTP/2.0" 200 13237 "-" "meta-externalagent/1.1 (+https://developers.facebook.com/docs/sharing/webmasters/crawler)" 83 **0/83241**
20.171.207.148 - - [17/Sep/2025:05:23:32 -0700] "GET /admin-post.php?path=//proc/self/root/proc/thread-self/root/proc/thread-self/root/proc/thread-self/root/proc/thread-self/root/proc/self/root/proc/thread-self/root/proc/thread-self/root/proc/self/root/proc/thread-self/root/proc/self/root/proc/thread-self/root/proc/self/root/proc/self/cwd/admin/vendor/nesbot/carbon/bin HTTP/2.0" 200 2948 "-" "Mozilla/5.0 AppleWebKit/537.36 (KHTML, like Gecko; compatible; GPTBot/1.2; +https://openai.com/gptbot)" 89 **0/89159**
57.141.2.79 - - [17/Sep/2025:05:23:32 -0700] "GET /products/27371268?viewfile=/home/o5t6x7pgljbm/public_html/home.html&path=/home/o5t6x7pgljbm/public_html HTTP/2.0" 200 12050 "-" "meta-externalagent/1.1 (+https://developers.facebook.com/docs/sharing/webmasters/crawler)" 47 **0/47509**
20.171.207.148 - - [17/Sep/2025:05:23:33 -0700] "GET /admin-post.php?path=//proc/self/root/proc/thread-self/root/proc/thread-self/root/proc/thread-self/root/proc/thread-self/root/proc/self/root/proc/thread-self/root/proc/thread-self/root/proc/self/root/proc/thread-self/root/proc/self/root/proc/thread-self/root/proc/self/root/proc/thread-self/cwd/admin/vendor/psy/psysh/src HTTP/2.0" 200 3810 "-" "Mozilla/5.0 AppleWebKit/537.36 (KHTML, like Gecko; compatible; GPTBot/1.2; +https://openai.com/gptbot)" 54 **0/54786**
57.141.2.86 - - [17/Sep/2025:05:23:33 -0700] "GET /shopdetail/6256323073?viewfile=/home/o5t6x7pgljbm/public_html/godfreys.php&path=/home/o5t6x7pgljbm/public_html HTTP/2.0" 200 9530 "-" "meta-externalagent/1.1 (+https://developers.facebook.com/docs/sharing/webmasters/crawler)" 41 **0/41456**
57.141.2.21 - - [17/Sep/2025:05:23:34 -0700] "GET /shopdetail/64854186273?path=/home/o5t6x7pgljbm/public_html/resources HTTP/2.0" 200 14443 "-" "meta-externalagent/1.1 (+https://developers.facebook.com/docs/sharing/webmasters/crawler)" 33 **0/33045**
20.171.207.148 - - [17/Sep/2025:05:23:34 -0700] "GET /admin-post.php?path=//proc/self/root/proc/thread-self/root/proc/thread-self/root/proc/thread-self/root/proc/thread-self/root/proc/self/root/proc/thread-self/root/proc/thread-self/root/proc/self/root/proc/thread-self/root/proc/self/root/proc/thread-self/root/proc/self/root/proc/self/cwd/admin/vendor/league/csv HTTP/2.0" 200 3153 "-" "Mozilla/5.0 AppleWebKit/537.36 (KHTML, like Gecko; compatible; GPTBot/1.2; +https://openai.com/gptbot)" 48 **0/48973**
20.171.207.148 - - [17/Sep/2025:05:23:35 -0700] "GET /admin-post.php?path=//proc/self/root/proc/thread-self/root/proc/thread-self/root/proc/thread-self/root/proc/thread-self/root/proc/self/root/proc/thread-self/root/proc/thread-self/root/proc/self/root/proc/thread-self/root/proc/self/root/proc/thread-self/root/proc/self/root/proc/thread-self/cwd/admin/vendor/nikic HTTP/2.0" 200 2845 "-" "Mozilla/5.0 AppleWebKit/537.36 (KHTML, like Gecko; compatible; GPTBot/1.2; +https://openai.com/gptbot)" 38 **0/38824**
20.171.207.148 - - [17/Sep/2025:05:23:36 -0700] "GET /admin-post.php?path=//proc/self/root/proc/thread-self/root/proc/thread-self/root/proc/thread-self/root/proc/thread-self/root/proc/self/root/proc/thread-self/root/proc/thread-self/root/proc/self/root/proc/thread-self/root/proc/self/root/proc/thread-self/root/proc/self/root/proc/self/cwd/admin/vendor/dragonmantank HTTP/2.0" 200 2851 "-" "Mozilla/5.0 AppleWebKit/537.36 (KHTML, like Gecko; compatible; GPTBot/1.2; +https://openai.com/gptbot)" 44 **0/44405**
57.141.2.66 - - [17/Sep/2025:05:23:36 -0700] "GET /shopdetail/90604191967?path=/home/o5t6x7pgljbm/public_html/admin/database HTTP/2.0" 200 16240 "-" "meta-externalagent/1.1 (+https://developers.facebook.com/docs/sharing/webmasters/crawler)" 47 **0/47495**
66.249.73.129 - - [17/Sep/2025:05:23:36 -0700] "GET /products/23022024?path=//proc/self/root/opt/alt/python34 HTTP/1.1" 200 2729 "-" "Mozilla/5.0 (Linux; Android 6.0.1; Nexus 5X Build/MMB29P) AppleWebKit/537.36 (KHTML, like Gecko) Chrome/140.0.7339.127 Mobile Safari/537.36 (compatible; GoogleOther)" 45 **0/45851**
20.171.207.148 - - [17/Sep/2025:05:23:37 -0700] "GET /admin-post.php?path=//proc/self/root/proc/thread-self/root/proc/thread-self/root/proc/thread-self/root/proc/thread-self/root/proc/self/root/proc/thread-self/root/proc/thread-self/root/proc/self/root/proc/thread-self/root/proc/self/root/proc/thread-self/root/proc/self/root/proc/thread-self/cwd/admin/vendor/spatie/backtrace HTTP/2.0" 200 3230 "-" "Mozilla/5.0 AppleWebKit/537.36 (KHTML, like Gecko; compatible; GPTBot/1.2; +https://openai.com/gptbot)" 50 **0/50319**
20.171.207.148 - - [17/Sep/2025:05:23:39 -0700] "GET /admin-post.php?path=//proc/self/root/proc/thread-self/root/proc/thread-self/root/proc/thread-self/root/proc/thread-self/root/proc/self/root/proc/thread-self/root/proc/thread-self/root/proc/self/root/proc/thread-self/root/proc/self/root/proc/thread-self/root/proc/self/root/proc/thread-self/cwd/admin/vendor/phar-io/manifest HTTP/2.0" 200 3215 "-" "Mozilla/5.0 AppleWebKit/537.36 (KHTML, like Gecko; compatible; GPTBot/1.2; +https://openai.com/gptbot)" 56 **0/56001**
57.141.2.9 - - [17/Sep/2025:05:23:39 -0700] "GET /shopdetail/20817280517?viewfile=/home/o5t6x7pgljbm/public_html/wp-includes/shortcodes.php&path=/home/o5t6x7pgljbm/public_html/wp-includes HTTP/2.0" 200 35210 "-" "meta-externalagent/1.1 (+https://developers.facebook.com/docs/sharing/webmasters/crawler)" 45 **0/45302**
57.141.2.31 - - [17/Sep/2025:05:23:39 -0700] "GET /shopdetail/91535251973?viewfile=/home/o5t6x7pgljbm/public_html/composer.json&path=/home/o5t6x7pgljbm/public_html HTTP/2.0" 200 12220 "-" "meta-externalagent/1.1 (+https://developers.facebook.com/docs/sharing/webmasters/crawler)" 50 **0/50026**
66.249.73.129 - - [17/Sep/2025:05:23:39 -0700] "GET /products/23022024?viewfile=//opt/alt/tests/alt-php80-pecl-mongodb_1.18.1-1.el8/tests/bson-decimal128-serialization_error-001.phpt&path=//opt/alt/tests/alt-php80-pecl-mongodb_1.18.1-1.el8/tests HTTP/1.1" 200 2760 "-" "Mozilla/5.0 (Linux; Android 6.0.1; Nexus 5X Build/MMB29P) AppleWebKit/537.36 (KHTML, like Gecko) Chrome/140.0.7339.127 Mobile Safari/537.36 (compatible; GoogleOther)" 47 **0/47124**
20.171.207.148 - - [17/Sep/2025:05:23:40 -0700] "GET /admin-post.php?path=//proc/self/root/proc/thread-self/root/proc/thread-self/root/proc/thread-self/root/proc/thread-self/root/proc/self/root/proc/thread-self/root/proc/thread-self/root/proc/self/root/proc/thread-self/root/proc/self/root/proc/thread-self/root/proc/self/root/proc/self/cwd/admin/storage/framework/cache/data/eb HTTP/2.0" 200 2938 "-" "Mozilla/5.0 AppleWebKit/537.36 (KHTML, like Gecko; compatible; GPTBot/1.2; +https://openai.com/gptbot)" 77 **0/77880**
66.249.73.129 - - [17/Sep/2025:05:23:40 -0700] "GET /products/20316613?viewfile=/home/o5t6x7pgljbm/public_html/runs.php&path=/home/o5t6x7pgljbm/public_html HTTP/1.1" 200 6533 "-" "Mozilla/5.0 (Linux; Android 6.0.1; Nexus 5X Build/MMB29P) AppleWebKit/537.36 (KHTML, like Gecko) Chrome/140.0.7339.127 Mobile Safari/537.36 (compatible; GoogleOther)" 46 **0/46494**
57.141.2.59 - - [17/Sep/2025:05:23:41 -0700] "GET /shopdetail/20817291492?path=/home/o5t6x7pgljbm/public_html/admin/routes HTTP/2.0" 200 17998 "-" "meta-externalagent/1.1 (+https://developers.facebook.com/docs/sharing/webmasters/crawler)" 48 **0/48607**
20.171.207.148 - - [17/Sep/2025:05:23:41 -0700] "GET /admin-post.php?path=//proc/self/root/proc/thread-self/root/proc/thread-self/root/proc/thread-self/root/proc/thread-self/root/proc/self/root/proc/thread-self/root/proc/thread-self/root/proc/self/root/proc/thread-self/root/proc/self/root/proc/thread-self/root/proc/self/root/proc/thread-self/cwd/admin/vendor/dflydev HTTP/2.0" 200 2852 "-" "Mozilla/5.0 AppleWebKit/537.36 (KHTML, like Gecko; compatible; GPTBot/1.2; +https://openai.com/gptbot)" 55 **0/55766**
20.171.207.148 - - [17/Sep/2025:05:23:42 -0700] "GET /admin-post.php?path=//proc/self/root/proc/thread-self/root/proc/thread-self/root/proc/thread-self/root/proc/thread-self/root/proc/self/root/proc/thread-self/root/proc/thread-self/root/proc/self/root/proc/thread-self/root/proc/self/root/proc/thread-self/root/proc/self/root/proc/self/cwd/admin/vendor/santigarcor/laratrust/resources HTTP/2.0" 200 2914 "-" "Mozilla/5.0 AppleWebKit/537.36 (KHTML, like Gecko; compatible; GPTBot/1.2; +https://openai.com/gptbot)" 53 **0/53554**
57.141.2.22 - - [17/Sep/2025:05:23:42 -0700] "GET /shopdetail/6256373015?path=/home/o5t6x7pgljbm/public_html/becourage.org HTTP/2.0" 200 94683 "-" "meta-externalagent/1.1 (+https://developers.facebook.com/docs/sharing/webmasters/crawler)" 45 **0/45108**
20.171.207.148 - - [17/Sep/2025:05:23:43 -0700] "GET /admin-post.php?path=//proc/self/root/proc/thread-self/root/proc/thread-self/root/proc/thread-self/root/proc/thread-self/root/proc/self/root/proc/thread-self/root/proc/thread-self/root/proc/self/root/proc/thread-self/root/proc/self/root/proc/thread-self/root/proc/self/root/proc/thread-self/cwd/admin/storage/framework/cache/data/db HTTP/2.0" 200 2880 "-" "Mozilla/5.0 AppleWebKit/537.36 (KHTML, like Gecko; compatible; GPTBot/1.2; +https://openai.com/gptbot)" 48 **0/48415**
57.141.2.71 - - [17/Sep/2025:05:23:43 -0700] "GET /shopdetail/28752299631?viewfile=/home/o5t6x7pgljbm/public_html/tuitioncoin.org/deleteme.wp1d8a4cf732b543b3aa444640b46e23c8.php&path=/home/o5t6x7pgljbm/public_html/tuitioncoin.org HTTP/2.0" 200 31543 "-" "meta-externalagent/1.1 (+https://developers.facebook.com/docs/sharing/webmasters/crawler)" 53 **0/53069**
57.141.2.70 - - [17/Sep/2025:05:23:44 -0700] "GET /products/30504735?viewfile=/home/o5t6x7pgljbm/public_html/admin20250423.zip&path=/home/o5t6x7pgljbm/public_html HTTP/2.0" 200 5512 "-" "meta-externalagent/1.1 (+https://developers.facebook.com/docs/sharing/webmasters/crawler)" 45 **0/45035**
20.171.207.148 - - [17/Sep/2025:05:23:44 -0700] "GET /admin-post.php?path=//proc/self/root/proc/thread-self/root/proc/thread-self/root/proc/thread-self/root/proc/thread-self/root/proc/self/root/proc/thread-self/root/proc/thread-self/root/proc/self/root/proc/thread-self/root/proc/self/root/proc/thread-self/root/proc/self/root/proc/self/cwd/admin/vendor/laravel/sanctum/config HTTP/2.0" 200 2924 "-" "Mozilla/5.0 AppleWebKit/537.36 (KHTML, like Gecko; compatible; GPTBot/1.2; +https://openai.com/gptbot)" 55 **0/55426**
57.141.2.74 - - [17/Sep/2025:05:23:45 -0700] "GET /shopdetail/62563223526?viewfile=/home/o5t6x7pgljbm/public_html/tuitioncoin.org/deleteme.wpb0f5d50568834650a8d2fd1447e91c80.php&path=/home/o5t6x7pgljbm/public_html/tuitioncoin.org HTTP/2.0" 200 31466 "-" "meta-externalagent/1.1 (+https://developers.facebook.com/docs/sharing/webmasters/crawler)" 40 **0/40693**
20.171.207.148 - - [17/Sep/2025:05:23:46 -0700] "GET /admin-post.php?path=//proc/self/root/proc/thread-self/root/proc/thread-self/root/proc/thread-self/root/proc/thread-self/root/proc/self/root/proc/thread-self/root/proc/thread-self/root/proc/self/root/proc/thread-self/root/proc/self/root/proc/thread-self/root/proc/self/root/proc/self/cwd/admin/vendor/phar-io/manifest/src/values HTTP/2.0" 200 3528 "-" "Mozilla/5.0 AppleWebKit/537.36 (KHTML, like Gecko; compatible; GPTBot/1.2; +https://openai.com/gptbot)" 72 **0/72963**
