57.141.2.79 - - [17/Sep/2025:05:30:50 -0700] "GET /products/19490757?path=/home/o5t6x7pgljbm/public_html/vendor/theseer HTTP/2.0" 200 11782 "-" "meta-externalagent/1.1 (+https://developers.facebook.com/docs/sharing/webmasters/crawler)" 42 **0/42569**
66.249.73.129 - - [17/Sep/2025:05:30:50 -0700] "GET /products/20624268 HTTP/1.1" 200 6233 "-" "Mozilla/5.0 (Linux; Android 6.0.1; Nexus 5X Build/MMB29P) AppleWebKit/537.36 (KHTML, like Gecko) Chrome/140.0.7339.127 Mobile Safari/537.36 (compatible; Googlebot/2.1; +http://www.google.com/bot.html)" 55 **0/55050**
20.171.207.148 - - [17/Sep/2025:05:30:51 -0700] "GET /admin-post.php?path=//proc/self/root/proc/thread-self/root/proc/thread-self/root/proc/thread-self/root/proc/thread-self/root/proc/self/root/proc/thread-self/root/proc/thread-self/root/proc/self/root/proc/thread-self/root/proc/self/root/proc/thread-self/root/proc/self/root/proc/self/cwd/old/public/lang/en HTTP/2.0" 200 2910 "-" "Mozilla/5.0 AppleWebKit/537.36 (KHTML, like Gecko; compatible; GPTBot/1.2; +https://openai.com/gptbot)" 45 **0/45067**
57.141.2.67 - - [17/Sep/2025:05:30:51 -0700] "GET /shopdetail/2875267669?viewfile=/home/o5t6x7pgljbm/public_html/countyacademy.com/deleteme.wp325d70cab1914e70bdfc009786958049.php&path=/home/o5t6x7pgljbm/public_html/countyacademy.com HTTP/2.0" 200 39540 "-" "meta-externalagent/1.1 (+https://developers.facebook.com/docs/sharing/webmasters/crawler)" 42 **0/42994**
57.141.2.55 - - [17/Sep/2025:05:30:51 -0700] "GET /products/17343335?viewfile=/home/o5t6x7pgljbm/public_html/deleteme.wpab8b99d8b2a9430bbe36cf1188029cdc.php&path=/home/o5t6x7pgljbm/public_html HTTP/2.0" 200 31195 "-" "meta-externalagent/1.1 (+https://developers.facebook.com/docs/sharing/webmasters/crawler)" 51 **0/51690**
66.249.73.130 - - [17/Sep/2025:05:30:51 -0700] "GET /products/18455435?path=/home/o5t6x7pgljbm HTTP/1.1" 200 4052 "-" "Mozilla/5.0 (Linux; Android 6.0.1; Nexus 5X Build/MMB29P) AppleWebKit/537.36 (KHTML, like Gecko) Chrome/140.0.7339.127 Mobile Safari/537.36 (compatible; GoogleOther)" 51 **0/51656**
20.171.207.148 - - [17/Sep/2025:05:30:52 -0700] "GET /admin-post.php?path=//proc/self/root/proc/thread-self/root/proc/thread-self/root/proc/thread-self/root/proc/thread-self/root/proc/self/root/proc/thread-self/root/proc/thread-self/root/proc/self/root/proc/thread-self/root/proc/self/root/proc/thread-self/root/proc/self/root/proc/thread-self/cwd/vendor/vlucas/phpdotenv HTTP/2.0" 200 3101 "-" "Mozilla/5.0 AppleWebKit/537.36 (KHTML, like Gecko; compatible; GPTBot/1.2; +https://openai.com/gptbot)" 68 **0/68213**
20.171.207.148 - - [17/Sep/2025:05:30:53 -0700] "GET /admin-post.php?path=//proc/self/root/proc/thread-self/root/proc/thread-self/root/proc/thread-self/root/proc/thread-self/root/proc/self/root/proc/thread-self/root/proc/thread-self/root/proc/self/root/proc/thread-self/root/proc/self/root/proc/thread-self/root/proc/self/root/proc/thread-self/cwd/vendor/hamcrest HTTP/2.0" 200 3052 "-" "Mozilla/5.0 AppleWebKit/537.36 (KHTML, like Gecko; compatible; GPTBot/1.2; +https://openai.com/gptbot)" 59 **0/59457**
66.249.73.129 - - [17/Sep/2025:05:30:54 -0700] "GET /products/12226579 HTTP/1.1" 200 6233 "-" "Mozilla/5.0 (Linux; Android 6.0.1; Nexus 5X Build/MMB29P) AppleWebKit/537.36 (KHTML, like Gecko) Chrome/140.0.7339.127 Mobile Safari/537.36 (compatible; Googlebot/2.1; +http://www.google.com/bot.html)" 49 **0/49562**
66.249.73.129 - - [17/Sep/2025:05:30:54 -0700] "GET /products/23313657?viewfile=/home/o5t6x7pgljbm/public_html/2.php&path=/home/o5t6x7pgljbm/public_html HTTP/1.1" 200 2426 "-" "Mozilla/5.0 (Linux; Android 6.0.1; Nexus 5X Build/MMB29P) AppleWebKit/537.36 (KHTML, like Gecko) Chrome/140.0.7339.127 Mobile Safari/537.36 (compatible; GoogleOther)" 50 **0/50474**
20.171.207.148 - - [17/Sep/2025:05:30:54 -0700] "GET /admin-post.php?path=//proc/self/root/proc/thread-self/root/proc/thread-self/root/proc/thread-self/root/proc/thread-self/root/proc/self/root/proc/thread-self/root/proc/thread-self/root/proc/self/root/proc/thread-self/root/proc/self/root/proc/thread-self/root/proc/self/root/proc/thread-self/cwd/vendor/myclabs HTTP/2.0" 200 3059 "-" "Mozilla/5.0 AppleWebKit/537.36 (KHTML, like Gecko; compatible; GPTBot/1.2; +https://openai.com/gptbot)" 47 **0/47977**
57.141.2.60 - - [17/Sep/2025:05:30:55 -0700] "GET /shopdetail/20817149987?viewfile=/home/o5t6x7pgljbm/public_html/wp-config-sample.php&path=/home/o5t6x7pgljbm/public_html HTTP/2.0" 200 13081 "-" "meta-externalagent/1.1 (+https://developers.facebook.com/docs/sharing/webmasters/crawler)" 55 **0/55486**
57.141.2.77 - - [17/Sep/2025:05:30:55 -0700] "GET /shopdetail/28752127599?viewfile=/home/o5t6x7pgljbm/public_html/runs.php&path=/home/o5t6x7pgljbm/public_html HTTP/2.0" 200 41474 "-" "meta-externalagent/1.1 (+https://developers.facebook.com/docs/sharing/webmasters/crawler)" 52 **0/52865**
20.171.207.148 - - [17/Sep/2025:05:30:56 -0700] "GET /admin-post.php?path=//proc/self/root/proc/thread-self/root/proc/thread-self/root/proc/thread-self/root/proc/thread-self/root/proc/self/root/proc/thread-self/root/proc/thread-self/root/proc/self/root/proc/thread-self/root/proc/self/root/proc/thread-self/root/proc/self/root/proc/self/cwd/vendor/spatie/backtrace HTTP/2.0" 200 3215 "-" "Mozilla/5.0 AppleWebKit/537.36 (KHTML, like Gecko; compatible; GPTBot/1.2; +https://openai.com/gptbot)" 53 **0/53460**
20.171.207.148 - - [17/Sep/2025:05:30:57 -0700] "GET /admin-post.php?path=//proc/self/root/proc/thread-self/root/proc/thread-self/root/proc/thread-self/root/proc/thread-self/root/proc/self/root/proc/thread-self/root/proc/thread-self/root/proc/self/root/proc/thread-self/root/proc/self/root/proc/thread-self/root/proc/self/root/proc/thread-self/cwd/old/vendor/composer HTTP/2.0" 200 3312 "-" "Mozilla/5.0 AppleWebKit/537.36 (KHTML, like Gecko; compatible; GPTBot/1.2; +https://openai.com/gptbot)" 83 **0/83195**
20.171.207.148 - - [17/Sep/2025:05:30:58 -0700] "GET /admin-post.php?path=//proc/self/root/proc/thread-self/root/proc/thread-self/root/proc/thread-self/root/proc/thread-self/root/proc/self/root/proc/thread-self/root/proc/thread-self/root/proc/self/root/proc/thread-self/root/proc/self/root/proc/thread-self/root/proc/self/root/proc/self/cwd/old/vendor/phar-io/version/src/constraints HTTP/2.0" 200 3212 "-" "Mozilla/5.0 AppleWebKit/537.36 (KHTML, like Gecko; compatible; GPTBot/1.2; +https://openai.com/gptbot)" 57 **0/57355**
66.249.73.131 - - [17/Sep/2025:05:30:58 -0700] "GET /products/19389746 HTTP/1.1" 200 6233 "-" "Mozilla/5.0 (Linux; Android 6.0.1; Nexus 5X Build/MMB29P) AppleWebKit/537.36 (KHTML, like Gecko) Chrome/140.0.7339.127 Mobile Safari/537.36 (compatible; Googlebot/2.1; +http://www.google.com/bot.html)" 74 **0/74275**
57.141.2.16 - - [17/Sep/2025:05:30:59 -0700] "GET /shopdetail/5417168691?path=/home/o5t6x7pgljbm/public_html/.well-known HTTP/2.0" 200 10149 "-" "meta-externalagent/1.1 (+https://developers.facebook.com/docs/sharing/webmasters/crawler)" 40 **0/40311**
20.171.207.148 - - [17/Sep/2025:05:30:59 -0700] "GET /admin-post.php?path=//proc/self/root/proc/thread-self/root/proc/thread-self/root/proc/thread-self/root/proc/thread-self/root/proc/self/root/proc/thread-self/root/proc/thread-self/root/proc/self/root/proc/thread-self/root/proc/self/root/proc/thread-self/root/proc/self/root/proc/self/cwd/admin/storage/framework/cache/data/ac/fb&viewfile=//proc/self/root/proc/thread-self/root/proc/thread-self/root/proc/thread-self/root/proc/thread-self/root/proc/self/root/proc/thread-self/root/proc/thread-self/root/proc/self/root/proc/thread-self/root/proc/self/root/proc/thread-self/root/proc/self/root/proc/self/cwd/admin/storage/framework/cache/data/ac/fb/acfb5c50d6a35300ef79158dcb5e185590b76a66 HTTP/2.0" 200 2791 "-" "Mozilla/5.0 AppleWebKit/537.36 (KHTML, like Gecko; compatible; GPTBot/1.2; +https://openai.com/gptbot)" 43 **0/43173**
66.249.73.129 - - [17/Sep/2025:05:30:59 -0700] "GET /products/30104635 HTTP/1.1" 200 6233 "-" "Mozilla/5.0 (Linux; Android 6.0.1; Nexus 5X Build/MMB29P) AppleWebKit/537.36 (KHTML, like Gecko) Chrome/140.0.7339.127 Mobile Safari/537.36 (compatible; Googlebot/2.1; +http://www.google.com/bot.html)" 48 **0/48414**
57.141.2.8 - - [17/Sep/2025:05:30:59 -0700] "GET /shopdetail/69492112217?viewfile=/home/o5t6x7pgljbm/public_html/tuitioncoin.org/deleteme.wp5bc52af794e14bfb8c55123bef2d02c9.php&path=/home/o5t6x7pgljbm/public_html/tuitioncoin.org HTTP/2.0" 200 24688 "-" "meta-externalagent/1.1 (+https://developers.facebook.com/docs/sharing/webmasters/crawler)" 62 **0/62791**
57.141.2.21 - - [17/Sep/2025:05:31:00 -0700] "GET /shopdetail/20817171671?viewfile=/home/o5t6x7pgljbm/public_html/.env&path=/home/o5t6x7pgljbm/public_html HTTP/2.0" 200 10885 "-" "meta-externalagent/1.1 (+https://developers.facebook.com/docs/sharing/webmasters/crawler)" 59 **0/59652**
66.249.73.129 - - [17/Sep/2025:05:31:00 -0700] "GET /products/21981179?viewfile=//lib/locale/de_BE.utf8/LC_ADDRESS&path=//lib/locale/de_BE.utf8 HTTP/1.1" 200 2564 "-" "Mozilla/5.0 (Linux; Android 6.0.1; Nexus 5X Build/MMB29P) AppleWebKit/537.36 (KHTML, like Gecko) Chrome/140.0.7339.127 Mobile Safari/537.36 (compatible; GoogleOther)" 71 **0/71441**
66.249.73.132 - - [17/Sep/2025:05:31:00 -0700] "GET /products/26337079 HTTP/1.1" 200 6233 "-" "Mozilla/5.0 (Linux; Android 6.0.1; Nexus 5X Build/MMB29P) AppleWebKit/537.36 (KHTML, like Gecko) Chrome/140.0.7339.127 Mobile Safari/537.36 (compatible; Googlebot/2.1; +http://www.google.com/bot.html)" 59 **0/59254**
20.171.207.148 - - [17/Sep/2025:05:31:00 -0700] "GET /admin-post.php?path=//proc/self/root/proc/thread-self/root/proc/thread-self/root/proc/thread-self/root/proc/thread-self/root/proc/self/root/proc/thread-self/root/proc/thread-self/root/proc/self/root/proc/thread-self/root/proc/self/root/proc/thread-self/root/proc/self/root/proc/self/cwd/vendor/laravel/framework HTTP/2.0" 200 3175 "-" "Mozilla/5.0 AppleWebKit/537.36 (KHTML, like Gecko; compatible; GPTBot/1.2; +https://openai.com/gptbot)" 57 **0/57994**
66.249.73.129 - - [17/Sep/2025:05:31:01 -0700] "GET /products/17800635 HTTP/1.1" 200 6233 "-" "Mozilla/5.0 (Linux; Android 6.0.1; Nexus 5X Build/MMB29P) AppleWebKit/537.36 (KHTML, like Gecko) Chrome/140.0.7339.127 Mobile Safari/537.36 (compatible; Googlebot/2.1; +http://www.google.com/bot.html)" 72 **0/72145**
57.141.2.24 - - [17/Sep/2025:05:31:01 -0700] "GET /products/4736168?viewfile=/home/o5t6x7pgljbm/public_html/tuitioncoin.org/deleteme.wpbcd14712ea24442bb7b6146d2e3bb419.php&path=/home/o5t6x7pgljbm/public_html/tuitioncoin.org HTTP/2.0" 200 24688 "-" "meta-externalagent/1.1 (+https://developers.facebook.com/docs/sharing/webmasters/crawler)" 52 **0/52100**
66.249.73.131 - - [17/Sep/2025:05:31:01 -0700] "GET /products/23022024?viewfile=//proc/self/root/usr/lib/.build-id/44/78e1c8a7aab31a8c380ff33b1d0e6acb973038&path=//proc/self/root/usr/lib/.build-id/44 HTTP/1.1" 200 7185 "-" "Mozilla/5.0 (Linux; Android 6.0.1; Nexus 5X Build/MMB29P) AppleWebKit/537.36 (KHTML, like Gecko) Chrome/140.0.7339.127 Mobile Safari/537.36 (compatible; GoogleOther)" 71 **0/71309**
57.141.2.63 - - [17/Sep/2025:05:31:01 -0700] "GET /shopdetail/69492200214?viewfile=/home/o5t6x7pgljbm/public_html/bootstrap/app.php&path=/home/o5t6x7pgljbm/public_html/bootstrap HTTP/2.0" 200 11163 "-" "meta-externalagent/1.1 (+https://developers.facebook.com/docs/sharing/webmasters/crawler)" 74 **0/74582**
66.249.73.130 - - [17/Sep/2025:05:31:02 -0700] "GET /products/31439235 HTTP/1.1" 200 6233 "-" "Mozilla/5.0 (Linux; Android 6.0.1; Nexus 5X Build/MMB29P) AppleWebKit/537.36 (KHTML, like Gecko) Chrome/140.0.7339.127 Mobile Safari/537.36 (compatible; Googlebot/2.1; +http://www.google.com/bot.html)" 85 **0/85686**
57.141.2.74 - - [17/Sep/2025:05:31:02 -0700] "GET /shopdetail/9153568365?viewfile=/home/o5t6x7pgljbm/public_html/countyacademy.com/deleteme.wpb00546f3e759432bbf6f5fde75df1827.php&path=/home/o5t6x7pgljbm/public_html/countyacademy.com HTTP/2.0" 200 39540 "-" "meta-externalagent/1.1 (+https://developers.facebook.com/docs/sharing/webmasters/crawler)" 56 **0/56493**
20.171.207.148 - - [17/Sep/2025:05:31:01 -0700] "GET /admin-post.php?path=//proc/self/root/proc/thread-self/root/proc/thread-self/root/proc/thread-self/root/proc/thread-self/root/proc/self/root/proc/thread-self/root/proc/thread-self/root/proc/self/root/proc/thread-self/root/proc/self/root/proc/thread-self/root/proc/self/root/proc/thread-self/cwd/storage/framework HTTP/2.0" 200 3207 "-" "Mozilla/5.0 AppleWebKit/537.36 (KHTML, like Gecko; compatible; GPTBot/1.2; +https://openai.com/gptbot)" 1109 **1/1109788**
20.171.207.148 - - [17/Sep/2025:05:31:03 -0700] "GET /admin-post.php?path=//proc/self/root/proc/thread-self/root/proc/thread-self/root/proc/thread-self/root/proc/thread-self/root/proc/self/root/proc/thread-self/root/proc/thread-self/root/proc/self/root/proc/thread-self/root/proc/self/root/proc/thread-self/root/proc/self/root/proc/self/cwd/vendor/laravel/sanctum HTTP/2.0" 200 3215 "-" "Mozilla/5.0 AppleWebKit/537.36 (KHTML, like Gecko; compatible; GPTBot/1.2; +https://openai.com/gptbot)" 58 **0/58291**
66.249.73.131 - - [17/Sep/2025:05:31:03 -0700] "GET /products/29116802 HTTP/1.1" 200 6233 "-" "Mozilla/5.0 (Linux; Android 6.0.1; Nexus 5X Build/MMB29P) AppleWebKit/537.36 (KHTML, like Gecko) Chrome/140.0.7339.127 Mobile Safari/537.36 (compatible; Googlebot/2.1; +http://www.google.com/bot.html)" 49 **0/49314**
20.171.207.148 - - [17/Sep/2025:05:31:04 -0700] "GET /admin-post.php?path=//proc/self/root/proc/thread-self/root/proc/thread-self/root/proc/thread-self/root/proc/thread-self/root/proc/self/root/proc/thread-self/root/proc/thread-self/root/proc/self/root/proc/thread-self/root/proc/self/root/proc/thread-self/root/proc/self/root/proc/self/cwd/vendor/fruitcake HTTP/2.0" 200 3058 "-" "Mozilla/5.0 AppleWebKit/537.36 (KHTML, like Gecko; compatible; GPTBot/1.2; +https://openai.com/gptbot)" 55 **0/55541**
66.249.74.34 - - [17/Sep/2025:05:31:05 -0700] "GET /hikaru.php?shopdetail/20414209584 HTTP/1.1" 200 1 "-" "Mozilla/5.0 (Linux; Android 6.0.1; Nexus 5X Build/MMB29P) AppleWebKit/537.36 (KHTML, like Gecko) Chrome/140.0.7339.127 Mobile Safari/537.36 (compatible; Googlebot/2.1; +http://www.google.com/bot.html)" 299 **0/299977**
20.171.207.148 - - [17/Sep/2025:05:31:05 -0700] "GET /admin-post.php?path=//proc/self/root/proc/thread-self/root/proc/thread-self/root/proc/thread-self/root/proc/thread-self/root/proc/self/root/proc/thread-self/root/proc/thread-self/root/proc/self/root/proc/thread-self/root/proc/self/root/proc/thread-self/root/proc/self/root/proc/self/cwd/old/vendor/intervention HTTP/2.0" 200 2847 "-" "Mozilla/5.0 AppleWebKit/537.36 (KHTML, like Gecko; compatible; GPTBot/1.2; +https://openai.com/gptbot)" 49 **0/49370**
57.141.2.55 - - [17/Sep/2025:05:31:05 -0700] "GET /shopdetail/20817294845?viewfile=/home/o5t6x7pgljbm/public_html/wp-includes/https-detection.php&path=/home/o5t6x7pgljbm/public_html/wp-includes HTTP/2.0" 200 15852 "-" "meta-externalagent/1.1 (+https://developers.facebook.com/docs/sharing/webmasters/crawler)" 48 **0/48850**
66.249.73.129 - - [17/Sep/2025:05:31:05 -0700] "GET /products/18777424?viewfile=/home/o5t6x7pgljbm/public_html/about.php&path=/home/o5t6x7pgljbm/public_html HTTP/1.1" 200 2874 "-" "Mozilla/5.0 (Linux; Android 6.0.1; Nexus 5X Build/MMB29P) AppleWebKit/537.36 (KHTML, like Gecko) Chrome/140.0.7339.127 Mobile Safari/537.36 (compatible; GoogleOther)" 63 **0/63190**
66.249.73.130 - - [17/Sep/2025:05:31:06 -0700] "GET /products/20866979 HTTP/1.1" 200 6233 "-" "Mozilla/5.0 (Linux; Android 6.0.1; Nexus 5X Build/MMB29P) AppleWebKit/537.36 (KHTML, like Gecko) Chrome/140.0.7339.127 Mobile Safari/537.36 (compatible; Googlebot/2.1; +http://www.google.com/bot.html)" 53 **0/53237**
20.171.207.148 - - [17/Sep/2025:05:31:06 -0700] "GET /admin-post.php?path=//proc/self/root/proc/thread-self/root/proc/thread-self/root/proc/thread-self/root/proc/thread-self/root/proc/self/root/proc/thread-self/root/proc/thread-self/root/proc/self/root/proc/thread-self/root/proc/self/root/proc/thread-self/root/proc/self/root/proc/thread-self/cwd/vendor/fruitcake HTTP/2.0" 200 3057 "-" "Mozilla/5.0 AppleWebKit/537.36 (KHTML, like Gecko; compatible; GPTBot/1.2; +https://openai.com/gptbot)" 48 **0/48623**
57.141.2.27 - - [17/Sep/2025:05:31:07 -0700] "GET /shopdetail/69492219808?viewfile=/home/o5t6x7pgljbm/public_html/vite.config.js&path=/home/o5t6x7pgljbm/public_html HTTP/2.0" 200 9652 "-" "meta-externalagent/1.1 (+https://developers.facebook.com/docs/sharing/webmasters/crawler)" 41 **0/41241**
66.249.73.130 - - [17/Sep/2025:05:31:07 -0700] "GET /products/29823657 HTTP/1.1" 200 6233 "-" "Mozilla/5.0 (Linux; Android 6.0.1; Nexus 5X Build/MMB29P) AppleWebKit/537.36 (KHTML, like Gecko) Chrome/140.0.7339.127 Mobile Safari/537.36 (compatible; Googlebot/2.1; +http://www.google.com/bot.html)" 75 **0/75627**
20.171.207.148 - - [17/Sep/2025:05:31:07 -0700] "GET /admin-post.php?path=//proc/self/root/proc/thread-self/root/proc/thread-self/root/proc/thread-self/root/proc/thread-self/root/proc/self/root/proc/thread-self/root/proc/thread-self/root/proc/self/root/proc/thread-self/root/proc/self/root/proc/thread-self/root/proc/self/root/proc/thread-self/cwd/old/vendor/ralouphie HTTP/2.0" 200 2851 "-" "Mozilla/5.0 AppleWebKit/537.36 (KHTML, like Gecko; compatible; GPTBot/1.2; +https://openai.com/gptbot)" 51 **0/51970**
54.39.0.114 - - [17/Sep/2025:05:31:08 -0700] "GET /shopdetail/694925202 HTTP/2.0" 200 6233 "-" "Mozilla/5.0 (compatible; AhrefsBot/7.0; +http://ahrefs.com/robot/)" 69 **0/69103**
20.171.207.148 - - [17/Sep/2025:05:31:08 -0700] "GET /admin-post.php?path=//proc/self/root/proc/thread-self/root/proc/thread-self/root/proc/thread-self/root/proc/thread-self/root/proc/self/root/proc/thread-self/root/proc/thread-self/root/proc/self/root/proc/thread-self/root/proc/self/root/proc/thread-self/root/proc/self/root/proc/self/cwd/vendor/laravel/sail/runtimes HTTP/2.0" 200 2912 "-" "Mozilla/5.0 AppleWebKit/537.36 (KHTML, like Gecko; compatible; GPTBot/1.2; +https://openai.com/gptbot)" 58 **0/58686**
20.171.207.148 - - [17/Sep/2025:05:31:10 -0700] "GET /admin-post.php?path=//proc/self/root/proc/thread-self/root/proc/thread-self/root/proc/thread-self/root/proc/thread-self/root/proc/self/root/proc/thread-self/root/proc/thread-self/root/proc/self/root/proc/thread-self/root/proc/self/root/proc/thread-self/root/proc/self/root/proc/thread-self/cwd/old/vendor/composer&viewfile=//proc/self/root/proc/thread-self/root/proc/thread-self/root/proc/thread-self/root/proc/thread-self/root/proc/self/root/proc/thread-self/root/proc/thread-self/root/proc/self/root/proc/thread-self/root/proc/self/root/proc/thread-self/root/proc/self/root/proc/thread-self/cwd/old/vendor/composer/autoload_real.php HTTP/2.0" 200 3446 "-" "Mozilla/5.0 AppleWebKit/537.36 (KHTML, like Gecko; compatible; GPTBot/1.2; +https://openai.com/gptbot)" 56 **0/56225**
66.249.73.129 - - [17/Sep/2025:05:31:10 -0700] "GET /products/23779968 HTTP/1.1" 200 6233 "-" "Mozilla/5.0 (Linux; Android 6.0.1; Nexus 5X Build/MMB29P) AppleWebKit/537.36 (KHTML, like Gecko) Chrome/140.0.7339.127 Mobile Safari/537.36 (compatible; Googlebot/2.1; +http://www.google.com/bot.html)" 55 **0/55869**
20.171.207.148 - - [17/Sep/2025:05:31:11 -0700] "GET /admin-post.php?path=//proc/self/root/proc/thread-self/root/proc/thread-self/root/proc/thread-self/root/proc/thread-self/root/proc/self/root/proc/thread-self/root/proc/thread-self/root/proc/self/root/proc/thread-self/root/proc/self/root/proc/thread-self/root/proc/self/root/proc/thread-self/cwd/old/vendor/vlucas/phpdotenv HTTP/2.0" 200 3113 "-" "Mozilla/5.0 AppleWebKit/537.36 (KHTML, like Gecko; compatible; GPTBot/1.2; +https://openai.com/gptbot)" 44 **0/44538**
66.249.73.129 - - [17/Sep/2025:05:31:11 -0700] "GET /products/29104991 HTTP/1.1" 200 6233 "-" "Mozilla/5.0 (Linux; Android 6.0.1; Nexus 5X Build/MMB29P) AppleWebKit/537.36 (KHTML, like Gecko) Chrome/140.0.7339.127 Mobile Safari/537.36 (compatible; Googlebot/2.1; +http://www.google.com/bot.html)" 42 **0/42009**
57.141.2.3 - - [17/Sep/2025:05:31:11 -0700] "GET /shopdetail/2875210187?viewfile=/home/o5t6x7pgljbm/public_html/composer.json&path=/home/o5t6x7pgljbm/public_html HTTP/2.0" 200 12220 "-" "meta-externalagent/1.1 (+https://developers.facebook.com/docs/sharing/webmasters/crawler)" 42 **0/42684**
20.171.207.148 - - [17/Sep/2025:05:31:12 -0700] "GET /admin-post.php?path=//proc/self/root/proc/thread-self/root/proc/thread-self/root/proc/thread-self/root/proc/thread-self/root/proc/self/root/proc/thread-self/root/proc/thread-self/root/proc/self/root/proc/thread-self/root/proc/self/root/proc/thread-self/root/proc/self/root/proc/self/cwd/old/vendor/ralouphie/getallheaders HTTP/2.0" 200 3148 "-" "Mozilla/5.0 AppleWebKit/537.36 (KHTML, like Gecko; compatible; GPTBot/1.2; +https://openai.com/gptbot)" 46 **0/46071**
66.249.73.129 - - [17/Sep/2025:05:31:12 -0700] "GET /products/25931479?path=/ HTTP/1.1" 200 3135 "-" "Mozilla/5.0 (Linux; Android 6.0.1; Nexus 5X Build/MMB29P) AppleWebKit/537.36 (KHTML, like Gecko) Chrome/140.0.7339.127 Mobile Safari/537.36 (compatible; GoogleOther)" 50 **0/50159**
66.249.73.129 - - [17/Sep/2025:05:31:12 -0700] "GET /products/21045691 HTTP/1.1" 200 6233 "-" "Mozilla/5.0 (Linux; Android 6.0.1; Nexus 5X Build/MMB29P) AppleWebKit/537.36 (KHTML, like Gecko) Chrome/140.0.7339.127 Mobile Safari/537.36 (compatible; Googlebot/2.1; +http://www.google.com/bot.html)" 39 **0/39915**
20.171.207.148 - - [17/Sep/2025:05:31:13 -0700] "GET /admin-post.php?path=//proc/self/root/proc/thread-self/root/proc/thread-self/root/proc/thread-self/root/proc/thread-self/root/proc/self/root/proc/thread-self/root/proc/thread-self/root/proc/self/root/proc/thread-self/root/proc/self/root/proc/thread-self/root/proc/self/root/proc/self/cwd/old/vendor/symfony/process HTTP/2.0" 200 3403 "-" "Mozilla/5.0 AppleWebKit/537.36 (KHTML, like Gecko; compatible; GPTBot/1.2; +https://openai.com/gptbot)" 56 **0/56248**
57.141.2.56 - - [17/Sep/2025:05:31:13 -0700] "GET /shopdetail/6527639581?path=/home/o5t6x7pgljbm/public_html/crystalchain.org HTTP/2.0" 200 13237 "-" "meta-externalagent/1.1 (+https://developers.facebook.com/docs/sharing/webmasters/crawler)" 45 **0/45474**
20.171.207.148 - - [17/Sep/2025:05:31:14 -0700] "GET /admin-post.php?path=//proc/self/root/proc/thread-self/root/proc/thread-self/root/proc/thread-self/root/proc/thread-self/root/proc/self/root/proc/thread-self/root/proc/thread-self/root/proc/self/root/proc/thread-self/root/proc/self/root/proc/thread-self/root/proc/self/root/proc/thread-self/cwd/vendor/doctrine HTTP/2.0" 200 3136 "-" "Mozilla/5.0 AppleWebKit/537.36 (KHTML, like Gecko; compatible; GPTBot/1.2; +https://openai.com/gptbot)" 66 **0/66477**
57.141.2.55 - - [17/Sep/2025:05:31:15 -0700] "GET /shopdetail/9153524760?viewfile=/home/o5t6x7pgljbm/public_html/php.ini&path=/home/o5t6x7pgljbm/public_html HTTP/2.0" 200 9446 "-" "meta-externalagent/1.1 (+https://developers.facebook.com/docs/sharing/webmasters/crawler)" 57 **0/57278**
66.249.73.129 - - [17/Sep/2025:05:31:15 -0700] "GET /products/21448979 HTTP/1.1" 200 6233 "-" "Mozilla/5.0 (Linux; Android 6.0.1; Nexus 5X Build/MMB29P) AppleWebKit/537.36 (KHTML, like Gecko) Chrome/140.0.7339.127 Mobile Safari/537.36 (compatible; Googlebot/2.1; +http://www.google.com/bot.html)" 63 **0/63488**
20.171.207.148 - - [17/Sep/2025:05:31:15 -0700] "GET /admin-post.php?path=//proc/self/root/proc/thread-self/root/proc/thread-self/root/proc/thread-self/root/proc/thread-self/root/proc/self/root/proc/thread-self/root/proc/thread-self/root/proc/self/root/proc/thread-self/root/proc/self/root/proc/thread-self/root/proc/self/root/proc/self/cwd/vendor/intervention HTTP/2.0" 200 3059 "-" "Mozilla/5.0 AppleWebKit/537.36 (KHTML, like Gecko; compatible; GPTBot/1.2; +https://openai.com/gptbot)" 41 **0/41624**
66.249.73.129 - - [17/Sep/2025:05:31:15 -0700] "GET /products/21797957 HTTP/1.1" 200 6233 "-" "Mozilla/5.0 (Linux; Android 6.0.1; Nexus 5X Build/MMB29P) AppleWebKit/537.36 (KHTML, like Gecko) Chrome/140.0.7339.127 Mobile Safari/537.36 (compatible; Googlebot/2.1; +http://www.google.com/bot.html)" 52 **0/52486**
66.249.73.129 - - [17/Sep/2025:05:31:16 -0700] "GET /products/18202402 HTTP/1.1" 200 6233 "-" "Mozilla/5.0 (Linux; Android 6.0.1; Nexus 5X Build/MMB29P) AppleWebKit/537.36 (KHTML, like Gecko) Chrome/140.0.7339.127 Mobile Safari/537.36 (compatible; Googlebot/2.1; +http://www.google.com/bot.html)" 45 **0/45564**
20.171.207.148 - - [17/Sep/2025:05:31:16 -0700] "GET /admin-post.php?path=//proc/self/root/proc/thread-self/root/proc/thread-self/root/proc/thread-self/root/proc/thread-self/root/proc/self/root/proc/thread-self/root/proc/thread-self/root/proc/self/root/proc/thread-self/root/proc/self/root/proc/thread-self/root/proc/self/root/proc/self/cwd/vendor/composer HTTP/2.0" 200 3385 "-" "Mozilla/5.0 AppleWebKit/537.36 (KHTML, like Gecko; compatible; GPTBot/1.2; +https://openai.com/gptbot)" 57 **0/57103**
66.249.73.129 - - [17/Sep/2025:05:31:17 -0700] "GET /products/27198246 HTTP/1.1" 200 6233 "-" "Mozilla/5.0 (Linux; Android 6.0.1; Nexus 5X Build/MMB29P) AppleWebKit/537.36 (KHTML, like Gecko) Chrome/140.0.7339.127 Mobile Safari/537.36 (compatible; Googlebot/2.1; +http://www.google.com/bot.html)" 52 **0/52732**
20.171.207.148 - - [17/Sep/2025:05:31:17 -0700] "GET /admin-post.php?path=//proc/self/root/proc/thread-self/root/proc/thread-self/root/proc/thread-self/root/proc/thread-self/root/proc/self/root/proc/thread-self/root/proc/thread-self/root/proc/self/root/proc/thread-self/root/proc/self/root/proc/thread-self/root/proc/self/root/proc/thread-self/cwd/storage/framework/testing HTTP/2.0" 200 2902 "-" "Mozilla/5.0 AppleWebKit/537.36 (KHTML, like Gecko; compatible; GPTBot/1.2; +https://openai.com/gptbot)" 47 **0/47247**
57.141.2.67 - - [17/Sep/2025:05:31:18 -0700] "GET /products/23249135?viewfile=/home/o5t6x7pgljbm/public_html/artisan&path=/home/o5t6x7pgljbm/public_html HTTP/2.0" 200 11066 "-" "meta-externalagent/1.1 (+https://developers.facebook.com/docs/sharing/webmasters/crawler)" 52 **0/52425**
57.141.2.10 - - [17/Sep/2025:05:31:18 -0700] "GET /shopdetail/65276160035?path=/home/o5t6x7pgljbm/public_html/saiga HTTP/2.0" 200 10135 "-" "meta-externalagent/1.1 (+https://developers.facebook.com/docs/sharing/webmasters/crawler)" 71 **0/71440**
57.141.2.64 - - [17/Sep/2025:05:31:18 -0700] "GET /shopdetail/20817280517?viewfile=/home/o5t6x7pgljbm/public_html/wp-settings.php&path=/home/o5t6x7pgljbm/public_html HTTP/2.0" 200 42827 "-" "meta-externalagent/1.1 (+https://developers.facebook.com/docs/sharing/webmasters/crawler)" 49 **0/49313**
57.141.2.76 - - [17/Sep/2025:05:31:18 -0700] "GET /products/30709779?viewfile=/home/o5t6x7pgljbm/public_html/wp-settings.php&path=/home/o5t6x7pgljbm/public_html HTTP/2.0" 200 42827 "-" "meta-externalagent/1.1 (+https://developers.facebook.com/docs/sharing/webmasters/crawler)" 46 **0/46745**
66.249.73.129 - - [17/Sep/2025:05:31:19 -0700] "GET /products/25466302 HTTP/1.1" 200 6233 "-" "Mozilla/5.0 (Linux; Android 6.0.1; Nexus 5X Build/MMB29P) AppleWebKit/537.36 (KHTML, like Gecko) Chrome/140.0.7339.127 Mobile Safari/537.36 (compatible; Googlebot/2.1; +http://www.google.com/bot.html)" 66 **0/66305**
20.171.207.148 - - [17/Sep/2025:05:31:19 -0700] "GET /admin-post.php?path=//proc/self/root/proc/thread-self/root/proc/thread-self/root/proc/thread-self/root/proc/thread-self/root/proc/self/root/proc/thread-self/root/proc/thread-self/root/proc/self/root/proc/thread-self/root/proc/self/root/proc/thread-self/root/proc/self/root/proc/self/cwd/vendor/phar-io/version/src/exceptions HTTP/2.0" 200 3113 "-" "Mozilla/5.0 AppleWebKit/537.36 (KHTML, like Gecko; compatible; GPTBot/1.2; +https://openai.com/gptbot)" 78 **0/78520**
57.141.2.29 - - [17/Sep/2025:05:31:19 -0700] "GET /shopdetail/4015732886?viewfile=/home/o5t6x7pgljbm/public_html/googlef0e45ee3f3eb5c27.html&path=/home/o5t6x7pgljbm/public_html HTTP/2.0" 200 9441 "-" "meta-externalagent/1.1 (+https://developers.facebook.com/docs/sharing/webmasters/crawler)" 87 **0/87790**
57.141.2.82 - - [17/Sep/2025:05:31:20 -0700] "GET /shopdetail/64854321828?viewfile=/home/o5t6x7pgljbm/public_html/phpunit.xml&path=/home/o5t6x7pgljbm/public_html HTTP/2.0" 200 11007 "-" "meta-externalagent/1.1 (+https://developers.facebook.com/docs/sharing/webmasters/crawler)" 51 **0/51104**
20.171.207.148 - - [17/Sep/2025:05:31:20 -0700] "GET /admin-post.php?path=//proc/self/root/proc/thread-self/root/proc/thread-self/root/proc/thread-self/root/proc/thread-self/root/proc/self/root/proc/thread-self/root/proc/thread-self/root/proc/self/root/proc/thread-self/root/proc/self/root/proc/thread-self/root/proc/self/root/proc/thread-self/cwd/old/vendor/fruitcake HTTP/2.0" 200 2844 "-" "Mozilla/5.0 AppleWebKit/537.36 (KHTML, like Gecko; compatible; GPTBot/1.2; +https://openai.com/gptbot)" 60 **0/60092**
66.249.73.130 - - [17/Sep/2025:05:31:20 -0700] "GET /products/27928202 HTTP/1.1" 200 6233 "-" "Mozilla/5.0 (Linux; Android 6.0.1; Nexus 5X Build/MMB29P) AppleWebKit/537.36 (KHTML, like Gecko) Chrome/140.0.7339.127 Mobile Safari/537.36 (compatible; Googlebot/2.1; +http://www.google.com/bot.html)" 53 **0/53945**
57.141.2.84 - - [17/Sep/2025:05:31:21 -0700] "GET /products/7864180?viewfile=/home/o5t6x7pgljbm/public_html/admin20250324.zip&path=/home/o5t6x7pgljbm/public_html HTTP/2.0" 200 5512 "-" "meta-externalagent/1.1 (+https://developers.facebook.com/docs/sharing/webmasters/crawler)" 37 **0/37647**
20.171.207.148 - - [17/Sep/2025:05:31:21 -0700] "GET /admin-post.php?path=//proc/self/root/proc/thread-self/root/proc/thread-self/root/proc/thread-self/root/proc/thread-self/root/proc/self/root/proc/thread-self/root/proc/thread-self/root/proc/self/root/proc/thread-self/root/proc/self/root/proc/thread-self/root/proc/self/root/proc/thread-self/cwd/rewardsforeducation.com HTTP/2.0" 200 5193 "-" "Mozilla/5.0 AppleWebKit/537.36 (KHTML, like Gecko; compatible; GPTBot/1.2; +https://openai.com/gptbot)" 66 **0/66337**
66.249.73.129 - - [17/Sep/2025:05:31:21 -0700] "GET /products/25852391 HTTP/1.1" 200 6233 "-" "Mozilla/5.0 (Linux; Android 6.0.1; Nexus 5X Build/MMB29P) AppleWebKit/537.36 (KHTML, like Gecko) Chrome/140.0.7339.127 Mobile Safari/537.36 (compatible; Googlebot/2.1; +http://www.google.com/bot.html)" 51 **0/51419**
57.141.2.9 - - [17/Sep/2025:05:31:22 -0700] "GET /shopdetail/20817260947?viewfile=/home/o5t6x7pgljbm/public_html/dmd.txt&path=/home/o5t6x7pgljbm/public_html HTTP/2.0" 200 9329 "-" "meta-externalagent/1.1 (+https://developers.facebook.com/docs/sharing/webmasters/crawler)" 55 **0/55054**
20.171.207.148 - - [17/Sep/2025:05:31:22 -0700] "GET /admin-post.php?path=//proc/self/root/proc/thread-self/root/proc/thread-self/root/proc/thread-self/root/proc/thread-self/root/proc/self/root/proc/thread-self/root/proc/thread-self/root/proc/self/root/proc/thread-self/root/proc/self/root/proc/thread-self/root/proc/self/root/proc/thread-self/cwd/vendor/myclabs/deep-copy HTTP/2.0" 200 3179 "-" "Mozilla/5.0 AppleWebKit/537.36 (KHTML, like Gecko; compatible; GPTBot/1.2; +https://openai.com/gptbot)" 67 **0/67642**
66.249.73.129 - - [17/Sep/2025:05:31:23 -0700] "GET /products/21922880?viewfile=/home/o5t6x7pgljbm/public_html/phpunit.xml&path=/home/o5t6x7pgljbm/public_html HTTP/1.1" 200 2890 "-" "Mozilla/5.0 (Linux; Android 6.0.1; Nexus 5X Build/MMB29P) AppleWebKit/537.36 (KHTML, like Gecko) Chrome/140.0.7339.127 Mobile Safari/537.36 (compatible; GoogleOther)" 40 **0/40657**
57.141.2.5 - - [17/Sep/2025:05:31:23 -0700] "GET /shopdetail/64854168452?viewfile=/home/o5t6x7pgljbm/public_html/wp-settings.php&path=/home/o5t6x7pgljbm/public_html HTTP/2.0" 200 42827 "-" "meta-externalagent/1.1 (+https://developers.facebook.com/docs/sharing/webmasters/crawler)" 42 **0/42018**
20.171.207.148 - - [17/Sep/2025:05:31:23 -0700] "GET /admin-post.php?path=//proc/self/root/proc/thread-self/root/proc/thread-self/root/proc/thread-self/root/proc/thread-self/root/proc/self/root/proc/thread-self/root/proc/thread-self/root/proc/self/root/proc/thread-self/root/proc/self/root/proc/thread-self/root/proc/self/root/proc/thread-self/cwd/resources HTTP/2.0" 200 3079 "-" "Mozilla/5.0 AppleWebKit/537.36 (KHTML, like Gecko; compatible; GPTBot/1.2; +https://openai.com/gptbot)" 50 **0/50051**
66.249.73.129 - - [17/Sep/2025:05:31:23 -0700] "GET /products/21981179?viewfile=//lib/locale/en_SG.utf8/LC_NAME&path=//lib/locale/en_SG.utf8 HTTP/1.1" 200 2498 "-" "Mozilla/5.0 (Linux; Android 6.0.1; Nexus 5X Build/MMB29P) AppleWebKit/537.36 (KHTML, like Gecko) Chrome/140.0.7339.127 Mobile Safari/537.36 (compatible; GoogleOther)" 42 **0/42423**
57.141.2.67 - - [17/Sep/2025:05:31:23 -0700] "GET /shopdetail/90604105087 HTTP/2.0" 200 157335 "-" "meta-externalagent/1.1 (+https://developers.facebook.com/docs/sharing/webmasters/crawler)" 47 **0/47629**
66.249.73.129 - - [17/Sep/2025:05:31:24 -0700] "GET /products/19312091 HTTP/1.1" 200 6233 "-" "Mozilla/5.0 (Linux; Android 6.0.1; Nexus 5X Build/MMB29P) AppleWebKit/537.36 (KHTML, like Gecko) Chrome/140.0.7339.127 Mobile Safari/537.36 (compatible; Googlebot/2.1; +http://www.google.com/bot.html)" 43 **0/43955**
66.249.73.129 - - [17/Sep/2025:05:31:24 -0700] "GET /products/25156702 HTTP/1.1" 200 6233 "-" "Mozilla/5.0 (Linux; Android 6.0.1; Nexus 5X Build/MMB29P) AppleWebKit/537.36 (KHTML, like Gecko) Chrome/140.0.7339.127 Mobile Safari/537.36 (compatible; Googlebot/2.1; +http://www.google.com/bot.html)" 43 **0/43618**
20.171.207.148 - - [17/Sep/2025:05:31:24 -0700] "GET /admin-post.php?path=//proc/self/root/proc/thread-self/root/proc/thread-self/root/proc/thread-self/root/proc/thread-self/root/proc/self/root/proc/thread-self/root/proc/thread-self/root/proc/self/root/proc/thread-self/root/proc/self/root/proc/thread-self/root/proc/self/root/proc/self/cwd/old/vendor/phar-io/version/src/exceptions HTTP/2.0" 200 3127 "-" "Mozilla/5.0 AppleWebKit/537.36 (KHTML, like Gecko; compatible; GPTBot/1.2; +https://openai.com/gptbot)" 41 **0/41520**
66.249.73.129 - - [17/Sep/2025:05:31:25 -0700] "GET /products/25468835 HTTP/1.1" 200 6233 "-" "Mozilla/5.0 (Linux; Android 6.0.1; Nexus 5X Build/MMB29P) AppleWebKit/537.36 (KHTML, like Gecko) Chrome/140.0.7339.127 Mobile Safari/537.36 (compatible; Googlebot/2.1; +http://www.google.com/bot.html)" 50 **0/50042**
20.171.207.148 - - [17/Sep/2025:05:31:26 -0700] "GET /admin-post.php?path=//proc/self/root/proc/thread-self/root/proc/thread-self/root/proc/thread-self/root/proc/thread-self/root/proc/self/root/proc/thread-self/root/proc/thread-self/root/proc/self/root/proc/thread-self/root/proc/self/root/proc/thread-self/root/proc/self/root/proc/thread-self/cwd/old/vendor/spatie/backtrace HTTP/2.0" 200 3229 "-" "Mozilla/5.0 AppleWebKit/537.36 (KHTML, like Gecko; compatible; GPTBot/1.2; +https://openai.com/gptbot)" 72 **0/72589**
66.249.73.129 - - [17/Sep/2025:05:31:26 -0700] "GET /products/24380824 HTTP/1.1" 200 6233 "-" "Mozilla/5.0 (Linux; Android 6.0.1; Nexus 5X Build/MMB29P) AppleWebKit/537.36 (KHTML, like Gecko) Chrome/140.0.7339.127 Mobile Safari/537.36 (compatible; Googlebot/2.1; +http://www.google.com/bot.html)" 88 **0/88878**
20.171.207.148 - - [17/Sep/2025:05:31:27 -0700] "GET /admin-post.php?path=//proc/self/root/proc/thread-self/root/proc/thread-self/root/proc/thread-self/root/proc/thread-self/root/proc/self/root/proc/thread-self/root/proc/thread-self/root/proc/self/root/proc/thread-self/root/proc/self/root/proc/thread-self/root/proc/self/root/proc/thread-self/cwd/vendor/doctrine/instantiator HTTP/2.0" 200 3270 "-" "Mozilla/5.0 AppleWebKit/537.36 (KHTML, like Gecko; compatible; GPTBot/1.2; +https://openai.com/gptbot)" 53 **0/53376**
66.249.73.129 - - [17/Sep/2025:05:31:28 -0700] "GET /products/24274624 HTTP/1.1" 200 6233 "-" "Mozilla/5.0 (Linux; Android 6.0.1; Nexus 5X Build/MMB29P) AppleWebKit/537.36 (KHTML, like Gecko) Chrome/140.0.7339.127 Mobile Safari/537.36 (compatible; Googlebot/2.1; +http://www.google.com/bot.html)" 66 **0/66404**
20.171.207.148 - - [17/Sep/2025:05:31:28 -0700] "GET /admin-post.php?path=//proc/self/root/proc/thread-self/root/proc/thread-self/root/proc/thread-self/root/proc/thread-self/root/proc/self/root/proc/thread-self/root/proc/thread-self/root/proc/self/root/proc/thread-self/root/proc/self/root/proc/thread-self/root/proc/self/root/proc/thread-self/cwd/vendor/intervention HTTP/2.0" 200 3058 "-" "Mozilla/5.0 AppleWebKit/537.36 (KHTML, like Gecko; compatible; GPTBot/1.2; +https://openai.com/gptbot)" 47 **0/47502**
66.249.73.130 - - [17/Sep/2025:05:31:29 -0700] "GET /products/4081157 HTTP/1.1" 200 6233 "-" "Mozilla/5.0 (Linux; Android 6.0.1; Nexus 5X Build/MMB29P) AppleWebKit/537.36 (KHTML, like Gecko) Chrome/140.0.7339.127 Mobile Safari/537.36 (compatible; Googlebot/2.1; +http://www.google.com/bot.html)" 41 **0/41493**
20.171.207.148 - - [17/Sep/2025:05:31:29 -0700] "GET /admin-post.php?path=//proc/self/root/proc/thread-self/root/proc/thread-self/root/proc/thread-self/root/proc/thread-self/root/proc/self/root/proc/thread-self/root/proc/thread-self/root/proc/self/root/proc/thread-self/root/proc/self/root/proc/thread-self/root/proc/self/root/proc/thread-self/cwd/vendor/laravel HTTP/2.0" 200 3276 "-" "Mozilla/5.0 AppleWebKit/537.36 (KHTML, like Gecko; compatible; GPTBot/1.2; +https://openai.com/gptbot)" 46 **0/46594**
57.141.2.23 - - [17/Sep/2025:05:31:29 -0700] "GET /shopdetail/4015758073?path=/home/o5t6x7pgljbm/public_html/.tmb HTTP/2.0" 200 8618 "-" "meta-externalagent/1.1 (+https://developers.facebook.com/docs/sharing/webmasters/crawler)" 48 **0/48256**
57.141.2.33 - - [17/Sep/2025:05:31:29 -0700] "GET /shopdetail/65276135124?viewfile=/home/o5t6x7pgljbm/public_html/layout-styles.css&path=/home/o5t6x7pgljbm/public_html HTTP/2.0" 200 13740 "-" "meta-externalagent/1.1 (+https://developers.facebook.com/docs/sharing/webmasters/crawler)" 41 **0/41328**
20.171.207.148 - - [17/Sep/2025:05:31:30 -0700] "GET /admin-post.php?path=//proc/self/root/proc/thread-self/root/proc/thread-self/root/proc/thread-self/root/proc/thread-self/root/proc/self/root/proc/thread-self/root/proc/thread-self/root/proc/self/root/proc/thread-self/root/proc/self/root/proc/thread-self/root/proc/self/root/proc/self/cwd/vendor/monolog/monolog HTTP/2.0" 200 3197 "-" "Mozilla/5.0 AppleWebKit/537.36 (KHTML, like Gecko; compatible; GPTBot/1.2; +https://openai.com/gptbot)" 61 **0/61779**
20.171.207.148 - - [17/Sep/2025:05:31:31 -0700] "GET /admin-post.php?path=//proc/self/root/proc/thread-self/root/proc/thread-self/root/proc/thread-self/root/proc/thread-self/root/proc/self/root/proc/thread-self/root/proc/thread-self/root/proc/self/root/proc/thread-self/root/proc/self/root/proc/thread-self/root/proc/self/root/proc/self/cwd/vendor/laravel/sail/database HTTP/2.0" 200 2876 "-" "Mozilla/5.0 AppleWebKit/537.36 (KHTML, like Gecko; compatible; GPTBot/1.2; +https://openai.com/gptbot)" 49 **0/49046**
66.249.73.130 - - [17/Sep/2025:05:31:32 -0700] "GET /products/26638002?path=/home/o5t6x7pgljbm HTTP/1.1" 200 4052 "-" "Mozilla/5.0 (Linux; Android 6.0.1; Nexus 5X Build/MMB29P) AppleWebKit/537.36 (KHTML, like Gecko) Chrome/140.0.7339.127 Mobile Safari/537.36 (compatible; GoogleOther)" 42 **0/42483**
66.249.73.130 - - [17/Sep/2025:05:31:32 -0700] "GET /products/26538602 HTTP/1.1" 200 6233 "-" "Mozilla/5.0 (Linux; Android 6.0.1; Nexus 5X Build/MMB29P) AppleWebKit/537.36 (KHTML, like Gecko) Chrome/140.0.7339.127 Mobile Safari/537.36 (compatible; Googlebot/2.1; +http://www.google.com/bot.html)" 39 **0/39032**
20.171.207.148 - - [17/Sep/2025:05:31:33 -0700] "GET /admin-post.php?path=//proc/self/root/proc/thread-self/root/proc/thread-self/root/proc/thread-self/root/proc/thread-self/root/proc/self/root/proc/thread-self/root/proc/thread-self/root/proc/self/root/proc/thread-self/root/proc/self/root/proc/thread-self/root/proc/self/root/proc/self/cwd/vendor/phpoption HTTP/2.0" 200 3049 "-" "Mozilla/5.0 AppleWebKit/537.36 (KHTML, like Gecko; compatible; GPTBot/1.2; +https://openai.com/gptbot)" 48 **0/48451**
66.249.73.129 - - [17/Sep/2025:05:31:33 -0700] "GET /products/7489124 HTTP/1.1" 200 6233 "-" "Mozilla/5.0 (Linux; Android 6.0.1; Nexus 5X Build/MMB29P) AppleWebKit/537.36 (KHTML, like Gecko) Chrome/140.0.7339.127 Mobile Safari/537.36 (compatible; Googlebot/2.1; +http://www.google.com/bot.html)" 46 **0/46394**
57.141.2.67 - - [17/Sep/2025:05:31:33 -0700] "GET /shopdetail/65276151966?viewfile=/home/o5t6x7pgljbm/public_html/wp-includes/class-wp-oembed-controller.php&path=/home/o5t6x7pgljbm/public_html/wp-includes HTTP/2.0" 200 17700 "-" "meta-externalagent/1.1 (+https://developers.facebook.com/docs/sharing/webmasters/crawler)" 51 **0/51612**
57.141.2.55 - - [17/Sep/2025:05:31:33 -0700] "GET /shopdetail/91535152377?viewfile=/home/o5t6x7pgljbm/public_html/dollss.php&path=/home/o5t6x7pgljbm/public_html HTTP/2.0" 200 9522 "-" "meta-externalagent/1.1 (+https://developers.facebook.com/docs/sharing/webmasters/crawler)" 58 **0/58380**
20.171.207.148 - - [17/Sep/2025:05:31:34 -0700] "GET /admin-post.php?path=//proc/self/root/proc/thread-self/root/proc/thread-self/root/proc/thread-self/root/proc/thread-self/root/proc/self/root/proc/thread-self/root/proc/thread-self/root/proc/self/root/proc/thread-self/root/proc/self/root/proc/thread-self/root/proc/self/root/proc/thread-self/cwd/vendor/ramsey/collection HTTP/2.0" 200 3206 "-" "Mozilla/5.0 AppleWebKit/537.36 (KHTML, like Gecko; compatible; GPTBot/1.2; +https://openai.com/gptbot)" 55 **0/55558**
66.249.73.129 - - [17/Sep/2025:05:31:34 -0700] "GET /products/30348402 HTTP/1.1" 200 6233 "-" "Mozilla/5.0 (Linux; Android 6.0.1; Nexus 5X Build/MMB29P) AppleWebKit/537.36 (KHTML, like Gecko) Chrome/140.0.7339.127 Mobile Safari/537.36 (compatible; Googlebot/2.1; +http://www.google.com/bot.html)" 48 **0/48667**
66.249.73.130 - - [17/Sep/2025:05:31:34 -0700] "GET /products/2819980?path=/home/o5t6x7pgljbm/public_html/.git HTTP/1.1" 200 2975 "-" "Mozilla/5.0 (Linux; Android 6.0.1; Nexus 5X Build/MMB29P) AppleWebKit/537.36 (KHTML, like Gecko) Chrome/140.0.7339.127 Mobile Safari/537.36 (compatible; GoogleOther)" 44 **0/44146**
57.141.2.28 - - [17/Sep/2025:05:31:35 -0700] "GET /shopdetail/91535207508?viewfile=/home/o5t6x7pgljbm/public_html/wp-mail.php&path=/home/o5t6x7pgljbm/public_html HTTP/2.0" 200 19237 "-" "meta-externalagent/1.1 (+https://developers.facebook.com/docs/sharing/webmasters/crawler)" 42 **0/42077**
20.171.207.148 - - [17/Sep/2025:05:31:35 -0700] "GET /admin-post.php?path=//proc/self/root/proc/thread-self/root/proc/thread-self/root/proc/thread-self/root/proc/thread-self/root/proc/self/root/proc/thread-self/root/proc/thread-self/root/proc/self/root/proc/thread-self/root/proc/self/root/proc/thread-self/root/proc/self/root/proc/thread-self/cwd/vendor/myclabs/deep-copy/src HTTP/2.0" 200 2863 "-" "Mozilla/5.0 AppleWebKit/537.36 (KHTML, like Gecko; compatible; GPTBot/1.2; +https://openai.com/gptbot)" 48 **0/48491**
57.141.2.54 - - [17/Sep/2025:05:31:35 -0700] "GET /shopdetail/62563251834?path=/ HTTP/2.0" 200 27226 "-" "meta-externalagent/1.1 (+https://developers.facebook.com/docs/sharing/webmasters/crawler)" 80 **0/80459**
66.249.74.33 - - [17/Sep/2025:05:31:35 -0700] "GET /hikaru.php?shopdetail/2795693975 HTTP/1.1" 200 1 "-" "Mozilla/5.0 (Linux; Android 6.0.1; Nexus 5X Build/MMB29P) AppleWebKit/537.36 (KHTML, like Gecko) Chrome/140.0.7339.127 Mobile Safari/537.36 (compatible; Googlebot/2.1; +http://www.google.com/bot.html)" 18 **0/18379**
20.171.207.148 - - [17/Sep/2025:05:31:36 -0700] "GET /admin-post.php?path=//proc/self/root/proc/thread-self/root/proc/thread-self/root/proc/thread-self/root/proc/thread-self/root/proc/self/root/proc/thread-self/root/proc/thread-self/root/proc/self/root/proc/thread-self/root/proc/self/root/proc/thread-self/root/proc/self/root/proc/thread-self/cwd/resources/js HTTP/2.0" 200 2968 "-" "Mozilla/5.0 AppleWebKit/537.36 (KHTML, like Gecko; compatible; GPTBot/1.2; +https://openai.com/gptbot)" 51 **0/51172**
66.249.73.131 - - [17/Sep/2025:05:31:37 -0700] "GET /products/18264580 HTTP/1.1" 200 6233 "-" "Mozilla/5.0 (Linux; Android 6.0.1; Nexus 5X Build/MMB29P) AppleWebKit/537.36 (KHTML, like Gecko) Chrome/140.0.7339.127 Mobile Safari/537.36 (compatible; Googlebot/2.1; +http://www.google.com/bot.html)" 76 **0/76179**
57.141.2.18 - - [17/Sep/2025:05:31:37 -0700] "GET /shopdetail/9153546166?path=/home/o5t6x7pgljbm/public_html/rewardsforeducation.com/wp-admin HTTP/2.0" 200 175526 "-" "meta-externalagent/1.1 (+https://developers.facebook.com/docs/sharing/webmasters/crawler)" 91 **0/91654**
20.171.207.148 - - [17/Sep/2025:05:31:37 -0700] "GET /admin-post.php?path=//proc/self/root/proc/thread-self/root/proc/thread-self/root/proc/thread-self/root/proc/thread-self/root/proc/self/root/proc/thread-self/root/proc/thread-self/root/proc/self/root/proc/thread-self/root/proc/self/root/proc/thread-self/root/proc/self/root/proc/thread-self/cwd/old/vendor/symfony/console HTTP/2.0" 200 3842 "-" "Mozilla/5.0 AppleWebKit/537.36 (KHTML, like Gecko; compatible; GPTBot/1.2; +https://openai.com/gptbot)" 95 **0/95589**
57.141.2.32 - - [17/Sep/2025:05:31:36 -0700] "GET /shopdetail/28752194621?viewfile=/home/o5t6x7pgljbm/public_html/admin_20240205.zip&path=/home/o5t6x7pgljbm/public_html HTTP/2.0" 200 5512 "-" "meta-externalagent/1.1 (+https://developers.facebook.com/docs/sharing/webmasters/crawler)" 1440 **1/1440772**
20.171.207.148 - - [17/Sep/2025:05:31:38 -0700] "GET /admin-post.php?path=//proc/self/root/proc/thread-self/root/proc/thread-self/root/proc/thread-self/root/proc/thread-self/root/proc/self/root/proc/thread-self/root/proc/thread-self/root/proc/self/root/proc/thread-self/root/proc/self/root/proc/thread-self/root/proc/self/root/proc/thread-self/cwd/vendor/doctrine/instantiator/src HTTP/2.0" 200 2860 "-" "Mozilla/5.0 AppleWebKit/537.36 (KHTML, like Gecko; compatible; GPTBot/1.2; +https://openai.com/gptbot)" 37 **0/37962**
20.171.207.148 - - [17/Sep/2025:05:31:40 -0700] "GET /admin-post.php?path=//proc/self/root/proc/thread-self/root/proc/thread-self/root/proc/thread-self/root/proc/thread-self/root/proc/self/root/proc/thread-self/root/proc/thread-self/root/proc/self/root/proc/thread-self/root/proc/self/root/proc/thread-self/root/proc/self/root/proc/self/cwd/vendor/phpunit/phpunit HTTP/2.0" 200 3342 "-" "Mozilla/5.0 AppleWebKit/537.36 (KHTML, like Gecko; compatible; GPTBot/1.2; +https://openai.com/gptbot)" 61 **0/61922**
66.249.73.131 - - [17/Sep/2025:05:31:40 -0700] "GET /products/18214602 HTTP/1.1" 200 6233 "-" "Mozilla/5.0 (Linux; Android 6.0.1; Nexus 5X Build/MMB29P) AppleWebKit/537.36 (KHTML, like Gecko) Chrome/140.0.7339.127 Mobile Safari/537.36 (compatible; Googlebot/2.1; +http://www.google.com/bot.html)" 51 **0/51983**
20.171.207.148 - - [17/Sep/2025:05:31:41 -0700] "GET /admin-post.php?path=//proc/self/root/proc/thread-self/root/proc/thread-self/root/proc/thread-self/root/proc/thread-self/root/proc/self/root/proc/thread-self/root/proc/thread-self/root/proc/self/root/proc/thread-self/root/proc/self/root/proc/thread-self/root/proc/self/root/proc/self/cwd/vendor/spatie/backtrace/src HTTP/2.0" 200 3018 "-" "Mozilla/5.0 AppleWebKit/537.36 (KHTML, like Gecko; compatible; GPTBot/1.2; +https://openai.com/gptbot)" 56 **0/56201**
20.171.207.148 - - [17/Sep/2025:05:31:42 -0700] "GET /admin-post.php?path=//proc/self/root/proc/thread-self/root/proc/thread-self/root/proc/thread-self/root/proc/thread-self/root/proc/self/root/proc/thread-self/root/proc/thread-self/root/proc/self/root/proc/thread-self/root/proc/self/root/proc/thread-self/root/proc/self/root/proc/thread-self/cwd/vendor/laravel/ui HTTP/2.0" 200 3206 "-" "Mozilla/5.0 AppleWebKit/537.36 (KHTML, like Gecko; compatible; GPTBot/1.2; +https://openai.com/gptbot)" 54 **0/54057**
57.141.2.8 - - [17/Sep/2025:05:31:42 -0700] "GET /shopdetail/54171126257?viewfile=/home/o5t6x7pgljbm/public_html/tuitioncoin.org/deleteme.wpcf1d7fe430794ebb919258969d450add.php&path=/home/o5t6x7pgljbm/public_html/tuitioncoin.org HTTP/2.0" 200 39514 "-" "meta-externalagent/1.1 (+https://developers.facebook.com/docs/sharing/webmasters/crawler)" 46 **0/46078**
20.171.207.148 - - [17/Sep/2025:05:31:43 -0700] "GET /admin-post.php?path=//proc/self/root/proc/thread-self/root/proc/thread-self/root/proc/thread-self/root/proc/thread-self/root/proc/self/root/proc/thread-self/root/proc/thread-self/root/proc/self/root/proc/thread-self/root/proc/self/root/proc/thread-self/root/proc/self/root/proc/thread-self/cwd/storage/framework/views HTTP/2.0" 200 3938 "-" "Mozilla/5.0 AppleWebKit/537.36 (KHTML, like Gecko; compatible; GPTBot/1.2; +https://openai.com/gptbot)" 57 **0/57213**
66.249.74.33 - - [17/Sep/2025:05:31:43 -0700] "GET /hikaru.php?shopdetail/2041451205 HTTP/1.1" 200 1 "-" "Mozilla/5.0 (Linux; Android 6.0.1; Nexus 5X Build/MMB29P) AppleWebKit/537.36 (KHTML, like Gecko) Chrome/140.0.7339.127 Mobile Safari/537.36 (compatible; Googlebot/2.1; +http://www.google.com/bot.html)" 17 **0/17450**
57.141.2.29 - - [17/Sep/2025:05:31:44 -0700] "GET /shopdetail/69492106105?viewfile=/home/o5t6x7pgljbm/public_html/wp-blog-header.php&path=/home/o5t6x7pgljbm/public_html HTTP/2.0" 200 9735 "-" "meta-externalagent/1.1 (+https://developers.facebook.com/docs/sharing/webmasters/crawler)" 50 **0/50024**
20.171.207.148 - - [17/Sep/2025:05:31:44 -0700] "GET /admin-post.php?path=//proc/self/root/proc/thread-self/root/proc/thread-self/root/proc/thread-self/root/proc/thread-self/root/proc/self/root/proc/thread-self/root/proc/thread-self/root/proc/self/root/proc/thread-self/root/proc/self/root/proc/thread-self/root/proc/self/root/proc/thread-self/cwd/vendor/laravel/sanctum HTTP/2.0" 200 3213 "-" "Mozilla/5.0 AppleWebKit/537.36 (KHTML, like Gecko; compatible; GPTBot/1.2; +https://openai.com/gptbot)" 91 **0/91375**
66.249.73.130 - - [17/Sep/2025:05:31:44 -0700] "GET /products/16627380 HTTP/1.1" 200 6233 "-" "Mozilla/5.0 (Linux; Android 6.0.1; Nexus 5X Build/MMB29P) AppleWebKit/537.36 (KHTML, like Gecko) Chrome/140.0.7339.127 Mobile Safari/537.36 (compatible; Googlebot/2.1; +http://www.google.com/bot.html)" 65 **0/65277**
